81.67.248.128 - - [07/Apr/2009:15:14:33 +0200] "GET /unreleases/brouillons/erruer%20live%20test/erruer-live_test.mp3 HTTP/1.1" 200 18353488 "http://www.facebook.com/l.php?u=http://unrelease.autiste.org%2Funreleases%2Fbrouillons%2Ferruer%2520live%2520test%2Ferruer-live_test.mp3" "Mozilla/5.0 (Macintosh; U; Intel Mac OS X 10.5; fr; rv:1.9.0.8) Gecko/2009032608 Firefox/3.0.8"
81.67.248.128 - - [07/Apr/2009:15:14:41 +0200] "GET /favicon.ico HTTP/1.1" 404 209 "-" "Mozilla/5.0 (Macintosh; U; Intel Mac OS X 10.5; fr; rv:1.9.0.8) Gecko/2009032608 Firefox/3.0.8"
81.67.248.128 - - [07/Apr/2009:15:14:44 +0200] "GET /favicon.ico HTTP/1.1" 404 209 "-" "Mozilla/5.0 (Macintosh; U; Intel Mac OS X 10.5; fr; rv:1.9.0.8) Gecko/2009032608 Firefox/3.0.8"
64.17.2.164 - - [07/Apr/2009:15:24:41 +0200] "GET /index.php?herenow=unreleases/U04-IDIOT%20DIRTY%20MAN%20-%20INUTILE%20BEAT%20MUSIC HTTP/1.1" 200 4323 "-" "MLBot (www.metadatalabs.com/mlbot)"
217.128.223.115 - - [07/Apr/2009:16:00:39 +0200] "GET /unreleases/U03-MANUCHAOS%20-%20THE%20FLOOD/cover.jpg HTTP/1.1" 200 737117 "http://www.cannibalcaniche.com/forum/viewtopic.php?t=10956" "Mozilla/5.0 (Windows; U; Windows NT 5.1; fr; rv:1.9.0.8) Gecko/2009032609 Firefox/3.0.8"
217.128.223.115 - - [07/Apr/2009:16:00:43 +0200] "GET /index.php?herenow=unreleases/U03-MANUCHAOS%20-%20THE%20FLOOD HTTP/1.1" 200 4884 "http://www.cannibalcaniche.com/forum/viewtopic.php?t=10956" "Mozilla/5.0 (Windows; U; Windows NT 5.1; fr; rv:1.9.0.8) Gecko/2009032609 Firefox/3.0.8"
217.128.223.115 - - [07/Apr/2009:16:00:43 +0200] "GET /favicon.ico HTTP/1.1" 404 209 "-" "Mozilla/5.0 (Windows; U; Windows NT 5.1; fr; rv:1.9.0.8) Gecko/2009032609 Firefox/3.0.8"
217.128.223.115 - - [07/Apr/2009:16:00:46 +0200] "GET /favicon.ico HTTP/1.1" 404 209 "-" "Mozilla/5.0 (Windows; U; Windows NT 5.1; fr; rv:1.9.0.8) Gecko/2009032609 Firefox/3.0.8"
217.128.223.115 - - [07/Apr/2009:16:00:47 +0200] "GET / HTTP/1.1" 200 3748 "http://unrelease.autiste.org/index.php?herenow=unreleases/U03-MANUCHAOS%20-%20THE%20FLOOD" "Mozilla/5.0 (Windows; U; Windows NT 5.1; fr; rv:1.9.0.8) Gecko/2009032609 Firefox/3.0.8"
217.128.223.115 - - [07/Apr/2009:16:00:51 +0200] "GET /index.php?herenow=unreleases/brouillons HTTP/1.1" 200 2772 "http://unrelease.autiste.org/" "Mozilla/5.0 (Windows; U; Windows NT 5.1; fr; rv:1.9.0.8) Gecko/2009032609 Firefox/3.0.8"
217.128.223.115 - - [07/Apr/2009:16:00:51 +0200] "GET /unreleases/brouillons/cover.jpg HTTP/1.1" 200 18696 "http://unrelease.autiste.org/index.php?herenow=unreleases/brouillons" "Mozilla/5.0 (Windows; U; Windows NT 5.1; fr; rv:1.9.0.8) Gecko/2009032609 Firefox/3.0.8"
217.128.223.115 - - [07/Apr/2009:16:00:56 +0200] "GET /index.php?herenow=unreleases/U04-IDIOT%20DIRTY%20MAN%20-%20INUTILE%20BEAT%20MUSIC HTTP/1.1" 200 4322 "http://unrelease.autiste.org/" "Mozilla/5.0 (Windows; U; Windows NT 5.1; fr; rv:1.9.0.8) Gecko/2009032609 Firefox/3.0.8"
217.128.223.115 - - [07/Apr/2009:16:00:56 +0200] "GET /unreleases/U04-IDIOT%20DIRTY%20MAN%20-%20INUTILE%20BEAT%20MUSIC/cover.jpg HTTP/1.1" 200 88106 "http://unrelease.autiste.org/index.php?herenow=unreleases/U04-IDIOT%20DIRTY%20MAN%20-%20INUTILE%20BEAT%20MUSIC" "Mozilla/5.0 (Windows; U; Windows NT 5.1; fr; rv:1.9.0.8) Gecko/2009032609 Firefox/3.0.8"
71.41.201.38 - - [07/Apr/2009:16:09:56 +0200] "GET /robots.txt HTTP/1.1" 404 208 "-" "MLBot (www.metadatalabs.com/mlbot)"
71.41.201.38 - - [07/Apr/2009:16:09:57 +0200] "GET /unreleases/U01-ANIMOMOR/makettes/ HTTP/1.1" 200 1121 "-" "MLBot (www.metadatalabs.com/mlbot)"
71.41.201.38 - - [07/Apr/2009:16:12:30 +0200] "HEAD /unreleases/U01-ANIMOMOR/makettes/?url=http://www.funnytv.us/Yuridia-Billboard--Telemundo-47-NY__8FAnGXqw-Yc.html HTTP/1.1" 200 - "-" "MLBot (www.metadatalabs.com/mlbot)"
71.41.201.38 - - [07/Apr/2009:16:12:30 +0200] "GET /unreleases/U01-ANIMOMOR/makettes/?url=http://www.funnytv.us/Yuridia-Billboard--Telemundo-47-NY__8FAnGXqw-Yc.html HTTP/1.1" 200 1121 "-" "MLBot (www.metadatalabs.com/mlbot)"
208.80.195.34 - - [07/Apr/2009:16:58:02 +0200] "GET / HTTP/1.0" 200 3747 "-" "Mozilla/4.0 (compatible; MSIE 7.0; Windows NT 5.1; Avant Browser; Avant Browser; .NET CLR 1.1.4322; .NET CLR 2.0.50727; InfoPath.2; ImageShack Toolbar 3.0.8)"
217.128.223.115 - - [07/Apr/2009:17:13:41 +0200] "GET / HTTP/1.1" 200 3747 "-" "Mozilla/5.0 (Windows; U; Windows NT 5.1; fr; rv:1.9.0.8) Gecko/2009032609 Firefox/3.0.8 (.NET CLR 3.5.30729)"
217.128.223.115 - - [07/Apr/2009:17:13:41 +0200] "GET /favicon.ico HTTP/1.1" 404 209 "-" "Mozilla/5.0 (Windows; U; Windows NT 5.1; fr; rv:1.9.0.8) Gecko/2009032609 Firefox/3.0.8 (.NET CLR 3.5.30729)"
217.128.223.115 - - [07/Apr/2009:17:13:42 +0200] "GET /index.php?herenow=unreleases/U04-IDIOT%20DIRTY%20MAN%20-%20INUTILE%20BEAT%20MUSIC HTTP/1.1" 200 4323 "http://unrelease.autiste.org/" "Mozilla/5.0 (Windows; U; Windows NT 5.1; fr; rv:1.9.0.8) Gecko/2009032609 Firefox/3.0.8 (.NET CLR 3.5.30729)"
217.128.223.115 - - [07/Apr/2009:17:13:42 +0200] "GET /unreleases/U04-IDIOT%20DIRTY%20MAN%20-%20INUTILE%20BEAT%20MUSIC/cover.jpg HTTP/1.1" 200 831989 "http://unrelease.autiste.org/index.php?herenow=unreleases/U04-IDIOT%20DIRTY%20MAN%20-%20INUTILE%20BEAT%20MUSIC" "Mozilla/5.0 (Windows; U; Windows NT 5.1; fr; rv:1.9.0.8) Gecko/2009032609 Firefox/3.0.8 (.NET CLR 3.5.30729)"
217.128.223.115 - - [07/Apr/2009:17:14:19 +0200] "GET /index.php?herenow=unreleases/U04-IDIOT%20DIRTY%20MAN%20-%20INUTILE%20BEAT%20MUSIC HTTP/1.1" 200 4324 "http://unrelease.autiste.org/" "Mozilla/5.0 (Windows; U; Windows NT 5.1; fr; rv:1.9.0.8) Gecko/2009032609 Firefox/3.0.8 (.NET CLR 3.5.30729)"
217.128.223.115 - - [07/Apr/2009:17:14:20 +0200] "GET /unreleases/U04-IDIOT%20DIRTY%20MAN%20-%20INUTILE%20BEAT%20MUSIC/cover.jpg HTTP/1.1" 200 259040 "http://unrelease.autiste.org/index.php?herenow=unreleases/U04-IDIOT%20DIRTY%20MAN%20-%20INUTILE%20BEAT%20MUSIC" "Mozilla/5.0 (Windows; U; Windows NT 5.1; fr; rv:1.9.0.8) Gecko/2009032609 Firefox/3.0.8 (.NET CLR 3.5.30729)"
217.128.223.115 - - [07/Apr/2009:17:14:21 +0200] "GET /index.php?herenow=unreleases/U04-IDIOT%20DIRTY%20MAN%20-%20INUTILE%20BEAT%20MUSIC HTTP/1.1" 200 4322 "http://unrelease.autiste.org/" "Mozilla/5.0 (Windows; U; Windows NT 5.1; fr; rv:1.9.0.8) Gecko/2009032609 Firefox/3.0.8 (.NET CLR 3.5.30729)"
217.128.223.115 - - [07/Apr/2009:17:14:21 +0200] "GET /unreleases/U04-IDIOT%20DIRTY%20MAN%20-%20INUTILE%20BEAT%20MUSIC/cover.jpg HTTP/1.1" 206 96118 "http://unrelease.autiste.org/index.php?herenow=unreleases/U04-IDIOT%20DIRTY%20MAN%20-%20INUTILE%20BEAT%20MUSIC" "Mozilla/5.0 (Windows; U; Windows NT 5.1; fr; rv:1.9.0.8) Gecko/2009032609 Firefox/3.0.8 (.NET CLR 3.5.30729)"
217.128.223.115 - - [07/Apr/2009:17:14:44 +0200] "GET / HTTP/1.1" 200 3747 "-" "Mozilla/5.0 (Windows; U; Windows NT 5.1; fr; rv:1.9.0.8) Gecko/2009032609 Firefox/3.0.8 (.NET CLR 3.5.30729)"
217.128.223.115 - - [07/Apr/2009:17:14:46 +0200] "GET /index.php?herenow=unreleases/U04-IDIOT%20DIRTY%20MAN%20-%20INUTILE%20BEAT%20MUSIC HTTP/1.1" 200 4323 "http://unrelease.autiste.org/" "Mozilla/5.0 (Windows; U; Windows NT 5.1; fr; rv:1.9.0.8) Gecko/2009032609 Firefox/3.0.8 (.NET CLR 3.5.30729)"
217.128.223.115 - - [07/Apr/2009:17:14:47 +0200] "GET /unreleases/U04-IDIOT%20DIRTY%20MAN%20-%20INUTILE%20BEAT%20MUSIC/cover.jpg HTTP/1.1" 304 - "http://unrelease.autiste.org/index.php?herenow=unreleases/U04-IDIOT%20DIRTY%20MAN%20-%20INUTILE%20BEAT%20MUSIC" "Mozilla/5.0 (Windows; U; Windows NT 5.1; fr; rv:1.9.0.8) Gecko/2009032609 Firefox/3.0.8 (.NET CLR 3.5.30729)"
217.128.223.115 - - [07/Apr/2009:17:15:19 +0200] "GET /unreleases/U03-MANUCHAOS%20-%20THE%20FLOOD/cover.jpg HTTP/1.1" 200 737117 "http://www.cannibalcaniche.com/forum/viewtopic.php?t=10956" "Mozilla/5.0 (Windows; U; Windows NT 5.1; fr; rv:1.9.0.8) Gecko/2009032609 Firefox/3.0.8 (.NET CLR 3.5.30729)"
217.128.223.115 - - [07/Apr/2009:17:22:35 +0200] "GET /unreleases/U04-IDIOT%20DIRTY%20MAN%20-%20INUTILE%20BEAT%20MUSIC/IBMBACKCOVERweb.jpg HTTP/1.1" 200 44140 "http://unrelease.autiste.org/index.php?herenow=unreleases/U04-IDIOT%20DIRTY%20MAN%20-%20INUTILE%20BEAT%20MUSIC" "Mozilla/5.0 (Windows; U; Windows NT 5.1; fr; rv:1.9.0.8) Gecko/2009032609 Firefox/3.0.8 (.NET CLR 3.5.30729)"
217.128.223.115 - - [07/Apr/2009:17:24:00 +0200] "GET / HTTP/1.1" 200 3748 "-" "Mozilla/5.0 (Windows; U; Windows NT 5.1; fr; rv:1.9.0.8) Gecko/2009032609 Firefox/3.0.8 (.NET CLR 3.5.30729)"
217.128.223.115 - - [07/Apr/2009:17:24:02 +0200] "GET /index.php?herenow=unreleases/U04-IDIOT%20DIRTY%20MAN%20-%20INUTILE%20BEAT%20MUSIC HTTP/1.1" 200 4358 "http://unrelease.autiste.org/" "Mozilla/5.0 (Windows; U; Windows NT 5.1; fr; rv:1.9.0.8) Gecko/2009032609 Firefox/3.0.8 (.NET CLR 3.5.30729)"
217.128.223.115 - - [07/Apr/2009:17:24:02 +0200] "GET /unreleases/U04-IDIOT%20DIRTY%20MAN%20-%20INUTILE%20BEAT%20MUSIC/cover.jpg HTTP/1.1" 304 - "http://unrelease.autiste.org/index.php?herenow=unreleases/U04-IDIOT%20DIRTY%20MAN%20-%20INUTILE%20BEAT%20MUSIC" "Mozilla/5.0 (Windows; U; Windows NT 5.1; fr; rv:1.9.0.8) Gecko/2009032609 Firefox/3.0.8 (.NET CLR 3.5.30729)"
217.128.223.115 - - [07/Apr/2009:17:25:21 +0200] "GET /unreleases/U04-IDIOT%20DIRTY%20MAN%20-%20INUTILE%20BEAT%20MUSIC/cover.jpg HTTP/1.1" 304 - "http://www.cannibalcaniche.com/forum/posting.php" "Mozilla/5.0 (Windows; U; Windows NT 5.1; fr; rv:1.9.0.8) Gecko/2009032609 Firefox/3.0.8 (.NET CLR 3.5.30729)"
217.128.223.115 - - [07/Apr/2009:17:26:17 +0200] "GET /index.php?herenow=unreleases/U04-IDIOT%20DIRTY%20MAN%20-%20INUTILE%20BEAT%20MUSIC HTTP/1.1" 200 4360 "http://www.cannibalcaniche.com/forum/viewtopic.php?p=153929" "Mozilla/5.0 (Windows; U; Windows NT 5.1; fr; rv:1.9.0.8) Gecko/2009032609 Firefox/3.0.8 (.NET CLR 3.5.30729)"
217.128.223.115 - - [07/Apr/2009:17:26:20 +0200] "GET / HTTP/1.1" 200 3747 "http://unrelease.autiste.org/index.php?herenow=unreleases/U04-IDIOT%20DIRTY%20MAN%20-%20INUTILE%20BEAT%20MUSIC" "Mozilla/5.0 (Windows; U; Windows NT 5.1; fr; rv:1.9.0.8) Gecko/2009032609 Firefox/3.0.8 (.NET CLR 3.5.30729)"
217.128.223.115 - - [07/Apr/2009:17:26:56 +0200] "GET /unreleases/U04-IDIOT%20DIRTY%20MAN%20-%20INUTILE%20BEAT%20MUSIC/cover.jpg HTTP/1.1" 304 - "http://www.cannibalcaniche.com/forum/viewtopic.php?t=11371" "Mozilla/5.0 (Windows; U; Windows NT 5.1; fr; rv:1.9.0.8) Gecko/2009032609 Firefox/3.0.8 (.NET CLR 3.5.30729)"
217.128.223.115 - - [07/Apr/2009:17:29:59 +0200] "GET /unreleases/U04-IDIOT%20DIRTY%20MAN%20-%20INUTILE%20BEAT%20MUSIC/cover.jpg HTTP/1.1" 200 259040 "http://cannibalcaniche.com/forum/viewtopic.php?t=11371" "Mozilla/5.0 (Windows; U; Windows NT 5.1; fr; rv:1.9.0.8) Gecko/2009032609 Firefox/3.0.8"
66.249.70.54 - - [07/Apr/2009:17:33:43 +0200] "GET /robots.txt HTTP/1.1" 404 208 "-" "Mozilla/5.0 (compatible; Googlebot/2.1; +http://www.google.com/bot.html)"
66.249.70.54 - - [07/Apr/2009:17:33:43 +0200] "GET /index.php?herenow=unreleases/brouillons HTTP/1.1" 200 2768 "-" "Mozilla/5.0 (compatible; Googlebot/2.1; +http://www.google.com/bot.html)"
83.76.94.123 - - [07/Apr/2009:17:40:16 +0200] "GET /unreleases/U04-IDIOT%20DIRTY%20MAN%20-%20INUTILE%20BEAT%20MUSIC/cover.jpg HTTP/1.1" 200 259040 "http://www.cannibalcaniche.com/forum/viewtopic.php?t=11371&highlight=" "Mozilla/5.0 (Windows; U; Windows NT 5.1; fr; rv:1.9.0.8) Gecko/2009032609 Firefox/3.0.8"
83.76.94.123 - - [07/Apr/2009:17:40:37 +0200] "GET /index.php?herenow=unreleases/U04-IDIOT%20DIRTY%20MAN%20-%20INUTILE%20BEAT%20MUSIC HTTP/1.1" 200 4358 "http://www.cannibalcaniche.com/forum/viewtopic.php?t=11371&highlight=" "Mozilla/5.0 (Windows; U; Windows NT 5.1; fr; rv:1.9.0.8) Gecko/2009032609 Firefox/3.0.8"
83.76.94.123 - - [07/Apr/2009:17:40:37 +0200] "GET /unreleases/U04-IDIOT%20DIRTY%20MAN%20-%20INUTILE%20BEAT%20MUSIC/cover.jpg HTTP/1.1" 304 - "http://unrelease.autiste.org/index.php?herenow=unreleases/U04-IDIOT%20DIRTY%20MAN%20-%20INUTILE%20BEAT%20MUSIC" "Mozilla/5.0 (Windows; U; Windows NT 5.1; fr; rv:1.9.0.8) Gecko/2009032609 Firefox/3.0.8"
83.76.94.123 - - [07/Apr/2009:17:40:37 +0200] "GET /favicon.ico HTTP/1.1" 404 209 "-" "Mozilla/5.0 (Windows; U; Windows NT 5.1; fr; rv:1.9.0.8) Gecko/2009032609 Firefox/3.0.8"
83.76.94.123 - - [07/Apr/2009:17:46:20 +0200] "GET / HTTP/1.1" 200 3749 "-" "Mozilla/5.0 (Windows; U; Windows NT 5.1; fr; rv:1.9.0.8) Gecko/2009032609 Firefox/3.0.8"
83.76.94.123 - - [07/Apr/2009:17:46:30 +0200] "GET /index.php?herenow=unreleases/U02-ERRUER-USED_TO_FAIL HTTP/1.1" 200 3366 "http://unrelease.autiste.org/" "Mozilla/5.0 (Windows; U; Windows NT 5.1; fr; rv:1.9.0.8) Gecko/2009032609 Firefox/3.0.8"
83.76.94.123 - - [07/Apr/2009:17:46:38 +0200] "GET /index.php?herenow=unreleases/U00-5TFU-top5-2008 HTTP/1.1" 200 2221 "http://unrelease.autiste.org/" "Mozilla/5.0 (Windows; U; Windows NT 5.1; fr; rv:1.9.0.8) Gecko/2009032609 Firefox/3.0.8"
83.76.94.123 - - [07/Apr/2009:17:46:43 +0200] "GET /index.php?herenow=unreleases/U01-ANIMOMOR HTTP/1.1" 200 2254 "http://unrelease.autiste.org/" "Mozilla/5.0 (Windows; U; Windows NT 5.1; fr; rv:1.9.0.8) Gecko/2009032609 Firefox/3.0.8"
83.76.94.123 - - [07/Apr/2009:17:46:48 +0200] "GET /index.php?herenow=unreleases/brouillons HTTP/1.1" 200 2773 "http://unrelease.autiste.org/" "Mozilla/5.0 (Windows; U; Windows NT 5.1; fr; rv:1.9.0.8) Gecko/2009032609 Firefox/3.0.8"
83.76.94.123 - - [07/Apr/2009:17:46:48 +0200] "GET /unreleases/brouillons/cover.jpg HTTP/1.1" 200 18696 "http://unrelease.autiste.org/index.php?herenow=unreleases/brouillons" "Mozilla/5.0 (Windows; U; Windows NT 5.1; fr; rv:1.9.0.8) Gecko/2009032609 Firefox/3.0.8"
83.76.94.123 - - [07/Apr/2009:17:47:01 +0200] "GET /index.php?herenow=unreleases/brouillons/LE%20MATIN%20DIARY HTTP/1.1" 200 2942 "http://unrelease.autiste.org/index.php?herenow=unreleases/brouillons" "Mozilla/5.0 (Windows; U; Windows NT 5.1; fr; rv:1.9.0.8) Gecko/2009032609 Firefox/3.0.8"
83.76.94.123 - - [07/Apr/2009:17:47:05 +0200] "GET /index.php?herenow=unreleases/brouillons/HARRY%20ONE%20-%20anime%20by%20charles%20saucisse HTTP/1.1" 200 2230 "http://unrelease.autiste.org/index.php?herenow=unreleases/brouillons" "Mozilla/5.0 (Windows; U; Windows NT 5.1; fr; rv:1.9.0.8) Gecko/2009032609 Firefox/3.0.8"
83.76.94.123 - - [07/Apr/2009:17:47:08 +0200] "GET /unreleases/brouillons/HARRY%20ONE%20-%20anime%20by%20charles%20saucisse/episode1.html HTTP/1.1" 200 1949 "http://unrelease.autiste.org/index.php?herenow=unreleases/brouillons/HARRY%20ONE%20-%20anime%20by%20charles%20saucisse" "Mozilla/5.0 (Windows; U; Windows NT 5.1; fr; rv:1.9.0.8) Gecko/2009032609 Firefox/3.0.8"
83.76.94.123 - - [07/Apr/2009:17:47:08 +0200] "GET /mediaplayer/flowplayer-3.0.6.min.js HTTP/1.1" 200 19704 "http://unrelease.autiste.org/unreleases/brouillons/HARRY%20ONE%20-%20anime%20by%20charles%20saucisse/episode1.html" "Mozilla/5.0 (Windows; U; Windows NT 5.1; fr; rv:1.9.0.8) Gecko/2009032609 Firefox/3.0.8"
83.76.94.123 - - [07/Apr/2009:17:47:09 +0200] "GET /unreleases/brouillons/HARRY%20ONE%20-%20anime%20by%20charles%20saucisse/style.css HTTP/1.1" 404 267 "http://unrelease.autiste.org/unreleases/brouillons/HARRY%20ONE%20-%20anime%20by%20charles%20saucisse/episode1.html" "Mozilla/5.0 (Windows; U; Windows NT 5.1; fr; rv:1.9.0.8) Gecko/2009032609 Firefox/3.0.8"
83.76.94.123 - - [07/Apr/2009:17:47:09 +0200] "GET /mediaplayer/flowplayer-3.0.7.swf HTTP/1.1" 200 92866 "http://unrelease.autiste.org/unreleases/brouillons/HARRY%20ONE%20-%20anime%20by%20charles%20saucisse/episode1.html" "Mozilla/5.0 (Windows; U; Windows NT 5.1; fr; rv:1.9.0.8) Gecko/2009032609 Firefox/3.0.8"
83.76.94.123 - - [07/Apr/2009:17:47:09 +0200] "GET /mediaplayer/flowplayer.controls-3.0.4.swf HTTP/1.1" 200 16013 "-" "Mozilla/5.0 (Windows; U; Windows NT 5.1; fr; rv:1.9.0.8) Gecko/2009032609 Firefox/3.0.8"
83.76.94.123 - - [07/Apr/2009:17:46:07 +0200] "GET /unreleases/U04-IDIOT%20DIRTY%20MAN%20-%20INUTILE%20BEAT%20MUSIC/Idiot%20Dirty%20Man%20-%20Inutile%20Beat%20Music-%20COMPLETE%20ARCHIVE.zip HTTP/1.1" 200 31317717 "http://unrelease.autiste.org/index.php?herenow=unreleases/U04-IDIOT%20DIRTY%20MAN%20-%20INUTILE%20BEAT%20MUSIC" "Mozilla/5.0 (Windows; U; Windows NT 5.1; fr; rv:1.9.0.8) Gecko/2009032609 Firefox/3.0.8"
217.128.223.115 - - [07/Apr/2009:17:47:57 +0200] "GET / HTTP/1.1" 200 3748 "http://unrelease.autiste.org/index.php?herenow=unreleases/U04-IDIOT%20DIRTY%20MAN%20-%20INUTILE%20BEAT%20MUSIC" "Mozilla/5.0 (Windows; U; Windows NT 5.1; fr; rv:1.9.0.8) Gecko/2009032609 Firefox/3.0.8"
217.128.223.115 - - [07/Apr/2009:17:48:01 +0200] "GET /index.php?herenow=unreleases/U04-IDIOT%20DIRTY%20MAN%20-%20INUTILE%20BEAT%20MUSIC HTTP/1.1" 200 4358 "http://unrelease.autiste.org/" "Mozilla/5.0 (Windows; U; Windows NT 5.1; fr; rv:1.9.0.8) Gecko/2009032609 Firefox/3.0.8"
217.128.223.115 - - [07/Apr/2009:17:48:01 +0200] "GET /unreleases/U04-IDIOT%20DIRTY%20MAN%20-%20INUTILE%20BEAT%20MUSIC/cover.jpg HTTP/1.1" 304 - "http://unrelease.autiste.org/index.php?herenow=unreleases/U04-IDIOT%20DIRTY%20MAN%20-%20INUTILE%20BEAT%20MUSIC" "Mozilla/5.0 (Windows; U; Windows NT 5.1; fr; rv:1.9.0.8) Gecko/2009032609 Firefox/3.0.8"
83.76.94.123 - - [07/Apr/2009:17:47:10 +0200] "GET /unreleases/brouillons/HARRY%20ONE%20-%20anime%20by%20charles%20saucisse/harryoneok.flv HTTP/1.1" 200 22660951 "-" "Mozilla/5.0 (Windows; U; Windows NT 5.1; fr; rv:1.9.0.8) Gecko/2009032609 Firefox/3.0.8"
217.128.223.115 - - [07/Apr/2009:17:48:33 +0200] "GET /unreleases/U04-IDIOT%20DIRTY%20MAN%20-%20INUTILE%20BEAT%20MUSIC/cover.jpg HTTP/1.1" 304 - "http://www.cannibalcaniche.com/forum/viewtopic.php?t=11371" "Mozilla/5.0 (Windows; U; Windows NT 5.1; fr; rv:1.9.0.8) Gecko/2009032609 Firefox/3.0.8 (.NET CLR 3.5.30729)"
217.128.223.115 - - [07/Apr/2009:17:48:35 +0200] "GET /unreleases/U04-IDIOT%20DIRTY%20MAN%20-%20INUTILE%20BEAT%20MUSIC/cover.jpg HTTP/1.1" 304 - "http://www.cannibalcaniche.com/forum/viewtopic.php?t=11371" "Mozilla/5.0 (Windows; U; Windows NT 5.1; fr; rv:1.9.0.8) Gecko/2009032609 Firefox/3.0.8 (.NET CLR 3.5.30729)"
217.128.223.115 - - [07/Apr/2009:17:48:36 +0200] "GET /unreleases/U04-IDIOT%20DIRTY%20MAN%20-%20INUTILE%20BEAT%20MUSIC/cover.jpg HTTP/1.1" 304 - "http://www.cannibalcaniche.com/forum/viewtopic.php?t=11371" "Mozilla/5.0 (Windows; U; Windows NT 5.1; fr; rv:1.9.0.8) Gecko/2009032609 Firefox/3.0.8 (.NET CLR 3.5.30729)"
217.128.223.115 - - [07/Apr/2009:17:48:36 +0200] "GET /unreleases/U04-IDIOT%20DIRTY%20MAN%20-%20INUTILE%20BEAT%20MUSIC/cover.jpg HTTP/1.1" 304 - "http://www.cannibalcaniche.com/forum/viewtopic.php?t=11371" "Mozilla/5.0 (Windows; U; Windows NT 5.1; fr; rv:1.9.0.8) Gecko/2009032609 Firefox/3.0.8 (.NET CLR 3.5.30729)"
217.128.223.115 - - [07/Apr/2009:17:48:37 +0200] "GET /unreleases/U04-IDIOT%20DIRTY%20MAN%20-%20INUTILE%20BEAT%20MUSIC/cover.jpg HTTP/1.1" 304 - "http://www.cannibalcaniche.com/forum/viewtopic.php?t=11371" "Mozilla/5.0 (Windows; U; Windows NT 5.1; fr; rv:1.9.0.8) Gecko/2009032609 Firefox/3.0.8 (.NET CLR 3.5.30729)"
217.128.223.115 - - [07/Apr/2009:17:48:37 +0200] "GET /unreleases/U04-IDIOT%20DIRTY%20MAN%20-%20INUTILE%20BEAT%20MUSIC/cover.jpg HTTP/1.1" 304 - "http://www.cannibalcaniche.com/forum/viewtopic.php?t=11371" "Mozilla/5.0 (Windows; U; Windows NT 5.1; fr; rv:1.9.0.8) Gecko/2009032609 Firefox/3.0.8 (.NET CLR 3.5.30729)"
217.128.223.115 - - [07/Apr/2009:17:48:42 +0200] "GET /unreleases/U04-IDIOT%20DIRTY%20MAN%20-%20INUTILE%20BEAT%20MUSIC/cover.jpg HTTP/1.1" 200 103265 "http://www.cannibalcaniche.com/forum/viewtopic.php?t=11371" "Mozilla/5.0 (Windows; U; Windows NT 5.1; fr; rv:1.9.0.8) Gecko/2009032609 Firefox/3.0.8 (.NET CLR 3.5.30729)"
217.128.223.115 - - [07/Apr/2009:17:49:14 +0200] "GET /unreleases/U04-IDIOT%20DIRTY%20MAN%20-%20INUTILE%20BEAT%20MUSIC/cover.jpg HTTP/1.1" 200 255288 "http://www.cannibalcaniche.com/forum/viewtopic.php?p=153929" "Mozilla/5.0 (Windows; U; Windows NT 5.1; fr; rv:1.9.0.8) Gecko/2009032609 Firefox/3.0.8 (.NET CLR 3.5.30729)"
217.128.223.115 - - [07/Apr/2009:17:49:49 +0200] "GET /unreleases/U04-IDIOT%20DIRTY%20MAN%20-%20INUTILE%20BEAT%20MUSIC/cover.jpg HTTP/1.1" 200 255288 "http://cannibalcaniche.com/forum/viewtopic.php?t=11371" "Mozilla/5.0 (Windows; U; Windows NT 5.1; fr; rv:1.9.0.8) Gecko/2009032609 Firefox/3.0.8"
217.128.223.115 - - [07/Apr/2009:17:50:01 +0200] "GET /unreleases/U04-IDIOT%20DIRTY%20MAN%20-%20INUTILE%20BEAT%20MUSIC/cover.jpg HTTP/1.1" 304 - "http://www.cannibalcaniche.com/forum/viewtopic.php?p=153929" "Mozilla/5.0 (Windows; U; Windows NT 5.1; fr; rv:1.9.0.8) Gecko/2009032609 Firefox/3.0.8 (.NET CLR 3.5.30729)"
217.128.223.115 - - [07/Apr/2009:17:50:25 +0200] "GET /unreleases/U04-IDIOT%20DIRTY%20MAN%20-%20INUTILE%20BEAT%20MUSIC/cover.jpg HTTP/1.1" 304 - "http://www.cannibalcaniche.com/forum/viewtopic.php?t=11371" "Mozilla/5.0 (Windows; U; Windows NT 5.1; fr; rv:1.9.0.8) Gecko/2009032609 Firefox/3.0.8 (.NET CLR 3.5.30729)"
217.128.223.115 - - [07/Apr/2009:17:52:21 +0200] "GET /unreleases/U04-IDIOT%20DIRTY%20MAN%20-%20INUTILE%20BEAT%20MUSIC/cover.jpg HTTP/1.1" 304 - "http://cannibalcaniche.com/forum/viewtopic.php?t=11371" "Mozilla/5.0 (Windows; U; Windows NT 5.1; fr; rv:1.9.0.8) Gecko/2009032609 Firefox/3.0.8"
217.128.223.115 - - [07/Apr/2009:17:53:18 +0200] "GET /unreleases/U04-IDIOT%20DIRTY%20MAN%20-%20INUTILE%20BEAT%20MUSIC/cover.jpg HTTP/1.1" 304 - "http://cannibalcaniche.com/forum/viewtopic.php?t=11371" "Mozilla/5.0 (Windows; U; Windows NT 5.1; fr; rv:1.9.0.8) Gecko/2009032609 Firefox/3.0.8"
82.230.0.199 - - [07/Apr/2009:17:56:53 +0200] "GET /unreleases/U04-IDIOT%20DIRTY%20MAN%20-%20INUTILE%20BEAT%20MUSIC/cover.jpg HTTP/1.1" 200 255288 "http://www.cannibalcaniche.com/forum/viewtopic.php?t=11371" "Mozilla/5.0 (Windows; U; Windows NT 5.1; fr; rv:1.9.0.8) Gecko/2009032609 Firefox/3.0.8"
217.128.223.115 - - [07/Apr/2009:18:01:05 +0200] "GET /unreleases/U04-IDIOT%20DIRTY%20MAN%20-%20INUTILE%20BEAT%20MUSIC/cover.jpg HTTP/1.1" 304 - "http://cannibalcaniche.com/forum/viewtopic.php?t=11371" "Mozilla/5.0 (Windows; U; Windows NT 5.1; fr; rv:1.9.0.8) Gecko/2009032609 Firefox/3.0.8"
217.128.223.115 - - [07/Apr/2009:18:01:14 +0200] "GET /index.php?herenow=unreleases/U04-IDIOT%20DIRTY%20MAN%20-%20INUTILE%20BEAT%20MUSIC HTTP/1.1" 200 4358 "http://cannibalcaniche.com/forum/viewtopic.php?t=11371" "Mozilla/5.0 (Windows; U; Windows NT 5.1; fr; rv:1.9.0.8) Gecko/2009032609 Firefox/3.0.8"
217.128.223.115 - - [07/Apr/2009:18:01:21 +0200] "GET /unreleases/U04-IDIOT%20DIRTY%20MAN%20-%20INUTILE%20BEAT%20MUSIC/IBMBACKCOVERweb.jpg HTTP/1.1" 200 44140 "http://unrelease.autiste.org/index.php?herenow=unreleases/U04-IDIOT%20DIRTY%20MAN%20-%20INUTILE%20BEAT%20MUSIC" "Mozilla/5.0 (Windows; U; Windows NT 5.1; fr; rv:1.9.0.8) Gecko/2009032609 Firefox/3.0.8"
193.251.206.207 - - [07/Apr/2009:18:01:21 +0200] "GET /unreleases/U04-IDIOT%20DIRTY%20MAN%20-%20INUTILE%20BEAT%20MUSIC/cover.jpg HTTP/1.1" 200 255288 "http://www.cannibalcaniche.com/forum/viewtopic.php?t=11371" "Mozilla/5.0 (Windows; U; Windows NT 5.1; fr; rv:1.9.0.8) Gecko/2009032609 Firefox/3.0.8"
217.128.223.115 - - [07/Apr/2009:18:01:29 +0200] "GET / HTTP/1.1" 200 3748 "http://unrelease.autiste.org/index.php?herenow=unreleases/U04-IDIOT%20DIRTY%20MAN%20-%20INUTILE%20BEAT%20MUSIC" "Mozilla/5.0 (Windows; U; Windows NT 5.1; fr; rv:1.9.0.8) Gecko/2009032609 Firefox/3.0.8"
217.128.223.115 - - [07/Apr/2009:18:02:12 +0200] "GET / HTTP/1.1" 200 3748 "http://unrelease.autiste.org/" "Mozilla/5.0 (Windows; U; Windows NT 5.1; fr; rv:1.9.0.8) Gecko/2009032609 Firefox/3.0.8"
217.128.223.115 - - [07/Apr/2009:18:02:13 +0200] "GET / HTTP/1.1" 200 3749 "http://unrelease.autiste.org/" "Mozilla/5.0 (Windows; U; Windows NT 5.1; fr; rv:1.9.0.8) Gecko/2009032609 Firefox/3.0.8"
217.128.223.115 - - [07/Apr/2009:18:02:16 +0200] "GET /index.php?herenow=unreleases/U04-IDIOT%20DIRTY%20MAN%20-%20INUTILE%20BEAT%20MUSIC HTTP/1.1" 200 4358 "http://unrelease.autiste.org/" "Mozilla/5.0 (Windows; U; Windows NT 5.1; fr; rv:1.9.0.8) Gecko/2009032609 Firefox/3.0.8"
86.75.34.88 - - [07/Apr/2009:18:07:02 +0200] "GET /unreleases/U04-IDIOT%20DIRTY%20MAN%20-%20INUTILE%20BEAT%20MUSIC/cover.jpg HTTP/1.1" 200 255288 "http://www.cannibalcaniche.com/forum/viewtopic.php?p=153929" "Mozilla/5.0 (Windows; U; Windows NT 6.0; fr; rv:1.8.1.20) Gecko/20081217 Firefox/2.0.0.20 (.NET CLR 3.5.30729)"
85.68.186.9 - - [07/Apr/2009:18:12:20 +0200] "GET /unreleases/U04-IDIOT%20DIRTY%20MAN%20-%20INUTILE%20BEAT%20MUSIC/cover.jpg HTTP/1.1" 200 255288 "http://www.cannibalcaniche.com/forum/viewtopic.php?t=11371" "Mozilla/5.0 (X11; U; Linux i686; en-US; rv:1.9.0.8) Gecko/2009033118 Mandriva/1.9.0.8-0.1mdv2008.1 (2008.1) Firefox/3.0.8"
85.68.186.9 - - [07/Apr/2009:18:12:41 +0200] "GET /index.php?herenow=unreleases/U04-IDIOT%20DIRTY%20MAN%20-%20INUTILE%20BEAT%20MUSIC HTTP/1.1" 200 4356 "http://www.cannibalcaniche.com/forum/viewtopic.php?t=11371" "Mozilla/5.0 (X11; U; Linux i686; en-US; rv:1.9.0.8) Gecko/2009033118 Mandriva/1.9.0.8-0.1mdv2008.1 (2008.1) Firefox/3.0.8"
85.68.186.9 - - [07/Apr/2009:18:12:44 +0200] "GET /favicon.ico HTTP/1.1" 404 209 "-" "Mozilla/5.0 (X11; U; Linux i686; en-US; rv:1.9.0.8) Gecko/2009033118 Mandriva/1.9.0.8-0.1mdv2008.1 (2008.1) Firefox/3.0.8"
85.68.186.9 - - [07/Apr/2009:18:12:48 +0200] "GET /favicon.ico HTTP/1.1" 404 209 "-" "Mozilla/5.0 (X11; U; Linux i686; en-US; rv:1.9.0.8) Gecko/2009033118 Mandriva/1.9.0.8-0.1mdv2008.1 (2008.1) Firefox/3.0.8"
85.68.186.9 - - [07/Apr/2009:18:12:54 +0200] "GET /unreleases/U04-IDIOT%20DIRTY%20MAN%20-%20INUTILE%20BEAT%20MUSIC/Idiot%20Dirty%20Man%20-%20Inutile%20Beat%20Music-%20COMPLETE%20ARCHIVE.zip HTTP/1.1" 200 31317717 "http://unrelease.autiste.org/index.php?herenow=unreleases/U04-IDIOT%20DIRTY%20MAN%20-%20INUTILE%20BEAT%20MUSIC" "Mozilla/5.0 (X11; U; Linux i686; en-US; rv:1.9.0.8) Gecko/2009033118 Mandriva/1.9.0.8-0.1mdv2008.1 (2008.1) Firefox/3.0.8"
217.128.223.115 - - [07/Apr/2009:18:22:05 +0200] "GET / HTTP/1.1" 200 3746 "http://unrelease.autiste.org/index.php?herenow=unreleases/U04-IDIOT%20DIRTY%20MAN%20-%20INUTILE%20BEAT%20MUSIC" "Mozilla/5.0 (Windows; U; Windows NT 5.1; fr; rv:1.9.0.8) Gecko/2009032609 Firefox/3.0.8"
217.128.223.115 - - [07/Apr/2009:18:22:07 +0200] "GET /index.php?herenow=unreleases/U04-IDIOT%20DIRTY%20MAN%20-%20INUTILE%20BEAT%20MUSIC HTTP/1.1" 200 4357 "http://unrelease.autiste.org/" "Mozilla/5.0 (Windows; U; Windows NT 5.1; fr; rv:1.9.0.8) Gecko/2009032609 Firefox/3.0.8"
217.128.223.115 - - [07/Apr/2009:18:22:07 +0200] "GET /unreleases/U04-IDIOT%20DIRTY%20MAN%20-%20INUTILE%20BEAT%20MUSIC/cover.jpg HTTP/1.1" 304 - "http://unrelease.autiste.org/index.php?herenow=unreleases/U04-IDIOT%20DIRTY%20MAN%20-%20INUTILE%20BEAT%20MUSIC" "Mozilla/5.0 (Windows; U; Windows NT 5.1; fr; rv:1.9.0.8) Gecko/2009032609 Firefox/3.0.8"
87.65.141.30 - - [07/Apr/2009:18:25:20 +0200] "GET /unreleases/U04-IDIOT%20DIRTY%20MAN%20-%20INUTILE%20BEAT%20MUSIC/cover.jpg HTTP/1.1" 200 255288 "http://www.cannibalcaniche.com/forum/viewtopic.php?t=11371" "Mozilla/5.0 (Windows; U; Windows NT 6.0; fr; rv:1.9.0.8) Gecko/2009032609 Firefox/3.0.8"
82.244.252.48 - - [07/Apr/2009:18:31:52 +0200] "GET /unreleases/U04-IDIOT%20DIRTY%20MAN%20-%20INUTILE%20BEAT%20MUSIC/cover.jpg HTTP/1.1" 200 255288 "http://www.cannibalcaniche.com/forum/viewtopic.php?t=11371" "Mozilla/5.0 (Windows; U; Windows NT 5.1; fr; rv:1.9.0.8) Gecko/2009032609 Firefox/3.0.8"
82.244.252.48 - - [07/Apr/2009:18:33:33 +0200] "GET /index.php?herenow=unreleases/U04-IDIOT%20DIRTY%20MAN%20-%20INUTILE%20BEAT%20MUSIC HTTP/1.1" 200 4359 "http://www.cannibalcaniche.com/forum/viewtopic.php?t=11371" "Mozilla/5.0 (Windows; U; Windows NT 5.1; fr; rv:1.9.0.8) Gecko/2009032609 Firefox/3.0.8"
82.244.252.48 - - [07/Apr/2009:18:33:34 +0200] "GET /favicon.ico HTTP/1.1" 404 209 "-" "Mozilla/5.0 (Windows; U; Windows NT 5.1; fr; rv:1.9.0.8) Gecko/2009032609 Firefox/3.0.8"
82.244.252.48 - - [07/Apr/2009:18:33:36 +0200] "GET /favicon.ico HTTP/1.1" 404 209 "-" "Mozilla/5.0 (Windows; U; Windows NT 5.1; fr; rv:1.9.0.8) Gecko/2009032609 Firefox/3.0.8"
65.55.105.40 - - [07/Apr/2009:18:52:21 +0200] "GET /robots.txt HTTP/1.1" 404 208 "-" "msnbot/1.1 (+http://search.msn.com/msnbot.htm)"
65.55.105.40 - - [07/Apr/2009:18:52:21 +0200] "GET /index.php?herenow=unreleases/brouillons HTTP/1.1" 200 2626 "-" "msnbot/1.1 (+http://search.msn.com/msnbot.htm)"
87.65.141.30 - - [07/Apr/2009:19:03:53 +0200] "GET /unreleases/U04-IDIOT%20DIRTY%20MAN%20-%20INUTILE%20BEAT%20MUSIC/cover.jpg HTTP/1.1" 200 255288 "http://www.cannibalcaniche.com/forum/viewtopic.php?t=11371&highlight=" "Mozilla/5.0 (Windows; U; Windows NT 5.1; fr; rv:1.9.0.8) Gecko/2009032609 Firefox/3.0.8"
87.65.141.30 - - [07/Apr/2009:19:04:24 +0200] "GET /index.php?herenow=unreleases/U04-IDIOT%20DIRTY%20MAN%20-%20INUTILE%20BEAT%20MUSIC HTTP/1.1" 200 4356 "http://www.cannibalcaniche.com/forum/viewtopic.php?t=11371&highlight=" "Mozilla/5.0 (Windows; U; Windows NT 5.1; fr; rv:1.9.0.8) Gecko/2009032609 Firefox/3.0.8"
87.65.141.30 - - [07/Apr/2009:19:04:24 +0200] "GET /favicon.ico HTTP/1.1" 404 209 "-" "Mozilla/5.0 (Windows; U; Windows NT 5.1; fr; rv:1.9.0.8) Gecko/2009032609 Firefox/3.0.8"
87.65.141.30 - - [07/Apr/2009:19:04:27 +0200] "GET /favicon.ico HTTP/1.1" 404 209 "-" "Mozilla/5.0 (Windows; U; Windows NT 5.1; fr; rv:1.9.0.8) Gecko/2009032609 Firefox/3.0.8"
88.162.76.175 - - [07/Apr/2009:19:04:55 +0200] "GET /unreleases/U04-IDIOT%20DIRTY%20MAN%20-%20INUTILE%20BEAT%20MUSIC/cover.jpg HTTP/1.1" 200 255288 "http://www.cannibalcaniche.com/forum/viewtopic.php?t=11371&highlight=" "Mozilla/5.0 (Windows; U; Windows NT 5.1; fr; rv:1.9.0.8) Gecko/2009032609 Firefox/3.0.8"
87.65.141.30 - - [07/Apr/2009:19:05:12 +0200] "GET / HTTP/1.1" 200 3747 "http://unrelease.autiste.org/index.php?herenow=unreleases/U04-IDIOT%20DIRTY%20MAN%20-%20INUTILE%20BEAT%20MUSIC" "Mozilla/5.0 (Windows; U; Windows NT 5.1; fr; rv:1.9.0.8) Gecko/2009032609 Firefox/3.0.8"
87.65.141.30 - - [07/Apr/2009:19:04:32 +0200] "GET /unreleases/U04-IDIOT%20DIRTY%20MAN%20-%20INUTILE%20BEAT%20MUSIC/Idiot%20Dirty%20Man%20-%20Inutile%20Beat%20Music-%20COMPLETE%20ARCHIVE.zip HTTP/1.1" 200 31317717 "http://unrelease.autiste.org/index.php?herenow=unreleases/U04-IDIOT%20DIRTY%20MAN%20-%20INUTILE%20BEAT%20MUSIC" "Mozilla/5.0 (Windows; U; Windows NT 5.1; fr; rv:1.9.0.8) Gecko/2009032609 Firefox/3.0.8"
88.162.76.175 - - [07/Apr/2009:19:06:10 +0200] "GET /i HTTP/1.1" 404 199 "-" "Mozilla/5.0 (Windows; U; Windows NT 5.1; fr; rv:1.9.0.8) Gecko/2009032609 Firefox/3.0.8"
88.162.76.175 - - [07/Apr/2009:19:06:10 +0200] "GET /favicon.ico HTTP/1.1" 404 209 "-" "Mozilla/5.0 (Windows; U; Windows NT 5.1; fr; rv:1.9.0.8) Gecko/2009032609 Firefox/3.0.8"
88.162.76.175 - - [07/Apr/2009:19:06:13 +0200] "GET / HTTP/1.1" 200 3748 "-" "Mozilla/5.0 (Windows; U; Windows NT 5.1; fr; rv:1.9.0.8) Gecko/2009032609 Firefox/3.0.8"
88.162.76.175 - - [07/Apr/2009:19:06:14 +0200] "GET /favicon.ico HTTP/1.1" 404 209 "-" "Mozilla/5.0 (Windows; U; Windows NT 5.1; fr; rv:1.9.0.8) Gecko/2009032609 Firefox/3.0.8"
87.65.141.30 - - [07/Apr/2009:19:12:08 +0200] "GET /index.php?herenow=unreleases/U04-IDIOT%20DIRTY%20MAN%20-%20INUTILE%20BEAT%20MUSIC HTTP/1.1" 200 4358 "http://unrelease.autiste.org/" "Mozilla/5.0 (Windows; U; Windows NT 5.1; fr; rv:1.9.0.8) Gecko/2009032609 Firefox/3.0.8"
87.65.141.30 - - [07/Apr/2009:19:12:08 +0200] "GET /unreleases/U04-IDIOT%20DIRTY%20MAN%20-%20INUTILE%20BEAT%20MUSIC/cover.jpg HTTP/1.1" 304 - "http://unrelease.autiste.org/index.php?herenow=unreleases/U04-IDIOT%20DIRTY%20MAN%20-%20INUTILE%20BEAT%20MUSIC" "Mozilla/5.0 (Windows; U; Windows NT 5.1; fr; rv:1.9.0.8) Gecko/2009032609 Firefox/3.0.8"
87.65.141.30 - - [07/Apr/2009:19:12:39 +0200] "GET /unreleases/U04-IDIOT%20DIRTY%20MAN%20-%20INUTILE%20BEAT%20MUSIC/cover.jpg HTTP/1.1" 304 - "http://www.cannibalcaniche.com/forum/viewtopic.php?p=153931" "Mozilla/5.0 (Windows; U; Windows NT 6.0; fr; rv:1.9.0.8) Gecko/2009032609 Firefox/3.0.8"
66.249.70.54 - - [07/Apr/2009:19:26:52 +0200] "GET /index.php?herenow=unreleases/X00-GORELLAUME%20RADIO HTTP/1.1" 200 2098 "-" "Mozilla/5.0 (compatible; Googlebot/2.1; +http://www.google.com/bot.html)"
87.65.141.30 - - [07/Apr/2009:19:34:15 +0200] "GET /unreleases/U04-IDIOT%20DIRTY%20MAN%20-%20INUTILE%20BEAT%20MUSIC/cover.jpg HTTP/1.1" 304 - "http://www.cannibalcaniche.com/forum/viewtopic.php?t=11371&highlight=" "Mozilla/5.0 (Windows; U; Windows NT 5.1; fr; rv:1.9.0.8) Gecko/2009032609 Firefox/3.0.8"
66.249.70.54 - - [07/Apr/2009:19:35:37 +0200] "GET /index.php?herenow=unreleases/brouillons/LE%20MATIN%20DIARY HTTP/1.1" 200 2753 "-" "Mozilla/5.0 (compatible; Googlebot/2.1; +http://www.google.com/bot.html)"
66.249.70.54 - - [07/Apr/2009:19:35:40 +0200] "GET /index.php?herenow=unreleases/brouillons/avril HTTP/1.1" 200 2096 "-" "Mozilla/5.0 (compatible; Googlebot/2.1; +http://www.google.com/bot.html)"
66.249.70.54 - - [07/Apr/2009:19:36:19 +0200] "GET /index.php?herenow=unreleases/U01-ANIMOMOR/makettes HTTP/1.1" 200 2296 "-" "Mozilla/5.0 (compatible; Googlebot/2.1; +http://www.google.com/bot.html)"
80.9.5.46 - - [07/Apr/2009:19:45:15 +0200] "GET /index.php?herenow=unreleases/U03-MANUCHAOS%20-%20THE%20FLOOD HTTP/1.1" 200 4884 "http://www.myspace.com/externallinkalert.aspx?externalLink=http://unrelease.autiste.org/index.php?herenow=unreleases/U03-MANUCHAOS%20-%20THE%20FLOOD" "Mozilla/5.0 (Macintosh; U; Intel Mac OS X 10.5; fr; rv:1.9.0.8) Gecko/2009032608 Firefox/3.0.8"
80.9.5.46 - - [07/Apr/2009:19:45:15 +0200] "GET /unreleases/U03-MANUCHAOS%20-%20THE%20FLOOD/cover.jpg HTTP/1.1" 200 737117 "http://unrelease.autiste.org/index.php?herenow=unreleases/U03-MANUCHAOS%20-%20THE%20FLOOD" "Mozilla/5.0 (Macintosh; U; Intel Mac OS X 10.5; fr; rv:1.9.0.8) Gecko/2009032608 Firefox/3.0.8"
80.9.5.46 - - [07/Apr/2009:19:45:27 +0200] "GET /favicon.ico HTTP/1.1" 404 209 "-" "Mozilla/5.0 (Macintosh; U; Intel Mac OS X 10.5; fr; rv:1.9.0.8) Gecko/2009032608 Firefox/3.0.8"
66.249.70.54 - - [07/Apr/2009:19:55:14 +0200] "GET /index.php?herenow=unreleases/brouillons/JLP_images HTTP/1.1" 200 2244 "-" "Mozilla/5.0 (compatible; Googlebot/2.1; +http://www.google.com/bot.html)"
80.9.5.46 - - [07/Apr/2009:19:45:30 +0200] "GET /unreleases/U03-MANUCHAOS%20-%20THE%20FLOOD/1_manuchaos-the%20flood_FULLARCHIVE.rar HTTP/1.1" 200 42638787 "http://unrelease.autiste.org/index.php?herenow=unreleases/U03-MANUCHAOS%20-%20THE%20FLOOD" "Mozilla/5.0 (Macintosh; U; Intel Mac OS X 10.5; fr; rv:1.9.0.8) Gecko/2009032608 Firefox/3.0.8"
66.249.70.54 - - [07/Apr/2009:20:02:13 +0200] "GET /index.php?herenow=unreleases/brouillons/erruer%20live%20test HTTP/1.1" 200 2204 "-" "Mozilla/5.0 (compatible; Googlebot/2.1; +http://www.google.com/bot.html)"
82.230.0.199 - - [07/Apr/2009:20:04:17 +0200] "GET /unreleases/U04-IDIOT%20DIRTY%20MAN%20-%20INUTILE%20BEAT%20MUSIC/cover.jpg HTTP/1.1" 304 - "http://www.cannibalcaniche.com/forum/viewtopic.php?t=11371" "Mozilla/5.0 (Windows; U; Windows NT 5.1; fr; rv:1.9.0.8) Gecko/2009032609 Firefox/3.0.8"
81.80.97.52 - - [07/Apr/2009:20:09:05 +0200] "GET /unreleases/U04-IDIOT%20DIRTY%20MAN%20-%20INUTILE%20BEAT%20MUSIC/cover.jpg HTTP/1.1" 200 255288 "http://www.cannibalcaniche.com/forum/viewtopic.php?t=11371" "Mozilla/5.0 (Windows; U; Windows NT 5.1; fr; rv:1.9.0.8) Gecko/2009032609 Firefox/3.0.8 (.NET CLR 3.5.30729)"
86.75.17.205 - - [07/Apr/2009:20:19:39 +0200] "GET /unreleases/U04-IDIOT%20DIRTY%20MAN%20-%20INUTILE%20BEAT%20MUSIC/cover.jpg HTTP/1.1" 200 255288 "http://www.cannibalcaniche.com/forum/viewtopic.php?t=11371" "Mozilla/5.0 (Windows; U; Windows NT 6.0; fr; rv:1.9.0.8) Gecko/2009032609 Firefox/3.0.8 GTB5"
193.251.206.207 - - [07/Apr/2009:20:35:02 +0200] "GET /unreleases/U04-IDIOT%20DIRTY%20MAN%20-%20INUTILE%20BEAT%20MUSIC/cover.jpg HTTP/1.1" 200 255288 "http://www.cannibalcaniche.com/forum/viewtopic.php?t=11371" "Mozilla/5.0 (Windows; U; Windows NT 5.1; fr; rv:1.9.0.8) Gecko/2009032609 Firefox/3.0.8"
74.6.22.94 - - [07/Apr/2009:21:18:46 +0200] "GET /robots.txt HTTP/1.0" 404 208 "-" "Mozilla/5.0 (compatible; Yahoo! Slurp; http://help.yahoo.com/help/us/ysearch/slurp)"
74.6.22.94 - - [07/Apr/2009:21:18:46 +0200] "GET / HTTP/1.0" 200 3748 "-" "Mozilla/5.0 (compatible; Yahoo! Slurp/3.0; http://help.yahoo.com/help/us/ysearch/slurp)"
82.242.215.191 - - [07/Apr/2009:21:40:42 +0200] "GET /unreleases/U04-IDIOT%20DIRTY%20MAN%20-%20INUTILE%20BEAT%20MUSIC/cover.jpg HTTP/1.1" 200 255288 "http://www.cannibalcaniche.com/forum/viewtopic.php?t=11371" "Mozilla/5.0 (Windows; U; Windows NT 5.1; fr; rv:1.9.0.8) Gecko/2009032609 Firefox/3.0.8"
195.132.158.7 - - [07/Apr/2009:21:46:07 +0200] "GET /unreleases/U04-IDIOT%20DIRTY%20MAN%20-%20INUTILE%20BEAT%20MUSIC/cover.jpg HTTP/1.1" 200 255288 "http://www.cannibalcaniche.com/forum/viewtopic.php?t=11371" "Mozilla/5.0 (Windows; U; Windows NT 5.1; fr; rv:1.9.0.8) Gecko/2009032609 Firefox/3.0.8"
82.244.252.48 - - [07/Apr/2009:21:53:23 +0200] "GET /unreleases/U04-IDIOT%20DIRTY%20MAN%20-%20INUTILE%20BEAT%20MUSIC/cover.jpg HTTP/1.1" 200 255288 "http://www.cannibalcaniche.com/forum/viewtopic.php?t=11371" "Mozilla/5.0 (Windows; U; Windows NT 5.1; fr; rv:1.9.0.8) Gecko/2009032609 Firefox/3.0.8"
83.76.94.123 - - [07/Apr/2009:22:02:22 +0200] "GET /unreleases/U04-IDIOT%20DIRTY%20MAN%20-%20INUTILE%20BEAT%20MUSIC/cover.jpg HTTP/1.1" 200 255288 "http://www.cannibalcaniche.com/forum/viewtopic.php?t=11371&highlight=" "Mozilla/5.0 (Windows; U; Windows NT 5.1; fr; rv:1.9.0.8) Gecko/2009032609 Firefox/3.0.8"
66.249.70.54 - - [07/Apr/2009:22:50:15 +0200] "GET /index.php?herenow=unreleases/brouillons/LE%20MATIN%20DIARY/poubelle HTTP/1.1" 200 3061 "-" "Mozilla/5.0 (compatible; Googlebot/2.1; +http://www.google.com/bot.html)"
94.108.252.18 - - [08/Apr/2009:03:45:56 +0200] "GET /unreleases/U04-IDIOT%20DIRTY%20MAN%20-%20INUTILE%20BEAT%20MUSIC/cover.jpg HTTP/1.1" 200 255288 "http://cannibalcaniche.com/forum/viewtopic.php?t=11371" "Mozilla/5.0 (Windows; U; Windows NT 6.0; fr; rv:1.9.0.8) Gecko/2009032609 Firefox/3.0.8 (.NET CLR 3.5.30729)"
71.41.201.38 - - [08/Apr/2009:03:53:22 +0200] "GET / HTTP/1.1" 200 3749 "-" "MLBot (www.metadatalabs.com/mlbot)"
71.41.201.38 - - [08/Apr/2009:04:09:38 +0200] "GET /index.php?herenow=unreleases/U01-ANIMOMOR HTTP/1.1" 200 2254 "-" "MLBot (www.metadatalabs.com/mlbot)"
71.41.201.38 - - [08/Apr/2009:04:22:26 +0200] "GET /index.php?herenow=unreleases/U03-MANUCHAOS%20-%20THE%20FLOOD HTTP/1.1" 200 4884 "-" "MLBot (www.metadatalabs.com/mlbot)"
71.41.201.38 - - [08/Apr/2009:04:23:57 +0200] "GET /unreleases/U03-MANUCHAOS%20-%20THE%20FLOOD/1_manuchaos-the%20flood_FULLARCHIVE.rar HTTP/1.1" 200 42638787 "-" "MLBot (www.metadatalabs.com/mlbot)"
71.41.201.38 - - [08/Apr/2009:04:25:08 +0200] "GET /index.php?herenow=unreleases/U00-5TFU-top5-2008 HTTP/1.1" 200 2221 "-" "MLBot (www.metadatalabs.com/mlbot)"
71.41.201.38 - - [08/Apr/2009:04:31:02 +0200] "GET /index.php?herenow=./unreleases HTTP/1.1" 200 2739 "-" "MLBot (www.metadatalabs.com/mlbot)"
71.41.201.38 - - [08/Apr/2009:04:31:45 +0200] "GET /index.php?herenow=./unreleases/U03-MANUCHAOS%20-%20THE%20FLOOD HTTP/1.1" 200 4929 "-" "MLBot (www.metadatalabs.com/mlbot)"
71.41.201.38 - - [08/Apr/2009:04:32:20 +0200] "GET /index.php?herenow=./unreleases/U01-ANIMOMOR HTTP/1.1" 200 2260 "-" "MLBot (www.metadatalabs.com/mlbot)"
71.41.201.38 - - [08/Apr/2009:04:32:48 +0200] "GET /index.php?herenow=./unreleases/U00-5TFU-top5-2008 HTTP/1.1" 200 2224 "-" "MLBot (www.metadatalabs.com/mlbot)"
71.41.201.38 - - [08/Apr/2009:04:33:18 +0200] "GET /index.php?herenow=./unreleases/x00-gorellaume%20radio HTTP/1.1" 200 4194 "-" "MLBot (www.metadatalabs.com/mlbot)"
71.41.201.38 - - [08/Apr/2009:04:33:38 +0200] "GET /index.php?herenow=./unreleases/U04-IDIOT%20DIRTY%20MAN%20-%20INUTILE%20BEAT%20MUSIC HTTP/1.1" 200 4386 "-" "MLBot (www.metadatalabs.com/mlbot)"
71.41.201.38 - - [08/Apr/2009:04:33:55 +0200] "GET /index.php?herenow=./unreleases/brouillons HTTP/1.1" 200 2636 "-" "MLBot (www.metadatalabs.com/mlbot)"
71.41.201.38 - - [08/Apr/2009:04:34:10 +0200] "GET /index.php?herenow=./unreleases/U01-ANIMOMOR/makettes HTTP/1.1" 200 2305 "-" "MLBot (www.metadatalabs.com/mlbot)"
71.41.201.38 - - [08/Apr/2009:04:34:23 +0200] "GET /index.php?herenow=./unreleases/U02-ERRUER-USED_TO_FAIL HTTP/1.1" 200 3391 "-" "MLBot (www.metadatalabs.com/mlbot)"
71.41.201.38 - - [08/Apr/2009:04:34:35 +0200] "GET /index.php?herenow=unreleases/brouillons HTTP/1.1" 200 2626 "-" "MLBot (www.metadatalabs.com/mlbot)"
64.17.2.164 - - [08/Apr/2009:04:49:20 +0200] "GET /robots.txt HTTP/1.1" 404 208 "-" "MLBot (www.metadatalabs.com/mlbot)"
64.17.2.164 - - [08/Apr/2009:04:49:20 +0200] "GET /unreleases/U02-ERRUER-USED_TO_FAIL/ HTTP/1.1" 200 3090 "-" "MLBot (www.metadatalabs.com/mlbot)"
64.17.2.164 - - [08/Apr/2009:04:51:51 +0200] "GET /unreleases/U02-ERRUER-USED_TO_FAIL/erreur%2520-%2520anus%2520de%2520porc%2520rempli%2520d%2527anus%2520de%2520porc%2520mais%2520hach%25e9s%2520(tentative).mp3 HTTP/1.1" 200 23299033 "-" "MLBot (www.metadatalabs.com/mlbot)"
64.17.2.164 - - [08/Apr/2009:04:53:50 +0200] "GET /unreleases/U02-ERRUER-USED_TO_FAIL/?authkey=QPn7-LIzfyA HTTP/1.1" 200 3090 "-" "MLBot (www.metadatalabs.com/mlbot)"
64.17.2.164 - - [08/Apr/2009:04:55:26 +0200] "GET /unreleases/U02-ERRUER-USED_TO_FAIL/?page=wizard&example=2 HTTP/1.1" 200 3090 "-" "MLBot (www.metadatalabs.com/mlbot)"
64.17.2.164 - - [08/Apr/2009:04:56:38 +0200] "GET /unreleases/U02-ERRUER-USED_TO_FAIL/?sortby=2 HTTP/1.1" 200 3090 "-" "MLBot (www.metadatalabs.com/mlbot)"
64.17.2.164 - - [08/Apr/2009:04:57:33 +0200] "GET /unreleases/U02-ERRUER-USED_TO_FAIL/?gid=12741164155 HTTP/1.1" 200 3090 "-" "MLBot (www.metadatalabs.com/mlbot)"
64.17.2.164 - - [08/Apr/2009:04:58:17 +0200] "GET /unreleases/U02-ERRUER-USED_TO_FAIL/?q=Umm+Kulthum HTTP/1.1" 200 3090 "-" "MLBot (www.metadatalabs.com/mlbot)"
64.17.2.164 - - [08/Apr/2009:04:58:51 +0200] "GET /unreleases/U02-ERRUER-USED_TO_FAIL/?node=3435361 HTTP/1.1" 200 3090 "-" "MLBot (www.metadatalabs.com/mlbot)"
64.17.2.164 - - [08/Apr/2009:04:59:22 +0200] "GET /unreleases/U02-ERRUER-USED_TO_FAIL/?from=489638 HTTP/1.1" 200 3090 "-" "MLBot (www.metadatalabs.com/mlbot)"
64.17.2.164 - - [08/Apr/2009:04:59:43 +0200] "GET /unreleases/U02-ERRUER-USED_TO_FAIL/?D=A HTTP/1.1" 200 3090 "-" "MLBot (www.metadatalabs.com/mlbot)"
208.36.144.9 - - [08/Apr/2009:06:36:03 +0200] "GET /robots.txt HTTP/1.0" 404 208 "-" "Mozilla/5.0 (Twiceler-0.9 http://www.cuil.com/twiceler/robot.html)"
64.17.2.164 - - [08/Apr/2009:06:56:51 +0200] "GET /index.php?herenow=unreleases/01-5TFU-top5-2008 HTTP/1.1" 200 2094 "-" "MLBot (www.metadatalabs.com/mlbot)"
82.66.126.158 - - [08/Apr/2009:07:28:24 +0200] "GET /unreleases/U03-MANUCHAOS%20-%20THE%20FLOOD/cover.jpg HTTP/1.1" 200 737117 "http://www.axesscode.com/mindphaser/viewtopic.php?t=12486&postdays=0&postorder=asc&start=1065" "Mozilla/5.0 (Windows; U; Windows NT 6.0; fr; rv:1.9.0.8) Gecko/2009032609 Firefox/3.0.8 (.NET CLR 3.5.30729)"
85.68.186.9 - - [08/Apr/2009:08:32:52 +0200] "GET /unreleases/U04-IDIOT%20DIRTY%20MAN%20-%20INUTILE%20BEAT%20MUSIC/cover.jpg HTTP/1.1" 200 255288 "http://www.cannibalcaniche.com/forum/viewtopic.php?t=11371" "Mozilla/5.0 (X11; U; Linux i686; en-US; rv:1.9.0.8) Gecko/2009033118 Mandriva/1.9.0.8-0.1mdv2008.1 (2008.1) Firefox/3.0.8"
64.17.2.164 - - [08/Apr/2009:08:50:56 +0200] "HEAD /unreleases/U01-ANIMOMOR/?url=http://okinawa.yoyaku.ru/rss.xml HTTP/1.1" 200 - "-" "MLBot (www.metadatalabs.com/mlbot)"
64.17.2.164 - - [08/Apr/2009:08:50:56 +0200] "GET /unreleases/U01-ANIMOMOR/?url=http://okinawa.yoyaku.ru/rss.xml HTTP/1.1" 200 1056 "-" "MLBot (www.metadatalabs.com/mlbot)"
64.17.2.164 - - [08/Apr/2009:08:52:52 +0200] "GET /unreleases/U01-ANIMOMOR/?UserID=397859&SessionID=&Product_ID=782 HTTP/1.1" 200 1056 "-" "MLBot (www.metadatalabs.com/mlbot)"
64.17.2.164 - - [08/Apr/2009:08:54:20 +0200] "GET /unreleases/U01-ANIMOMOR/?id=1 HTTP/1.1" 200 1056 "-" "MLBot (www.metadatalabs.com/mlbot)"
64.17.2.164 - - [08/Apr/2009:08:55:27 +0200] "GET /unreleases/U01-ANIMOMOR/?FuseAction=ShowRegForm HTTP/1.1" 200 1056 "-" "MLBot (www.metadatalabs.com/mlbot)"
64.17.2.164 - - [08/Apr/2009:08:56:20 +0200] "GET /unreleases/U01-ANIMOMOR/?itemid=130993 HTTP/1.1" 200 1056 "-" "MLBot (www.metadatalabs.com/mlbot)"
64.17.2.164 - - [08/Apr/2009:08:57:07 +0200] "GET /unreleases/U01-ANIMOMOR/?redirect=/video/79jvwa/dbz-everyday-superheroe-video HTTP/1.1" 200 1056 "-" "MLBot (www.metadatalabs.com/mlbot)"
213.41.252.86 - - [08/Apr/2009:09:19:57 +0200] "GET /unreleases/U04-IDIOT%20DIRTY%20MAN%20-%20INUTILE%20BEAT%20MUSIC/cover.jpg HTTP/1.1" 200 255288 "http://www.cannibalcaniche.com/forum/viewtopic.php?t=11371" "Mozilla/5.0 (Macintosh; U; Intel Mac OS X 10.5; fr; rv:1.9.0.8) Gecko/2009032608 Firefox/3.0.8"
213.41.252.86 - - [08/Apr/2009:09:20:32 +0200] "GET /index.php?herenow=unreleases/U04-IDIOT%20DIRTY%20MAN%20-%20INUTILE%20BEAT%20MUSIC HTTP/1.1" 200 4359 "http://www.cannibalcaniche.com/forum/viewtopic.php?t=11371" "Mozilla/5.0 (Macintosh; U; Intel Mac OS X 10.5; fr; rv:1.9.0.8) Gecko/2009032608 Firefox/3.0.8"
213.41.252.86 - - [08/Apr/2009:09:20:33 +0200] "GET /favicon.ico HTTP/1.1" 404 209 "-" "Mozilla/5.0 (Macintosh; U; Intel Mac OS X 10.5; fr; rv:1.9.0.8) Gecko/2009032608 Firefox/3.0.8"
213.41.252.86 - - [08/Apr/2009:09:20:36 +0200] "GET /favicon.ico HTTP/1.1" 404 209 "-" "Mozilla/5.0 (Macintosh; U; Intel Mac OS X 10.5; fr; rv:1.9.0.8) Gecko/2009032608 Firefox/3.0.8"
213.41.252.86 - - [08/Apr/2009:09:20:42 +0200] "GET /unreleases/U04-IDIOT%20DIRTY%20MAN%20-%20INUTILE%20BEAT%20MUSIC/Idiot%20Dirty%20Man%20-%20Inutile%20Beat%20Music-%20COMPLETE%20ARCHIVE.zip HTTP/1.1" 200 31317717 "http://unrelease.autiste.org/index.php?herenow=unreleases/U04-IDIOT%20DIRTY%20MAN%20-%20INUTILE%20BEAT%20MUSIC" "Mozilla/5.0 (Macintosh; U; Intel Mac OS X 10.5; fr; rv:1.9.0.8) Gecko/2009032608 Firefox/3.0.8"
134.157.178.40 - - [08/Apr/2009:10:12:14 +0200] "GET /unreleases/U04-IDIOT%20DIRTY%20MAN%20-%20INUTILE%20BEAT%20MUSIC/cover.jpg HTTP/1.1" 200 255288 "http://www.cannibalcaniche.com/forum/viewtopic.php?t=11371&highlight=&sid=252fd328e69b6568af86a6b3a838d031" "Mozilla/5.0 (X11; U; Linux i686; en-US; rv:1.8.1.19) Gecko/20080703 Mandriva/2.0.0.19-1.1mdv2008.1 (2008.1) Firefox/2.0.0.19"
88.166.141.169 - - [08/Apr/2009:10:14:30 +0200] "GET /unreleases/U04-IDIOT%20DIRTY%20MAN%20-%20INUTILE%20BEAT%20MUSIC/cover.jpg HTTP/1.1" 200 255288 "http://www.cannibalcaniche.com/forum/viewtopic.php?t=11371" "Mozilla/4.0 (compatible; MSIE 6.0; Windows NT 5.0; SIMBAR={DC95DD70-8BAF-4FE7-9B04-A03053524D9E})"
217.128.223.115 - - [08/Apr/2009:10:17:26 +0200] "GET /unreleases/U04-IDIOT%20DIRTY%20MAN%20-%20INUTILE%20BEAT%20MUSIC/cover.jpg HTTP/1.1" 304 - "http://www.cannibalcaniche.com/forum/viewtopic.php?t=11371" "Mozilla/5.0 (Windows; U; Windows NT 5.1; fr; rv:1.9.0.8) Gecko/2009032609 Firefox/3.0.8"
217.128.223.115 - - [08/Apr/2009:10:19:05 +0200] "GET /unreleases/U04-IDIOT%20DIRTY%20MAN%20-%20INUTILE%20BEAT%20MUSIC/cover.jpg HTTP/1.1" 304 - "http://www.cannibalcaniche.com/forum/viewtopic.php?t=11371" "Mozilla/5.0 (Windows; U; Windows NT 5.1; fr; rv:1.9.0.8) Gecko/2009032609 Firefox/3.0.8 (.NET CLR 3.5.30729)"
217.128.223.115 - - [08/Apr/2009:10:23:37 +0200] "GET /index.php?herenow=unreleases/U04-IDIOT%20DIRTY%20MAN%20-%20INUTILE%20BEAT%20MUSIC HTTP/1.1" 200 4360 "http://www.cannibalcaniche.com/forum/viewtopic.php?t=11371" "Mozilla/5.0 (Windows; U; Windows NT 5.1; fr; rv:1.9.0.8) Gecko/2009032609 Firefox/3.0.8"
217.128.223.115 - - [08/Apr/2009:10:23:38 +0200] "GET / HTTP/1.1" 200 3747 "http://unrelease.autiste.org/index.php?herenow=unreleases/U04-IDIOT%20DIRTY%20MAN%20-%20INUTILE%20BEAT%20MUSIC" "Mozilla/5.0 (Windows; U; Windows NT 5.1; fr; rv:1.9.0.8) Gecko/2009032609 Firefox/3.0.8"
82.242.215.191 - - [08/Apr/2009:10:36:12 +0200] "GET /unreleases/U04-IDIOT%20DIRTY%20MAN%20-%20INUTILE%20BEAT%20MUSIC/cover.jpg HTTP/1.1" 304 - "http://www.cannibalcaniche.com/forum/viewtopic.php?t=11371" "Mozilla/5.0 (Windows; U; Windows NT 5.1; fr; rv:1.9.0.8) Gecko/2009032609 Firefox/3.0.8"
90.21.11.59 - - [08/Apr/2009:10:47:39 +0200] "GET /unreleases/U04-IDIOT%20DIRTY%20MAN%20-%20INUTILE%20BEAT%20MUSIC/cover.jpg HTTP/1.1" 200 255288 "http://www.cannibalcaniche.com/forum/viewtopic.php?t=11371" "Mozilla/5.0 (Windows; U; Windows NT 5.1; fr; rv:1.9.0.8) Gecko/2009032609 Firefox/3.0.8 (.NET CLR 3.5.30729)"
87.65.202.182 - - [08/Apr/2009:11:06:24 +0200] "GET /unreleases/U04-IDIOT%20DIRTY%20MAN%20-%20INUTILE%20BEAT%20MUSIC/cover.jpg HTTP/1.1" 200 255288 "http://www.cannibalcaniche.com/forum/viewtopic.php?t=11371" "Mozilla/5.0 (Windows; U; Windows NT 6.0; fr; rv:1.9.0.8) Gecko/2009032609 Firefox/3.0.8"
87.65.202.182 - - [08/Apr/2009:11:21:07 +0200] "GET /unreleases/U04-IDIOT%20DIRTY%20MAN%20-%20INUTILE%20BEAT%20MUSIC/cover.jpg HTTP/1.1" 304 - "http://www.cannibalcaniche.com/forum/viewtopic.php?t=11371&highlight=" "Mozilla/5.0 (Windows; U; Windows NT 5.1; fr; rv:1.9.0.8) Gecko/2009032609 Firefox/3.0.8"
193.251.206.204 - - [08/Apr/2009:11:30:08 +0200] "GET /unreleases/U04-IDIOT%20DIRTY%20MAN%20-%20INUTILE%20BEAT%20MUSIC/cover.jpg HTTP/1.1" 304 - "http://www.cannibalcaniche.com/forum/viewtopic.php?t=11371" "Mozilla/5.0 (Windows; U; Windows NT 5.1; fr; rv:1.9.0.8) Gecko/2009032609 Firefox/3.0.8"
88.162.76.175 - - [08/Apr/2009:11:39:30 +0200] "GET /unreleases/U04-IDIOT%20DIRTY%20MAN%20-%20INUTILE%20BEAT%20MUSIC/cover.jpg HTTP/1.1" 200 255288 "http://www.cannibalcaniche.com/forum/viewtopic.php?p=153931" "Mozilla/5.0 (Windows; U; Windows NT 5.1; fr; rv:1.9.0.8) Gecko/2009032609 Firefox/3.0.8"
93.0.151.124 - - [08/Apr/2009:12:08:21 +0200] "GET / HTTP/1.1" 200 3748 "-" "Mozilla/5.0 (Windows; U; Win98; fr; rv:1.8.1.20) Gecko/20081217 Firefox/2.0.0.20"
93.0.151.124 - - [08/Apr/2009:12:08:22 +0200] "GET /favicon.ico HTTP/1.1" 404 209 "-" "Mozilla/5.0 (Windows; U; Win98; fr; rv:1.8.1.20) Gecko/20081217 Firefox/2.0.0.20"
93.0.151.124 - - [08/Apr/2009:12:08:22 +0200] "GET /favicon.ico HTTP/1.1" 404 209 "-" "Mozilla/5.0 (Windows; U; Win98; fr; rv:1.8.1.20) Gecko/20081217 Firefox/2.0.0.20"
93.0.151.124 - - [08/Apr/2009:12:08:48 +0200] "GET /index.php?herenow=unreleases/U04-IDIOT%20DIRTY%20MAN%20-%20INUTILE%20BEAT%20MUSIC HTTP/1.1" 200 4357 "http://unrelease.autiste.org/" "Mozilla/5.0 (Windows; U; Win98; fr; rv:1.8.1.20) Gecko/20081217 Firefox/2.0.0.20"
