71.41.201.38 - - [02/Apr/2009:06:38:33 +0200] "GET /unreleases/U04-IDIOT%20DIRTY%20MAN%20-%20INUTILE%20BEAT%20MUSIC/01.Idiot%20Dirty%20Man%20-%20All%20My%20Circuits.mp3 HTTP/1.1" 200 3132673 "-" "MLBot (www.metadatalabs.com/mlbot)"
71.41.201.38 - - [02/Apr/2009:06:38:43 +0200] "GET /unreleases/U04-IDIOT%20DIRTY%20MAN%20-%20INUTILE%20BEAT%20MUSIC/02.Idiot%20Dirty%20Man%20-%20Fuck%20You!.mp3 HTTP/1.1" 200 7199053 "-" "MLBot (www.metadatalabs.com/mlbot)"
71.41.201.38 - - [02/Apr/2009:06:38:51 +0200] "GET /unreleases/U04-IDIOT%20DIRTY%20MAN%20-%20INUTILE%20BEAT%20MUSIC/03.Idiot%20Dirty%20Man%20-%20LOL.mp3 HTTP/1.1" 200 6599693 "-" "MLBot (www.metadatalabs.com/mlbot)"
71.41.201.38 - - [02/Apr/2009:06:38:58 +0200] "GET /unreleases/U04-IDIOT%20DIRTY%20MAN%20-%20INUTILE%20BEAT%20MUSIC/04.Idiot%20Dirty%20Man%20-%20Don't%20Be%20Afraid%20I'm%20A%20Nice%20Guy.mp3 HTTP/1.1" 200 5161061 "-" "MLBot (www.metadatalabs.com/mlbot)"
71.41.201.38 - - [02/Apr/2009:06:39:09 +0200] "GET /unreleases/U04-IDIOT%20DIRTY%20MAN%20-%20INUTILE%20BEAT%20MUSIC/05.Idiot%20Dirty%20Man%20-%20Raped%20By%20You.mp3 HTTP/1.1" 200 4961657 "-" "MLBot (www.metadatalabs.com/mlbot)"
71.41.201.38 - - [02/Apr/2009:06:39:17 +0200] "GET /unreleases/U04-IDIOT%20DIRTY%20MAN%20-%20INUTILE%20BEAT%20MUSIC/06.Idiot%20Dirty%20Man%20-%20Treat%20Me%20Like%20A%20Toy.mp3 HTTP/1.1" 200 7049657 "-" "MLBot (www.metadatalabs.com/mlbot)"
71.41.201.38 - - [02/Apr/2009:06:39:24 +0200] "GET /unreleases/U04-IDIOT%20DIRTY%20MAN%20-%20INUTILE%20BEAT%20MUSIC/07.Idiot%20Dirty%20Man%20-%20Little%20Doggy.mp3 HTTP/1.1" 200 11515889 "-" "MLBot (www.metadatalabs.com/mlbot)"
71.41.201.38 - - [02/Apr/2009:06:39:31 +0200] "GET /unreleases/U04-IDIOT%20DIRTY%20MAN%20-%20INUTILE%20BEAT%20MUSIC/08.Idiot%20Dirty%20Man%20-%20If%20you%20fucking%20stop%20talking%20to%20me%20you%20won't%20have%20to%20hear%20.mp3 HTTP/1.1" 200 6699917 "-" "MLBot (www.metadatalabs.com/mlbot)"
71.41.201.38 - - [02/Apr/2009:06:39:37 +0200] "GET /unreleases/U04-IDIOT%20DIRTY%20MAN%20-%20INUTILE%20BEAT%20MUSIC/09.Idiot%20Dirty%20Man%20-%20I%20don't%20want%20to%20know%20about%20your%20emotionnal%20state.mp3 HTTP/1.1" 200 8378669 "-" "MLBot (www.metadatalabs.com/mlbot)"
71.41.201.38 - - [02/Apr/2009:06:39:45 +0200] "GET /unreleases/U04-IDIOT%20DIRTY%20MAN%20-%20INUTILE%20BEAT%20MUSIC/10.Idiot%20Dirty%20Man%20-%20can%20you%20fucking%20calm%20down%20i'm%20trying%20to%20concentrate.mp3 HTTP/1.1" 200 3083501 "-" "MLBot (www.metadatalabs.com/mlbot)"
71.41.201.38 - - [02/Apr/2009:06:42:24 +0200] "GET /logs/error.log HTTP/1.1" 200 30957 "-" "MLBot (www.metadatalabs.com/mlbot)"
86.196.67.87 - - [02/Apr/2009:08:59:00 +0200] "GET /index.php?herenow=unreleases/x00-gorellaume%20radio HTTP/1.1" 200 4166 "-" "Mozilla/5.0 (Macintosh; U; PPC Mac OS X 10_4_11; fr-fr) AppleWebKit/528.16 (KHTML, like Gecko) Version/4.0 Safari/528.16"
86.196.67.87 - - [02/Apr/2009:08:59:00 +0200] "GET /unreleases/x00-gorellaume%20radio/cover.jpg HTTP/1.1" 200 82668 "http://unrelease.autiste.org/index.php?herenow=unreleases/x00-gorellaume%20radio" "Mozilla/5.0 (Macintosh; U; PPC Mac OS X 10_4_11; fr-fr) AppleWebKit/528.16 (KHTML, like Gecko) Version/4.0 Safari/528.16"
86.196.67.87 - - [02/Apr/2009:08:59:01 +0200] "GET /favicon.ico HTTP/1.1" 404 209 "http://unrelease.autiste.org/index.php?herenow=unreleases/x00-gorellaume%20radio" "Mozilla/5.0 (Macintosh; U; PPC Mac OS X 10_4_11; fr-fr) AppleWebKit/528.16 (KHTML, like Gecko) Version/4.0 Safari/528.16"
86.196.67.87 - - [02/Apr/2009:08:59:27 +0200] "GET /unreleases/x00-gorellaume%20radio/01.Gorellaume%20CountryRadio1%20(Cannibal%20Caniche%202008).mp3 HTTP/1.1" 200 136245120 "http://unrelease.autiste.org/index.php?herenow=unreleases/x00-gorellaume%20radio" "Mozilla/5.0 (Macintosh; U; PPC Mac OS X 10_4_11; fr-fr) AppleWebKit/528.16 (KHTML, like Gecko) Version/4.0 Safari/528.16"
86.196.67.87 - - [02/Apr/2009:08:59:28 +0200] "GET /unreleases/x00-gorellaume%20radio/01.Gorellaume%20CountryRadio1%20(Cannibal%20Caniche%202008).mp3 HTTP/1.1" 200 136245120 "-" "QuickTime/7.6 (qtver=7.6;cpu=PPC;os=Mac 10.4.9)"
86.196.67.87 - - [02/Apr/2009:10:14:16 +0200] "GET /unreleases/x00-gorellaume%20radio/02.Gorellaume%20CountryRadio2%20(Cannibal%20Caniche%202008).mp3 HTTP/1.1" 200 142127520 "http://unrelease.autiste.org/index.php?herenow=unreleases/x00-gorellaume%20radio" "Mozilla/5.0 (Macintosh; U; PPC Mac OS X 10_4_11; fr-fr) AppleWebKit/528.16 (KHTML, like Gecko) Version/4.0 Safari/528.16"
86.196.67.87 - - [02/Apr/2009:10:14:16 +0200] "GET /unreleases/x00-gorellaume%20radio/02.Gorellaume%20CountryRadio2%20(Cannibal%20Caniche%202008).mp3 HTTP/1.1" 200 142127520 "http://unrelease.autiste.org/index.php?herenow=unreleases/x00-gorellaume%20radio" "Mozilla/5.0 (Macintosh; U; PPC Mac OS X 10_4_11; fr-fr) AppleWebKit/528.16 (KHTML, like Gecko) Version/4.0 Safari/528.16"
86.196.67.87 - - [02/Apr/2009:10:14:18 +0200] "GET /unreleases/x00-gorellaume%20radio/02.Gorellaume%20CountryRadio2%20(Cannibal%20Caniche%202008).mp3 HTTP/1.1" 200 142127520 "-" "QuickTime/7.6 (qtver=7.6;cpu=PPC;os=Mac 10.4.9)"
86.196.67.87 - - [02/Apr/2009:10:14:03 +0200] "GET /unreleases/x00-gorellaume%20radio/01.Gorellaume%20CountryRadio1%20(Cannibal%20Caniche%202008).mp3 HTTP/1.1" 200 136245120 "-" "CFNetwork/4.0"
83.192.218.243 - - [02/Apr/2009:11:29:01 +0200] "GET /index.php?herenow=unreleases/x00-gorellaume%20radio HTTP/1.1" 200 4165 "-" "Mozilla/5.0 (Windows; U; Windows NT 6.0; fr; rv:1.9.0.8) Gecko/2009032609 Firefox/3.0.8 (.NET CLR 3.5.30729)"
83.192.218.243 - - [02/Apr/2009:11:29:02 +0200] "GET /unreleases/x00-gorellaume%20radio/cover.jpg HTTP/1.1" 200 82668 "http://unrelease.autiste.org/index.php?herenow=unreleases/x00-gorellaume%20radio" "Mozilla/5.0 (Windows; U; Windows NT 6.0; fr; rv:1.9.0.8) Gecko/2009032609 Firefox/3.0.8 (.NET CLR 3.5.30729)"
83.192.218.243 - - [02/Apr/2009:11:29:05 +0200] "GET /favicon.ico HTTP/1.1" 404 209 "-" "Mozilla/5.0 (Windows; U; Windows NT 6.0; fr; rv:1.9.0.8) Gecko/2009032609 Firefox/3.0.8 (.NET CLR 3.5.30729)"
83.192.218.243 - - [02/Apr/2009:11:29:08 +0200] "GET /favicon.ico HTTP/1.1" 404 209 "-" "Mozilla/5.0 (Windows; U; Windows NT 6.0; fr; rv:1.9.0.8) Gecko/2009032609 Firefox/3.0.8 (.NET CLR 3.5.30729)"
194.206.60.3 - - [02/Apr/2009:11:53:02 +0200] "GET /unreleases/U03-MANUCHAOS%20-%20THE%20FLOOD/cover.jpg HTTP/1.1" 200 737117 "http://www.axesscode.com/mindphaser/viewtopic.php?t=12486&postdays=0&postorder=asc&start=1065" "Mozilla/5.0 (Windows; U; Windows NT 5.1; fr; rv:1.9.0.7) Gecko/2009021910 Firefox/3.0.7"
86.196.67.87 - - [02/Apr/2009:12:29:21 +0200] "GET /index.php?herenow=unreleases/x00-gorellaume%20radio HTTP/1.1" 200 4161 "-" "Mozilla/5.0 (Macintosh; U; PPC Mac OS X 10_4_11; fr-fr) AppleWebKit/528.16 (KHTML, like Gecko) Version/4.0 Safari/528.16"
87.65.170.84 - - [02/Apr/2009:13:45:39 +0200] "GET /index.php?herenow=unreleases/U04-IDIOT%20DIRTY%20MAN%20-%20INUTILE%20BEAT%20MUSIC HTTP/1.1" 200 4320 "-" "Mozilla/5.0 (Windows; U; Windows NT 5.1; fr; rv:1.9.0.6) Gecko/2009011913 Firefox/3.0.6"
87.65.170.84 - - [02/Apr/2009:13:45:39 +0200] "GET /unreleases/U04-IDIOT%20DIRTY%20MAN%20-%20INUTILE%20BEAT%20MUSIC/cover.jpg HTTP/1.1" 200 88106 "http://unrelease.autiste.org/index.php?herenow=unreleases/U04-IDIOT%20DIRTY%20MAN%20-%20INUTILE%20BEAT%20MUSIC" "Mozilla/5.0 (Windows; U; Windows NT 5.1; fr; rv:1.9.0.6) Gecko/2009011913 Firefox/3.0.6"
87.65.170.84 - - [02/Apr/2009:13:45:39 +0200] "GET /favicon.ico HTTP/1.1" 404 209 "-" "Mozilla/5.0 (Windows; U; Windows NT 5.1; fr; rv:1.9.0.6) Gecko/2009011913 Firefox/3.0.6"
87.65.170.84 - - [02/Apr/2009:13:45:41 +0200] "GET /favicon.ico HTTP/1.1" 404 209 "-" "Mozilla/5.0 (Windows; U; Windows NT 5.1; fr; rv:1.9.0.6) Gecko/2009011913 Firefox/3.0.6"
208.36.144.9 - - [02/Apr/2009:14:33:30 +0200] "GET /robots.txt HTTP/1.0" 404 208 "-" "Mozilla/5.0 (Twiceler-0.9 http://www.cuil.com/twiceler/robot.html)"
195.132.158.7 - - [02/Apr/2009:16:17:03 +0200] "GET /index.php?herenow=unreleases/U04-IDIOT%20DIRTY%20MAN%20-%20INUTILE%20BEAT%20MUSIC HTTP/1.1" 200 4320 "http://www.cannibalcaniche.com/forum/viewtopic.php?t=11158" "Mozilla/5.0 (Windows; U; Windows NT 5.1; fr; rv:1.9.0.8) Gecko/2009032609 Firefox/3.0.8"
195.132.158.7 - - [02/Apr/2009:16:17:03 +0200] "GET /unreleases/U04-IDIOT%20DIRTY%20MAN%20-%20INUTILE%20BEAT%20MUSIC/cover.jpg HTTP/1.1" 200 88106 "http://unrelease.autiste.org/index.php?herenow=unreleases/U04-IDIOT%20DIRTY%20MAN%20-%20INUTILE%20BEAT%20MUSIC" "Mozilla/5.0 (Windows; U; Windows NT 5.1; fr; rv:1.9.0.8) Gecko/2009032609 Firefox/3.0.8"
195.132.158.7 - - [02/Apr/2009:16:17:04 +0200] "GET /favicon.ico HTTP/1.1" 404 209 "-" "Mozilla/5.0 (Windows; U; Windows NT 5.1; fr; rv:1.9.0.8) Gecko/2009032609 Firefox/3.0.8"
195.132.158.7 - - [02/Apr/2009:16:17:07 +0200] "GET / HTTP/1.1" 200 3748 "http://unrelease.autiste.org/index.php?herenow=unreleases/U04-IDIOT%20DIRTY%20MAN%20-%20INUTILE%20BEAT%20MUSIC" "Mozilla/5.0 (Windows; U; Windows NT 5.1; fr; rv:1.9.0.8) Gecko/2009032609 Firefox/3.0.8"
195.132.158.7 - - [02/Apr/2009:16:17:07 +0200] "GET /favicon.ico HTTP/1.1" 404 209 "-" "Mozilla/5.0 (Windows; U; Windows NT 5.1; fr; rv:1.9.0.8) Gecko/2009032609 Firefox/3.0.8"
195.132.158.7 - - [02/Apr/2009:16:17:30 +0200] "GET / HTTP/1.1" 200 3750 "http://unrelease.autiste.org/" "Mozilla/5.0 (Windows; U; Windows NT 5.1; fr; rv:1.9.0.8) Gecko/2009032609 Firefox/3.0.8"
195.132.158.7 - - [02/Apr/2009:16:17:30 +0200] "GET / HTTP/1.1" 200 3748 "http://unrelease.autiste.org/" "Mozilla/5.0 (Windows; U; Windows NT 5.1; fr; rv:1.9.0.8) Gecko/2009032609 Firefox/3.0.8"
195.132.158.7 - - [02/Apr/2009:16:17:36 +0200] "GET /index.php?herenow=./unreleases HTTP/1.1" 200 2739 "http://unrelease.autiste.org/" "Mozilla/5.0 (Windows; U; Windows NT 5.1; fr; rv:1.9.0.8) Gecko/2009032609 Firefox/3.0.8"
195.132.158.7 - - [02/Apr/2009:16:17:38 +0200] "GET /index.php?herenow=./unreleases/U00-5TFU-top5-2008 HTTP/1.1" 200 2224 "http://unrelease.autiste.org/index.php?herenow=./unreleases" "Mozilla/5.0 (Windows; U; Windows NT 5.1; fr; rv:1.9.0.8) Gecko/2009032609 Firefox/3.0.8"
195.132.158.7 - - [02/Apr/2009:16:17:43 +0200] "GET / HTTP/1.1" 200 3750 "http://unrelease.autiste.org/index.php?herenow=./unreleases/U00-5TFU-top5-2008" "Mozilla/5.0 (Windows; U; Windows NT 5.1; fr; rv:1.9.0.8) Gecko/2009032609 Firefox/3.0.8"
195.132.158.7 - - [02/Apr/2009:16:17:44 +0200] "GET /index.php?herenow=unreleases/U01-ANIMOMOR HTTP/1.1" 200 2253 "http://unrelease.autiste.org/" "Mozilla/5.0 (Windows; U; Windows NT 5.1; fr; rv:1.9.0.8) Gecko/2009032609 Firefox/3.0.8"
195.132.158.7 - - [02/Apr/2009:16:17:47 +0200] "GET / HTTP/1.1" 200 3749 "http://unrelease.autiste.org/index.php?herenow=unreleases/U01-ANIMOMOR" "Mozilla/5.0 (Windows; U; Windows NT 5.1; fr; rv:1.9.0.8) Gecko/2009032609 Firefox/3.0.8"
195.132.158.7 - - [02/Apr/2009:16:17:48 +0200] "GET /index.php?herenow=unreleases/U02-ERRUER-USED_TO_FAIL HTTP/1.1" 200 3367 "http://unrelease.autiste.org/" "Mozilla/5.0 (Windows; U; Windows NT 5.1; fr; rv:1.9.0.8) Gecko/2009032609 Firefox/3.0.8"
195.132.158.7 - - [02/Apr/2009:16:17:52 +0200] "GET / HTTP/1.1" 200 3750 "http://unrelease.autiste.org/index.php?herenow=unreleases/U02-ERRUER-USED_TO_FAIL" "Mozilla/5.0 (Windows; U; Windows NT 5.1; fr; rv:1.9.0.8) Gecko/2009032609 Firefox/3.0.8"
195.132.158.7 - - [02/Apr/2009:16:17:55 +0200] "GET /index.php?herenow=unreleases/U03-MANUCHAOS%20-%20THE%20FLOOD HTTP/1.1" 200 4880 "http://unrelease.autiste.org/" "Mozilla/5.0 (Windows; U; Windows NT 5.1; fr; rv:1.9.0.8) Gecko/2009032609 Firefox/3.0.8"
195.132.158.7 - - [02/Apr/2009:16:17:55 +0200] "GET /unreleases/U03-MANUCHAOS%20-%20THE%20FLOOD/cover.jpg HTTP/1.1" 200 737117 "http://unrelease.autiste.org/index.php?herenow=unreleases/U03-MANUCHAOS%20-%20THE%20FLOOD" "Mozilla/5.0 (Windows; U; Windows NT 5.1; fr; rv:1.9.0.8) Gecko/2009032609 Firefox/3.0.8"
195.132.158.7 - - [02/Apr/2009:16:17:59 +0200] "GET /unreleases/U03-MANUCHAOS%20-%20THE%20FLOOD/TheFloodVerso.jpg HTTP/1.1" 200 1959642 "http://unrelease.autiste.org/index.php?herenow=unreleases/U03-MANUCHAOS%20-%20THE%20FLOOD" "Mozilla/5.0 (Windows; U; Windows NT 5.1; fr; rv:1.9.0.8) Gecko/2009032609 Firefox/3.0.8"
195.132.158.7 - - [02/Apr/2009:16:18:06 +0200] "GET /unreleases/U03-MANUCHAOS%20-%20THE%20FLOOD/TheFloodrecto.jpg HTTP/1.1" 200 2625218 "http://unrelease.autiste.org/index.php?herenow=unreleases/U03-MANUCHAOS%20-%20THE%20FLOOD" "Mozilla/5.0 (Windows; U; Windows NT 5.1; fr; rv:1.9.0.8) Gecko/2009032609 Firefox/3.0.8"
195.132.158.7 - - [02/Apr/2009:16:18:11 +0200] "GET /unreleases/U03-MANUCHAOS%20-%20THE%20FLOOD/about.txt HTTP/1.1" 200 97 "http://unrelease.autiste.org/index.php?herenow=unreleases/U03-MANUCHAOS%20-%20THE%20FLOOD" "Mozilla/5.0 (Windows; U; Windows NT 5.1; fr; rv:1.9.0.8) Gecko/2009032609 Firefox/3.0.8"
66.249.70.54 - - [02/Apr/2009:16:29:39 +0200] "GET /robots.txt HTTP/1.1" 404 208 "-" "Googlebot-Image/1.0"
66.249.70.54 - - [02/Apr/2009:16:29:39 +0200] "GET /unreleases/X00-GORELLAUME%20RADIO/cover.jpg HTTP/1.1" 404 239 "-" "Googlebot-Image/1.0"
81.240.26.135 - - [02/Apr/2009:16:31:20 +0200] "GET /index.php?herenow=unreleases/x00-gorellaume%20radio HTTP/1.1" 200 4164 "-" "Mozilla/4.0 (compatible; MSIE 7.0; Windows NT 5.1)"
81.240.26.135 - - [02/Apr/2009:16:31:20 +0200] "GET /unreleases/x00-gorellaume%20radio/cover.jpg HTTP/1.1" 200 82668 "http://unrelease.autiste.org/index.php?herenow=unreleases/x00-gorellaume%20radio" "Mozilla/4.0 (compatible; MSIE 7.0; Windows NT 5.1)"
81.240.26.135 - - [02/Apr/2009:16:31:21 +0200] "GET /favicon.ico HTTP/1.1" 404 209 "-" "Mozilla/4.0 (compatible; MSIE 7.0; Windows NT 5.1)"
90.40.126.22 - - [02/Apr/2009:16:32:07 +0200] "GET /unreleases/U03-MANUCHAOS%20-%20THE%20FLOOD/cover.jpg HTTP/1.1" 200 737117 "http://www.axesscode.com/mindphaser/viewtopic.php?t=12486&postdays=0&postorder=asc&start=1065" "Mozilla/4.0 (compatible; MSIE 6.0; Windows NT 5.1; SV1; .NET CLR 2.0.50727; .NET CLR 1.1.4322; InfoPath.2)"
82.236.94.195 - - [02/Apr/2009:16:42:13 +0200] "GET /unreleases/U03-MANUCHAOS%20-%20THE%20FLOOD/cover.jpg HTTP/1.1" 200 737117 "http://www.cannibalcaniche.com/forum/viewtopic.php?t=10956" "Mozilla/5.0 (Windows; U; Windows NT 5.1; fr; rv:1.9.0.8) Gecko/2009032609 Firefox/3.0.8"
66.249.70.54 - - [02/Apr/2009:16:56:56 +0200] "GET /index.php?herenow=./logs HTTP/1.1" 200 2169 "-" "Mozilla/5.0 (compatible; Googlebot/2.1; +http://www.google.com/bot.html)"
66.249.70.54 - - [02/Apr/2009:17:12:10 +0200] "GET /index.php?herenow=unreleases/U01-ANIMOMOR HTTP/1.1" 200 2253 "-" "Mozilla/5.0 (compatible; Googlebot/2.1; +http://www.google.com/bot.html)"
159.50.249.149 - - [02/Apr/2009:18:13:59 +0200] "GET /unreleases/U03-MANUCHAOS%20-%20THE%20FLOOD/cover.jpg HTTP/1.1" 200 737117 "http://www.axesscode.com/mindphaser/viewtopic.php?t=12486&postdays=0&postorder=asc&start=1065" "Mozilla/4.0 (compatible; MSIE 6.0; Windows NT 5.1; SV1; .NET CLR 1.1.4322; .NET CLR 1.0.3705; .NET CLR 2.0.50727; .NET CLR 3.0.4506.2152; .NET CLR 3.5.30729)"
217.128.223.115 - - [02/Apr/2009:19:04:42 +0200] "GET /index.php?herenow=unreleases/U02-ERRUER-USED_TO_FAIL HTTP/1.1" 200 3366 "http://my8.statcounter.com/project/standard2/pageload.php?project_id=4417071" "Mozilla/5.0 (Windows; U; Windows NT 5.1; fr; rv:1.9.0.8) Gecko/2009032609 Firefox/3.0.8 (.NET CLR 3.5.30729)"
217.128.223.115 - - [02/Apr/2009:19:04:43 +0200] "GET /favicon.ico HTTP/1.1" 404 209 "-" "Mozilla/5.0 (Windows; U; Windows NT 5.1; fr; rv:1.9.0.8) Gecko/2009032609 Firefox/3.0.8 (.NET CLR 3.5.30729)"
217.128.223.115 - - [02/Apr/2009:19:04:44 +0200] "GET /favicon.ico HTTP/1.1" 404 209 "-" "Mozilla/5.0 (Windows; U; Windows NT 5.1; fr; rv:1.9.0.8) Gecko/2009032609 Firefox/3.0.8 (.NET CLR 3.5.30729)"
217.128.223.115 - - [02/Apr/2009:19:04:46 +0200] "GET /index.php?herenow=unreleases/U02-ERRUER-USED_TO_FAIL HTTP/1.1" 200 3364 "http://my8.statcounter.com/project/standard2/pageload.php?project_id=4417071" "Mozilla/5.0 (Windows; U; Windows NT 5.1; fr; rv:1.9.0.8) Gecko/2009032609 Firefox/3.0.8 (.NET CLR 3.5.30729)"
217.128.223.115 - - [02/Apr/2009:19:04:47 +0200] "GET /favicon.ico HTTP/1.1" 404 209 "-" "Mozilla/5.0 (Windows; U; Windows NT 5.1; fr; rv:1.9.0.8) Gecko/2009032609 Firefox/3.0.8 (.NET CLR 3.5.30729)"
217.128.223.115 - - [02/Apr/2009:19:07:01 +0200] "GET /favicon.ico HTTP/1.1" 404 209 "-" "Mozilla/5.0 (Windows; U; Windows NT 5.1; fr; rv:1.9.0.8) Gecko/2009032609 Firefox/3.0.8 (.NET CLR 3.5.30729)"
217.128.223.115 - - [02/Apr/2009:19:09:52 +0200] "GET /favicon.ico HTTP/1.1" 404 209 "-" "Mozilla/5.0 (Windows; U; Windows NT 5.1; fr; rv:1.9.0.8) Gecko/2009032609 Firefox/3.0.8 (.NET CLR 3.5.30729)"
66.249.70.54 - - [02/Apr/2009:19:14:57 +0200] "GET /index.php?herenow=unreleases/U00-5TFU-top5-2008 HTTP/1.1" 200 2222 "-" "Mozilla/5.0 (compatible; Googlebot/2.1; +http://www.google.com/bot.html)"
66.249.70.54 - - [02/Apr/2009:19:30:21 +0200] "GET /logs/error.log HTTP/1.1" 200 33184 "-" "Mozilla/5.0 (compatible; Googlebot/2.1; +http://www.google.com/bot.html)"
81.247.224.128 - - [02/Apr/2009:21:12:39 +0200] "GET /unreleases/U03-MANUCHAOS%20-%20THE%20FLOOD/cover.jpg HTTP/1.1" 200 737117 "http://www.axesscode.com/mindphaser/viewtopic.php?t=12486&postdays=0&postorder=asc&start=1065&sid=89fe455affbc4f7ccf6145c277c91244" "Mozilla/5.0 (Windows; U; Windows NT 6.0; fr; rv:1.9.0.8) Gecko/2009032609 Firefox/3.0.8"
86.69.25.177 - - [02/Apr/2009:21:27:30 +0200] "GET /index.php?herenow=unreleases/x00-gorellaume%20radio HTTP/1.1" 200 4165 "-" "Mozilla/5.0 (X11; U; Linux i686; fr; rv:1.9.0.8) Gecko/2009032711 Ubuntu/8.10 (intrepid) Firefox/3.0.8"
86.69.25.177 - - [02/Apr/2009:21:27:30 +0200] "GET /unreleases/x00-gorellaume%20radio/cover.jpg HTTP/1.1" 200 82668 "http://unrelease.autiste.org/index.php?herenow=unreleases/x00-gorellaume%20radio" "Mozilla/5.0 (X11; U; Linux i686; fr; rv:1.9.0.8) Gecko/2009032711 Ubuntu/8.10 (intrepid) Firefox/3.0.8"
86.69.25.177 - - [02/Apr/2009:21:27:31 +0200] "GET /favicon.ico HTTP/1.1" 404 209 "-" "Mozilla/5.0 (X11; U; Linux i686; fr; rv:1.9.0.8) Gecko/2009032711 Ubuntu/8.10 (intrepid) Firefox/3.0.8"
86.69.25.177 - - [02/Apr/2009:21:27:34 +0200] "GET /favicon.ico HTTP/1.1" 404 209 "-" "Mozilla/5.0 (X11; U; Linux i686; fr; rv:1.9.0.8) Gecko/2009032711 Ubuntu/8.10 (intrepid) Firefox/3.0.8"
86.69.25.177 - - [02/Apr/2009:21:27:35 +0200] "GET /unreleases/x00-gorellaume%20radio/11.Papy%20Microgramm%20Radio%20Show%20(%20mai%202005%20).mp3 HTTP/1.1" 200 48530393 "http://unrelease.autiste.org/index.php?herenow=unreleases/x00-gorellaume%20radio" "Mozilla/5.0 (X11; U; Linux i686; fr; rv:1.9.0.8) Gecko/2009032711 Ubuntu/8.10 (intrepid) Firefox/3.0.8"
86.69.25.177 - - [02/Apr/2009:21:27:36 +0200] "GET /unreleases/x00-gorellaume%20radio/11.Papy%20Microgramm%20Radio%20Show%20(%20mai%202005%20).mp3 HTTP/1.0" 200 48530393 "-" "xine/1.1.15"
86.69.25.177 - - [02/Apr/2009:22:26:14 +0200] "GET /unreleases/x00-gorellaume%20radio/04.Gorellaume%20Nomad%20Session%202%20Radio%20404%20(%20octobre%202008).mp3 HTTP/1.1" 200 71501280 "http://unrelease.autiste.org/index.php?herenow=unreleases/x00-gorellaume%20radio" "Mozilla/5.0 (X11; U; Linux i686; fr; rv:1.9.0.8) Gecko/2009032711 Ubuntu/8.10 (intrepid) Firefox/3.0.8"
86.69.25.177 - - [02/Apr/2009:22:26:15 +0200] "GET /unreleases/x00-gorellaume%20radio/04.Gorellaume%20Nomad%20Session%202%20Radio%20404%20(%20octobre%202008).mp3 HTTP/1.0" 200 71501280 "-" "xine/1.1.15"
71.41.201.38 - - [02/Apr/2009:22:59:24 +0200] "GET /unreleases/U01-ANIMOMOR/ HTTP/1.1" 200 1056 "-" "MLBot (www.metadatalabs.com/mlbot)"
71.41.201.38 - - [02/Apr/2009:23:07:57 +0200] "GET /unreleases/U01-ANIMOMOR/?board=22.0 HTTP/1.1" 200 1056 "-" "MLBot (www.metadatalabs.com/mlbot)"
71.41.201.38 - - [02/Apr/2009:23:09:55 +0200] "GET /unreleases/U01-ANIMOMOR/?std_teaser=291 HTTP/1.1" 200 1056 "-" "MLBot (www.metadatalabs.com/mlbot)"
71.41.201.38 - - [02/Apr/2009:23:11:25 +0200] "GET /unreleases/U01-ANIMOMOR/?D=A HTTP/1.1" 200 1056 "-" "MLBot (www.metadatalabs.com/mlbot)"
71.41.201.38 - - [02/Apr/2009:23:12:35 +0200] "GET /unreleases/U01-ANIMOMOR/?Gazete_Id= HTTP/1.1" 200 1056 "-" "MLBot (www.metadatalabs.com/mlbot)"
71.41.201.38 - - [02/Apr/2009:23:13:29 +0200] "GET /unreleases/U01-ANIMOMOR/?c=upload HTTP/1.1" 200 1056 "-" "MLBot (www.metadatalabs.com/mlbot)"
71.41.201.38 - - [02/Apr/2009:23:14:16 +0200] "GET /unreleases/U01-ANIMOMOR/?deptID=4304 HTTP/1.1" 200 1056 "-" "MLBot (www.metadatalabs.com/mlbot)"
71.41.201.38 - - [02/Apr/2009:23:14:50 +0200] "GET /unreleases/U01-ANIMOMOR/?tid=15344 HTTP/1.1" 200 1056 "-" "MLBot (www.metadatalabs.com/mlbot)"
208.80.195.37 - - [02/Apr/2009:23:48:00 +0200] "GET / HTTP/1.0" 200 3747 "-" "Mozilla/4.0 (compatible; MSIE 7.0; AOL 9.0; Windows NT 5.1; Tablet PC 1.7; .NET CLR 1.0.3705; .NET CLR 1.1.4322)"
71.41.201.38 - - [03/Apr/2009:02:26:38 +0200] "GET /unreleases/U01-ANIMOMOR/?DA HTTP/1.1" 200 1056 "-" "MLBot (www.metadatalabs.com/mlbot)"
66.249.70.54 - - [03/Apr/2009:11:15:46 +0200] "GET /robots.txt HTTP/1.1" 404 208 "-" "Googlebot-Image/1.0"
66.249.70.54 - - [03/Apr/2009:11:15:46 +0200] "GET /unreleases/U03-MANUCHAOS%20-%20THE%20FLOOD/TheFloodVerso.jpg HTTP/1.1" 200 1959642 "-" "Googlebot-Image/1.0"
90.15.153.174 - - [03/Apr/2009:17:40:44 +0200] "GET /unreleases/U01-ANIMOMOR/ANIMOR2-LORIE_09.mp3 HTTP/1.1" 200 2333046 "-" "Mozilla/5.0 (Windows; U; Windows NT 5.1; fr; rv:1.9.0.8) Gecko/2009032609 Firefox/3.0.8"
74.6.8.90 - - [03/Apr/2009:20:37:20 +0200] "GET /robots.txt HTTP/1.0" 404 208 "-" "Mozilla/5.0 (compatible; Yahoo! Slurp; http://help.yahoo.com/help/us/ysearch/slurp)"
74.6.8.90 - - [03/Apr/2009:20:37:20 +0200] "GET /index.php?herenow=unreleases/U03-MANUCHAOS%20-%20THE%20FLOOD HTTP/1.0" 200 4881 "-" "Mozilla/5.0 (compatible; Yahoo! Slurp/3.0; http://help.yahoo.com/help/us/ysearch/slurp)"
74.6.8.90 - - [03/Apr/2009:20:40:23 +0200] "GET /unreleases/U03-MANUCHAOS%20-%20THE%20FLOOD/about.txt HTTP/1.0" 200 97 "-" "Mozilla/5.0 (compatible; Yahoo! Slurp/3.0; http://help.yahoo.com/help/us/ysearch/slurp)"
80.118.66.244 - - [03/Apr/2009:20:45:21 +0200] "GET /unreleases/U03-MANUCHAOS%20-%20THE%20FLOOD/cover.jpg HTTP/1.1" 200 737117 "http://www.axesscode.com/mindphaser/viewtopic.php?t=12486&postdays=0&postorder=asc&start=1065" "Mozilla/5.0 (Windows; U; Windows NT 5.1; fr; rv:1.9.0.8) Gecko/2009032609 Firefox/3.0.8"
195.221.138.207 - - [03/Apr/2009:20:46:53 +0200] "GET /unreleases/U03-MANUCHAOS%20-%20THE%20FLOOD/cover.jpg HTTP/1.1" 200 737117 "http://www.cannibalcaniche.com/forum/viewtopic.php?start=0&t=10956" "mozilla/5.0 (compatible; INA dlweb; +http://www.ina.fr/entreprise/activites/depot-legal-radio-tele/depot-legal-web.html)"
71.41.201.38 - - [03/Apr/2009:23:04:00 +0200] "GET /robots.txt HTTP/1.1" 404 208 "-" "MLBot (www.metadatalabs.com/mlbot)"
71.41.201.38 - - [03/Apr/2009:23:04:01 +0200] "GET /index.php?herenow=unreleases/01-5TFU-top5-2008 HTTP/1.1" 200 2095 "-" "MLBot (www.metadatalabs.com/mlbot)"
208.80.195.28 - - [04/Apr/2009:03:46:21 +0200] "GET / HTTP/1.0" 200 3747 "-" "Mozilla/4.0 (compatible; MSIE 6.0; AOL 9.0; Windows NT 5.1; {B67D7206-A6A1-B001-0A10-9D42E32479C4}; FunWebProducts)"
66.249.70.54 - - [04/Apr/2009:05:08:16 +0200] "GET /robots.txt HTTP/1.1" 404 208 "-" "Googlebot-Image/1.0"
66.249.70.54 - - [04/Apr/2009:05:08:17 +0200] "GET /unreleases/U03-MANUCHAOS%20-%20THE%20FLOOD/cover2.jpg HTTP/1.1" 200 686687 "-" "Googlebot-Image/1.0"
71.41.201.38 - - [04/Apr/2009:07:55:57 +0200] "GET /unreleases/U00-5TFU-top5-2008/ HTTP/1.1" 200 930 "-" "MLBot (www.metadatalabs.com/mlbot)"
92.133.118.44 - - [04/Apr/2009:10:26:39 +0200] "GET /unreleases/U03-MANUCHAOS%20-%20THE%20FLOOD/cover.jpg HTTP/1.1" 200 737117 "http://www.axesscode.com/mindphaser/viewtopic.php?t=12486&postdays=0&postorder=asc&start=1065" "Mozilla/4.0 (compatible; MSIE 6.0; Windows NT 5.1; Orange 8.0; .NET CLR 1.0.3705)"
71.41.201.38 - - [04/Apr/2009:11:26:43 +0200] "GET /unreleases/U03-MANUCHAOS%20-%20THE%20FLOOD/ HTTP/1.1" 200 5868 "-" "MLBot (www.metadatalabs.com/mlbot)"
90.35.15.226 - - [04/Apr/2009:11:27:02 +0200] "GET /index.php?herenow=unreleases/x00-gorellaume%20radio HTTP/1.1" 200 4165 "-" "Mozilla/5.0 (Macintosh; U; Intel Mac OS X 10.5; fr; rv:1.9.0.8) Gecko/2009032608 Firefox/3.0.8"
90.35.15.226 - - [04/Apr/2009:11:27:02 +0200] "GET /unreleases/x00-gorellaume%20radio/cover.jpg HTTP/1.1" 200 82668 "http://unrelease.autiste.org/index.php?herenow=unreleases/x00-gorellaume%20radio" "Mozilla/5.0 (Macintosh; U; Intel Mac OS X 10.5; fr; rv:1.9.0.8) Gecko/2009032608 Firefox/3.0.8"
90.35.15.226 - - [04/Apr/2009:11:27:03 +0200] "GET /favicon.ico HTTP/1.1" 404 209 "-" "Mozilla/5.0 (Macintosh; U; Intel Mac OS X 10.5; fr; rv:1.9.0.8) Gecko/2009032608 Firefox/3.0.8"
90.35.15.226 - - [04/Apr/2009:11:27:05 +0200] "GET /favicon.ico HTTP/1.1" 404 209 "-" "Mozilla/5.0 (Macintosh; U; Intel Mac OS X 10.5; fr; rv:1.9.0.8) Gecko/2009032608 Firefox/3.0.8"
71.41.201.38 - - [04/Apr/2009:11:29:16 +0200] "GET /unreleases/U03-MANUCHAOS%20-%20THE%20FLOOD/manuchaos-the%20flood.rar HTTP/1.1" 200 49293567 "-" "MLBot (www.metadatalabs.com/mlbot)"
71.41.201.38 - - [04/Apr/2009:11:31:14 +0200] "GET /unreleases/U03-MANUCHAOS%20-%20THE%20FLOOD/?et=nQxOWx HTTP/1.1" 200 5868 "-" "MLBot (www.metadatalabs.com/mlbot)"
71.41.201.38 - - [04/Apr/2009:11:32:45 +0200] "GET /unreleases/U03-MANUCHAOS%20-%20THE%20FLOOD/?D=A HTTP/1.1" 200 5868 "-" "MLBot (www.metadatalabs.com/mlbot)"
71.41.201.38 - - [04/Apr/2009:11:33:56 +0200] "HEAD /unreleases/U03-MANUCHAOS%20-%20THE%20FLOOD/?op=edit&bkmk=http://www.indicevideos.com/video/Concurso_Tanguillos_2008_Primer_premio_grupo_juvenil/35kOXuU-z2w/&title=Concurso%20Tanguillos%202008%20(Primer%20premio%20grupo%20juvenil) HTTP/1.1" 200 - "-" "MLBot (www.metadatalabs.com/mlbot)"
71.41.201.38 - - [04/Apr/2009:11:33:56 +0200] "GET /unreleases/U03-MANUCHAOS%20-%20THE%20FLOOD/?op=edit&bkmk=http://www.indicevideos.com/video/Concurso_Tanguillos_2008_Primer_premio_grupo_juvenil/35kOXuU-z2w/&title=Concurso%20Tanguillos%202008%20(Primer%20premio%20grupo%20juvenil) HTTP/1.1" 200 5868 "-" "MLBot (www.metadatalabs.com/mlbot)"
85.68.186.9 - - [04/Apr/2009:12:17:19 +0200] "GET /unreleases/U03-MANUCHAOS%20-%20THE%20FLOOD/cover.jpg HTTP/1.1" 200 737117 "http://www.cannibalcaniche.com/forum/viewtopic.php?t=10956" "Mozilla/5.0 (X11; U; Linux i686; en-US; rv:1.9.0.8) Gecko/2009033118 Mandriva/1.9.0.8-0.1mdv2008.1 (2008.1) Firefox/3.0.8"
82.233.143.111 - - [04/Apr/2009:12:18:55 +0200] "GET /unreleases/U03-MANUCHAOS%20-%20THE%20FLOOD/1_manuchaos-the%20flood_FULLARCHIVE.rar HTTP/1.1" 200 42638787 "http://www.axesscode.com/mindphaser/viewtopic.php?t=12486&start=1140" "Mozilla/5.0 (Windows; U; Windows NT 5.1; fr; rv:1.9.0.8) Gecko/2009032609 Firefox/3.0.8"
80.13.202.12 - - [04/Apr/2009:13:11:12 +0200] "GET /unreleases/U03-MANUCHAOS%20-%20THE%20FLOOD/cover.jpg HTTP/1.1" 200 737117 "http://www.axesscode.com/mindphaser/viewtopic.php?t=12486&postdays=0&postorder=asc&start=1065" "Mozilla/5.0 (Macintosh; U; Intel Mac OS X 10.5; fr; rv:1.9.0.8) Gecko/2009032608 Firefox/3.0.8 FirePHP/0.2.4"
79.80.247.248 - - [04/Apr/2009:14:05:41 +0200] "GET /index.php?herenow=unreleases/x00-gorellaume%20radio HTTP/1.1" 200 4164 "-" "Mozilla/5.0 (Macintosh; U; Intel Mac OS X 10.5; fr; rv:1.9.0.8) Gecko/2009032608 Firefox/3.0.8"
79.80.247.248 - - [04/Apr/2009:14:05:41 +0200] "GET /unreleases/x00-gorellaume%20radio/cover.jpg HTTP/1.1" 200 82668 "http://unrelease.autiste.org/index.php?herenow=unreleases/x00-gorellaume%20radio" "Mozilla/5.0 (Macintosh; U; Intel Mac OS X 10.5; fr; rv:1.9.0.8) Gecko/2009032608 Firefox/3.0.8"
79.80.247.248 - - [04/Apr/2009:14:05:42 +0200] "GET /favicon.ico HTTP/1.1" 404 209 "-" "Mozilla/5.0 (Macintosh; U; Intel Mac OS X 10.5; fr; rv:1.9.0.8) Gecko/2009032608 Firefox/3.0.8"
79.80.247.248 - - [04/Apr/2009:14:05:45 +0200] "GET /favicon.ico HTTP/1.1" 404 209 "-" "Mozilla/5.0 (Macintosh; U; Intel Mac OS X 10.5; fr; rv:1.9.0.8) Gecko/2009032608 Firefox/3.0.8"
79.80.247.248 - - [04/Apr/2009:14:06:05 +0200] "GET /unreleases/x00-gorellaume%20radio/10.Gorellaume%20Nomad%20Session%208%20(%20mars%202009)%20radio%20404.mp3 HTTP/1.1" 200 68341760 "http://unrelease.autiste.org/index.php?herenow=unreleases/x00-gorellaume%20radio" "Mozilla/5.0 (Macintosh; U; Intel Mac OS X 10.5; fr; rv:1.9.0.8) Gecko/2009032608 Firefox/3.0.8"
79.80.247.248 - - [04/Apr/2009:14:49:02 +0200] "GET /unreleases/x00-gorellaume%20radio/09.Gorellaume%20Nomad%20Session%207%20special%20Gestlat%20Death%20Squad%20(%20mars%202009)%20radio%20404.mp3 HTTP/1.1" 200 73827840 "http://unrelease.autiste.org/index.php?herenow=unreleases/x00-gorellaume%20radio" "Mozilla/5.0 (Macintosh; U; Intel Mac OS X 10.5; fr; rv:1.9.0.8) Gecko/2009032608 Firefox/3.0.8"
66.249.70.54 - - [04/Apr/2009:14:51:44 +0200] "GET /unreleases/U03-MANUCHAOS%20-%20THE%20FLOOD/TheFloodrecto.jpg HTTP/1.1" 200 2625218 "-" "Googlebot-Image/1.0"
79.80.247.248 - - [04/Apr/2009:14:51:51 +0200] "GET /unreleases/x00-gorellaume%20radio/08.Gorellaume%20Nomad%20Session%206%20(%20fevrier%202009)%20radio%20404.mp3 HTTP/1.1" 200 73088160 "http://unrelease.autiste.org/index.php?herenow=unreleases/x00-gorellaume%20radio" "Mozilla/5.0 (Macintosh; U; Intel Mac OS X 10.5; fr; rv:1.9.0.8) Gecko/2009032608 Firefox/3.0.8"
79.80.247.248 - - [04/Apr/2009:15:33:47 +0200] "GET /unreleases/x00-gorellaume%20radio/07.Gorellaume%20Nomad%20Session%205%20(%20fevrier%202009)%20radio%20404.mp3 HTTP/1.1" 200 72957660 "http://unrelease.autiste.org/index.php?herenow=unreleases/x00-gorellaume%20radio" "Mozilla/5.0 (Macintosh; U; Intel Mac OS X 10.5; fr; rv:1.9.0.8) Gecko/2009032608 Firefox/3.0.8"
66.249.70.54 - - [04/Apr/2009:16:33:00 +0200] "GET /index.php?herenow=unreleases/U01-ANIMOMOR HTTP/1.1" 200 2254 "-" "Mozilla/5.0 (compatible; Googlebot/2.1; +http://www.google.com/bot.html)"
66.249.70.54 - - [04/Apr/2009:17:50:50 +0200] "GET /robots.txt HTTP/1.1" 404 208 "-" "Mozilla/5.0 (compatible; Googlebot/2.1; +http://www.google.com/bot.html)"
66.249.70.54 - - [04/Apr/2009:17:50:51 +0200] "GET /index.php?herenow=unreleases/U03-MANUCHAOS%20-%20THE%20FLOOD HTTP/1.1" 200 4882 "-" "Mozilla/5.0 (compatible; Googlebot/2.1; +http://www.google.com/bot.html)"
82.123.31.155 - - [04/Apr/2009:17:52:10 +0200] "GET /index.php?herenow=unreleases/x00-gorellaume%20radio HTTP/1.1" 200 4166 "-" "Mozilla/5.0 (Macintosh; U; PPC Mac OS X Mach-O; fr; rv:1.8.1.20) Gecko/20081217 Firefox/2.0.0.20"
82.123.31.155 - - [04/Apr/2009:17:52:10 +0200] "GET /unreleases/x00-gorellaume%20radio/cover.jpg HTTP/1.1" 200 82668 "http://unrelease.autiste.org/index.php?herenow=unreleases/x00-gorellaume%20radio" "Mozilla/5.0 (Macintosh; U; PPC Mac OS X Mach-O; fr; rv:1.8.1.20) Gecko/20081217 Firefox/2.0.0.20"
82.123.31.155 - - [04/Apr/2009:17:52:12 +0200] "GET /favicon.ico HTTP/1.1" 404 209 "-" "Mozilla/5.0 (Macintosh; U; PPC Mac OS X Mach-O; fr; rv:1.8.1.20) Gecko/20081217 Firefox/2.0.0.20"
82.123.31.155 - - [04/Apr/2009:17:52:38 +0200] "GET /favicon.ico HTTP/1.1" 404 209 "-" "Mozilla/5.0 (Macintosh; U; PPC Mac OS X Mach-O; fr; rv:1.8.1.20) Gecko/20081217 Firefox/2.0.0.20"
72.30.79.90 - - [04/Apr/2009:17:55:50 +0200] "GET /robots.txt HTTP/1.0" 404 208 "-" "Mozilla/5.0 (compatible; Yahoo! Slurp; http://help.yahoo.com/help/us/ysearch/slurp)"
72.30.79.90 - - [04/Apr/2009:17:55:50 +0200] "GET /index.php?herenow=unreleases/brouillons/erruer%20live%20test HTTP/1.0" 200 2205 "-" "Mozilla/5.0 (compatible; Yahoo! Slurp/3.0; http://help.yahoo.com/help/us/ysearch/slurp)"
82.123.31.155 - - [04/Apr/2009:18:01:49 +0200] "GET /favicon.ico HTTP/1.1" 404 209 "-" "Mozilla/5.0 (Macintosh; U; PPC Mac OS X Mach-O; fr; rv:1.8.1.20) Gecko/20081217 Firefox/2.0.0.20"
82.123.31.155 - - [04/Apr/2009:18:01:52 +0200] "GET /unreleases/x00-gorellaume%20radio/01.Gorellaume%20CountryRadio1%20(Cannibal%20Caniche%202008).mp3 HTTP/1.1" 200 136245120 "http://unrelease.autiste.org/index.php?herenow=unreleases/x00-gorellaume%20radio" "Mozilla/5.0 (Macintosh; U; PPC Mac OS X Mach-O; fr; rv:1.8.1.20) Gecko/20081217 Firefox/2.0.0.20"
82.123.31.155 - - [04/Apr/2009:18:07:02 +0200] "GET /favicon.ico HTTP/1.1" 404 209 "-" "Mozilla/5.0 (Macintosh; U; PPC Mac OS X Mach-O; fr; rv:1.8.1.20) Gecko/20081217 Firefox/2.0.0.20"
82.123.31.155 - - [04/Apr/2009:18:09:26 +0200] "GET /favicon.ico HTTP/1.1" 404 209 "-" "Mozilla/5.0 (Macintosh; U; PPC Mac OS X Mach-O; fr; rv:1.8.1.20) Gecko/20081217 Firefox/2.0.0.20"
82.123.31.155 - - [04/Apr/2009:18:22:09 +0200] "GET /favicon.ico HTTP/1.1" 404 209 "-" "Mozilla/5.0 (Macintosh; U; PPC Mac OS X Mach-O; fr; rv:1.8.1.20) Gecko/20081217 Firefox/2.0.0.20"
82.123.31.155 - - [04/Apr/2009:18:25:46 +0200] "GET /favicon.ico HTTP/1.1" 404 209 "-" "Mozilla/5.0 (Macintosh; U; PPC Mac OS X Mach-O; fr; rv:1.8.1.20) Gecko/20081217 Firefox/2.0.0.20"
82.123.31.155 - - [04/Apr/2009:18:25:53 +0200] "GET /favicon.ico HTTP/1.1" 404 209 "-" "Mozilla/5.0 (Macintosh; U; PPC Mac OS X Mach-O; fr; rv:1.8.1.20) Gecko/20081217 Firefox/2.0.0.20"
82.123.31.155 - - [04/Apr/2009:18:27:05 +0200] "GET /favicon.ico HTTP/1.1" 404 209 "-" "Mozilla/5.0 (Macintosh; U; PPC Mac OS X Mach-O; fr; rv:1.8.1.20) Gecko/20081217 Firefox/2.0.0.20"
82.123.31.155 - - [04/Apr/2009:18:30:48 +0200] "GET /favicon.ico HTTP/1.1" 404 209 "-" "Mozilla/5.0 (Macintosh; U; PPC Mac OS X Mach-O; fr; rv:1.8.1.20) Gecko/20081217 Firefox/2.0.0.20"
85.168.31.184 - - [04/Apr/2009:18:34:37 +0200] "GET /index.php?herenow=unreleases/U04-IDIOT%20DIRTY%20MAN%20-%20INUTILE%20BEAT%20MUSIC HTTP/1.1" 200 4318 "http://www.cannibalcaniche.com/forum/viewtopic.php?t=11158" "Mozilla/5.0 (Macintosh; U; Intel Mac OS X 10_5_4; fr-fr) AppleWebKit/525.18 (KHTML, like Gecko) Version/3.1.2 Safari/525.20.1"
85.168.31.184 - - [04/Apr/2009:18:34:37 +0200] "GET /favicon.ico HTTP/1.1" 404 209 "http://unrelease.autiste.org/index.php?herenow=unreleases/U04-IDIOT%20DIRTY%20MAN%20-%20INUTILE%20BEAT%20MUSIC" "Mozilla/5.0 (Macintosh; U; Intel Mac OS X 10_5_4; fr-fr) AppleWebKit/525.18 (KHTML, like Gecko) Version/3.1.2 Safari/525.20.1"
85.168.31.184 - - [04/Apr/2009:18:34:37 +0200] "GET /unreleases/U04-IDIOT%20DIRTY%20MAN%20-%20INUTILE%20BEAT%20MUSIC/cover.jpg HTTP/1.1" 200 88106 "http://unrelease.autiste.org/index.php?herenow=unreleases/U04-IDIOT%20DIRTY%20MAN%20-%20INUTILE%20BEAT%20MUSIC" "Mozilla/5.0 (Macintosh; U; Intel Mac OS X 10_5_4; fr-fr) AppleWebKit/525.18 (KHTML, like Gecko) Version/3.1.2 Safari/525.20.1"
85.168.31.184 - - [04/Apr/2009:18:35:10 +0200] "GET /unreleases/U04-IDIOT%20DIRTY%20MAN%20-%20INUTILE%20BEAT%20MUSIC/01.Idiot%20Dirty%20Man%20-%20All%20My%20Circuits.mp3 HTTP/1.1" 200 3132673 "http://unrelease.autiste.org/index.php?herenow=unreleases/U04-IDIOT%20DIRTY%20MAN%20-%20INUTILE%20BEAT%20MUSIC" "Mozilla/5.0 (Macintosh; U; Intel Mac OS X 10_5_4; fr-fr) AppleWebKit/525.18 (KHTML, like Gecko) Version/3.1.2 Safari/525.20.1"
85.168.31.184 - - [04/Apr/2009:18:35:14 +0200] "GET /index.php?herenow=unreleases/U04-IDIOT%20DIRTY%20MAN%20-%20INUTILE%20BEAT%20MUSIC HTTP/1.1" 200 4321 "-" "Mozilla/5.0 (Macintosh; U; Intel Mac OS X 10_5_4; fr-fr) AppleWebKit/525.18 (KHTML, like Gecko) Version/3.1.2 Safari/525.20.1"
85.168.31.184 - - [04/Apr/2009:18:35:11 +0200] "GET /unreleases/U04-IDIOT%20DIRTY%20MAN%20-%20INUTILE%20BEAT%20MUSIC/01.Idiot%20Dirty%20Man%20-%20All%20My%20Circuits.mp3 HTTP/1.1" 200 3132673 "-" "QuickTime/7.5 (qtver=7.5;cpu=IA32;os=Mac 10.5.4)"
85.168.31.184 - - [04/Apr/2009:18:35:52 +0200] "GET /unreleases/U04-IDIOT%20DIRTY%20MAN%20-%20INUTILE%20BEAT%20MUSIC/01.Idiot%20Dirty%20Man%20-%20All%20My%20Circuits.mp3 HTTP/1.1" 200 3132673 "-" "CFNetwork/330.4"
82.123.31.155 - - [04/Apr/2009:18:36:32 +0200] "GET /favicon.ico HTTP/1.1" 404 209 "-" "Mozilla/5.0 (Macintosh; U; PPC Mac OS X Mach-O; fr; rv:1.8.1.20) Gecko/20081217 Firefox/2.0.0.20"
85.168.31.184 - - [04/Apr/2009:18:36:19 +0200] "GET /unreleases/U04-IDIOT%20DIRTY%20MAN%20-%20INUTILE%20BEAT%20MUSIC/02.Idiot%20Dirty%20Man%20-%20Fuck%20You!.mp3 HTTP/1.1" 200 7199053 "-" "CFNetwork/330.4"
85.168.31.184 - - [04/Apr/2009:18:36:30 +0200] "GET /unreleases/U04-IDIOT%20DIRTY%20MAN%20-%20INUTILE%20BEAT%20MUSIC/04.Idiot%20Dirty%20Man%20-%20Don't%20Be%20Afraid%20I'm%20A%20Nice%20Guy.mp3 HTTP/1.1" 200 5161061 "-" "CFNetwork/330.4"
85.168.31.184 - - [04/Apr/2009:18:36:27 +0200] "GET /unreleases/U04-IDIOT%20DIRTY%20MAN%20-%20INUTILE%20BEAT%20MUSIC/03.Idiot%20Dirty%20Man%20-%20LOL.mp3 HTTP/1.1" 200 6599693 "-" "CFNetwork/330.4"
85.168.31.184 - - [04/Apr/2009:18:37:12 +0200] "GET /unreleases/U04-IDIOT%20DIRTY%20MAN%20-%20INUTILE%20BEAT%20MUSIC/05.Idiot%20Dirty%20Man%20-%20Raped%20By%20You.mp3 HTTP/1.1" 200 4961657 "http://unrelease.autiste.org/index.php?herenow=unreleases/U04-IDIOT%20DIRTY%20MAN%20-%20INUTILE%20BEAT%20MUSIC" "Mozilla/5.0 (Macintosh; U; Intel Mac OS X 10_5_4; fr-fr) AppleWebKit/525.18 (KHTML, like Gecko) Version/3.1.2 Safari/525.20.1"
85.168.31.184 - - [04/Apr/2009:18:37:14 +0200] "GET /index.php?herenow=unreleases/U04-IDIOT%20DIRTY%20MAN%20-%20INUTILE%20BEAT%20MUSIC HTTP/1.1" 200 4322 "-" "Mozilla/5.0 (Macintosh; U; Intel Mac OS X 10_5_4; fr-fr) AppleWebKit/525.18 (KHTML, like Gecko) Version/3.1.2 Safari/525.20.1"
85.168.31.184 - - [04/Apr/2009:18:37:12 +0200] "GET /unreleases/U04-IDIOT%20DIRTY%20MAN%20-%20INUTILE%20BEAT%20MUSIC/05.Idiot%20Dirty%20Man%20-%20Raped%20By%20You.mp3 HTTP/1.1" 200 4961657 "-" "QuickTime/7.5 (qtver=7.5;cpu=IA32;os=Mac 10.5.4)"
85.168.31.184 - - [04/Apr/2009:18:37:22 +0200] "GET /unreleases/U04-IDIOT%20DIRTY%20MAN%20-%20INUTILE%20BEAT%20MUSIC/05.Idiot%20Dirty%20Man%20-%20Raped%20By%20You.mp3 HTTP/1.1" 200 4961657 "-" "CFNetwork/330.4"
82.123.31.155 - - [04/Apr/2009:18:37:32 +0200] "GET /favicon.ico HTTP/1.1" 404 209 "-" "Mozilla/5.0 (Macintosh; U; PPC Mac OS X Mach-O; fr; rv:1.8.1.20) Gecko/20081217 Firefox/2.0.0.20"
85.168.31.184 - - [04/Apr/2009:18:37:31 +0200] "GET /unreleases/U04-IDIOT%20DIRTY%20MAN%20-%20INUTILE%20BEAT%20MUSIC/06.Idiot%20Dirty%20Man%20-%20Treat%20Me%20Like%20A%20Toy.mp3 HTTP/1.1" 200 7049657 "-" "CFNetwork/330.4"
85.168.31.184 - - [04/Apr/2009:18:37:39 +0200] "GET /unreleases/U04-IDIOT%20DIRTY%20MAN%20-%20INUTILE%20BEAT%20MUSIC/07.Idiot%20Dirty%20Man%20-%20Little%20Doggy.mp3 HTTP/1.1" 200 11515889 "-" "CFNetwork/330.4"
85.168.31.184 - - [04/Apr/2009:18:37:47 +0200] "GET /unreleases/U04-IDIOT%20DIRTY%20MAN%20-%20INUTILE%20BEAT%20MUSIC/08.Idiot%20Dirty%20Man%20-%20If%20you%20fucking%20stop%20talking%20to%20me%20you%20won't%20have%20to%20hear%20.mp3 HTTP/1.1" 200 6699917 "-" "CFNetwork/330.4"
85.168.31.184 - - [04/Apr/2009:18:37:51 +0200] "GET /unreleases/U04-IDIOT%20DIRTY%20MAN%20-%20INUTILE%20BEAT%20MUSIC/09.Idiot%20Dirty%20Man%20-%20I%20don't%20want%20to%20know%20about%20your%20emotionnal%20state.mp3 HTTP/1.1" 200 8378669 "-" "CFNetwork/330.4"
85.168.31.184 - - [04/Apr/2009:18:38:04 +0200] "GET /unreleases/U04-IDIOT%20DIRTY%20MAN%20-%20INUTILE%20BEAT%20MUSIC/09.Idiot%20Dirty%20Man%20-%20I%20don't%20want%20to%20know%20about%20your%20emotionnal%20state.mp3 HTTP/1.1" 200 8378669 "-" "CFNetwork/330.4"
85.168.31.184 - - [04/Apr/2009:18:38:43 +0200] "GET /unreleases/U04-IDIOT%20DIRTY%20MAN%20-%20INUTILE%20BEAT%20MUSIC/10.Idiot%20Dirty%20Man%20-%20can%20you%20fucking%20calm%20down%20i'm%20trying%20to%20concentrate.mp3 HTTP/1.1" 200 3083501 "-" "CFNetwork/330.4"
85.168.31.184 - - [04/Apr/2009:18:38:43 +0200] "GET /unreleases/U04-IDIOT%20DIRTY%20MAN%20-%20INUTILE%20BEAT%20MUSIC/Idiot%20Dirty%20Man%20-%20Inutile%20Beat%20Music.zip HTTP/1.1" 200 31317717 "-" "CFNetwork/330.4"
82.123.31.155 - - [04/Apr/2009:18:43:06 +0200] "GET /favicon.ico HTTP/1.1" 404 209 "-" "Mozilla/5.0 (Macintosh; U; PPC Mac OS X Mach-O; fr; rv:1.8.1.20) Gecko/20081217 Firefox/2.0.0.20"
82.123.31.155 - - [04/Apr/2009:18:45:14 +0200] "GET /favicon.ico HTTP/1.1" 404 209 "-" "Mozilla/5.0 (Macintosh; U; PPC Mac OS X Mach-O; fr; rv:1.8.1.20) Gecko/20081217 Firefox/2.0.0.20"
82.123.31.155 - - [04/Apr/2009:18:51:34 +0200] "GET /favicon.ico HTTP/1.1" 404 209 "-" "Mozilla/5.0 (Macintosh; U; PPC Mac OS X Mach-O; fr; rv:1.8.1.20) Gecko/20081217 Firefox/2.0.0.20"
72.30.79.90 - - [04/Apr/2009:20:03:17 +0200] "GET /robots.txt HTTP/1.0" 404 208 "-" "Mozilla/5.0 (compatible; Yahoo! Slurp; http://help.yahoo.com/help/us/ysearch/slurp)"
72.30.79.90 - - [04/Apr/2009:20:03:17 +0200] "GET /index.php?herenow=./unreleases/brouillons HTTP/1.0" 200 3211 "-" "Mozilla/5.0 (compatible; Yahoo! Slurp/3.0; http://help.yahoo.com/help/us/ysearch/slurp)"
88.170.200.37 - - [04/Apr/2009:20:10:18 +0200] "GET /index.php?herenow=unreleases/x00-gorellaume%20radio HTTP/1.1" 200 4166 "-" "Mozilla/5.0 (Macintosh; U; Intel Mac OS X 10.5; fr; rv:1.9.0.8) Gecko/2009032608 Firefox/3.0.8"
88.170.200.37 - - [04/Apr/2009:20:10:18 +0200] "GET /unreleases/x00-gorellaume%20radio/cover.jpg HTTP/1.1" 200 82668 "http://unrelease.autiste.org/index.php?herenow=unreleases/x00-gorellaume%20radio" "Mozilla/5.0 (Macintosh; U; Intel Mac OS X 10.5; fr; rv:1.9.0.8) Gecko/2009032608 Firefox/3.0.8"
88.170.200.37 - - [04/Apr/2009:20:10:19 +0200] "GET /favicon.ico HTTP/1.1" 404 209 "-" "Mozilla/5.0 (Macintosh; U; Intel Mac OS X 10.5; fr; rv:1.9.0.8) Gecko/2009032608 Firefox/3.0.8"
88.170.200.37 - - [04/Apr/2009:20:10:22 +0200] "GET /favicon.ico HTTP/1.1" 404 209 "-" "Mozilla/5.0 (Macintosh; U; Intel Mac OS X 10.5; fr; rv:1.9.0.8) Gecko/2009032608 Firefox/3.0.8"
88.170.200.37 - - [04/Apr/2009:20:10:34 +0200] "GET /unreleases/x00-gorellaume%20radio/01.Gorellaume%20CountryRadio1%20(Cannibal%20Caniche%202008).mp3 HTTP/1.1" 200 136245120 "http://unrelease.autiste.org/index.php?herenow=unreleases/x00-gorellaume%20radio" "Mozilla/5.0 (Macintosh; U; Intel Mac OS X 10.5; fr; rv:1.9.0.8) Gecko/2009032608 Firefox/3.0.8"
78.129.2.219 - - [04/Apr/2009:21:30:57 +0200] "GET /index.php?herenow=unreleases/U03-MANUCHAOS%20-%20THE%20FLOOD HTTP/1.1" 200 4882 "http://www.myspace.com/madamepatate" "Mozilla/5.0 (Windows; U; Windows NT 6.0; fr; rv:1.9.0.8) Gecko/2009032609 Firefox/3.0.8 (.NET CLR 3.5.30729)"
78.129.2.219 - - [04/Apr/2009:21:30:57 +0200] "GET /unreleases/U03-MANUCHAOS%20-%20THE%20FLOOD/cover.jpg HTTP/1.1" 200 737117 "http://unrelease.autiste.org/index.php?herenow=unreleases/U03-MANUCHAOS%20-%20THE%20FLOOD" "Mozilla/5.0 (Windows; U; Windows NT 6.0; fr; rv:1.9.0.8) Gecko/2009032609 Firefox/3.0.8 (.NET CLR 3.5.30729)"
78.129.2.219 - - [04/Apr/2009:21:30:59 +0200] "GET /favicon.ico HTTP/1.1" 404 209 "-" "Mozilla/5.0 (Windows; U; Windows NT 6.0; fr; rv:1.9.0.8) Gecko/2009032609 Firefox/3.0.8 (.NET CLR 3.5.30729)"
78.129.2.219 - - [04/Apr/2009:21:31:02 +0200] "GET /favicon.ico HTTP/1.1" 404 209 "-" "Mozilla/5.0 (Windows; U; Windows NT 6.0; fr; rv:1.9.0.8) Gecko/2009032609 Firefox/3.0.8 (.NET CLR 3.5.30729)"
78.129.2.219 - - [04/Apr/2009:21:31:06 +0200] "GET /unreleases/U03-MANUCHAOS%20-%20THE%20FLOOD/1_manuchaos-the%20flood_FULLARCHIVE.rar HTTP/1.1" 200 42638787 "http://unrelease.autiste.org/index.php?herenow=unreleases/U03-MANUCHAOS%20-%20THE%20FLOOD" "Mozilla/5.0 (Windows; U; Windows NT 6.0; fr; rv:1.9.0.8) Gecko/2009032609 Firefox/3.0.8 (.NET CLR 3.5.30729)"
78.129.2.219 - - [04/Apr/2009:21:31:10 +0200] "GET /unreleases/U03-MANUCHAOS%20-%20THE%20FLOOD/1_manuchaos-the%20flood_FULLARCHIVE.rar HTTP/1.1" 200 42638787 "http://unrelease.autiste.org/index.php?herenow=unreleases/U03-MANUCHAOS%20-%20THE%20FLOOD" "Mozilla/5.0 (Windows; U; Windows NT 6.0; fr; rv:1.9.0.8) Gecko/2009032609 Firefox/3.0.8 (.NET CLR 3.5.30729)"
78.129.2.219 - - [04/Apr/2009:21:31:10 +0200] "GET /unreleases/U03-MANUCHAOS%20-%20THE%20FLOOD/1_manuchaos-the%20flood_FULLARCHIVE.rar HTTP/1.1" 206 31979089 "http://unrelease.autiste.org/index.php?herenow=unreleases/U03-MANUCHAOS%20-%20THE%20FLOOD" "Mozilla/5.0 (Windows; U; Windows NT 6.0; fr; rv:1.9.0.8) Gecko/2009032609 Firefox/3.0.8 (.NET CLR 3.5.30729)"
78.129.2.219 - - [04/Apr/2009:21:31:10 +0200] "GET /unreleases/U03-MANUCHAOS%20-%20THE%20FLOOD/1_manuchaos-the%20flood_FULLARCHIVE.rar HTTP/1.1" 206 10659696 "http://unrelease.autiste.org/index.php?herenow=unreleases/U03-MANUCHAOS%20-%20THE%20FLOOD" "Mozilla/5.0 (Windows; U; Windows NT 6.0; fr; rv:1.9.0.8) Gecko/2009032609 Firefox/3.0.8 (.NET CLR 3.5.30729)"
78.129.2.219 - - [04/Apr/2009:21:32:34 +0200] "GET /unreleases/U03-MANUCHAOS%20-%20THE%20FLOOD/1_manuchaos-the%20flood_FULLARCHIVE.rar HTTP/1.1" 206 11345593 "http://unrelease.autiste.org/index.php?herenow=unreleases/U03-MANUCHAOS%20-%20THE%20FLOOD" "Mozilla/5.0 (Windows; U; Windows NT 6.0; fr; rv:1.9.0.8) Gecko/2009032609 Firefox/3.0.8 (.NET CLR 3.5.30729)"
78.129.2.219 - - [04/Apr/2009:21:31:10 +0200] "GET /unreleases/U03-MANUCHAOS%20-%20THE%20FLOOD/1_manuchaos-the%20flood_FULLARCHIVE.rar HTTP/1.1" 206 21319393 "http://unrelease.autiste.org/index.php?herenow=unreleases/U03-MANUCHAOS%20-%20THE%20FLOOD" "Mozilla/5.0 (Windows; U; Windows NT 6.0; fr; rv:1.9.0.8) Gecko/2009032609 Firefox/3.0.8 (.NET CLR 3.5.30729)"
78.129.2.219 - - [04/Apr/2009:21:32:31 +0200] "GET /unreleases/U03-MANUCHAOS%20-%20THE%20FLOOD/1_manuchaos-the%20flood_FULLARCHIVE.rar HTTP/1.1" 206 12099157 "http://unrelease.autiste.org/index.php?herenow=unreleases/U03-MANUCHAOS%20-%20THE%20FLOOD" "Mozilla/5.0 (Windows; U; Windows NT 6.0; fr; rv:1.9.0.8) Gecko/2009032609 Firefox/3.0.8 (.NET CLR 3.5.30729)"
208.36.144.9 - - [04/Apr/2009:22:22:01 +0200] "GET /robots.txt HTTP/1.0" 404 208 "-" "Mozilla/5.0 (Twiceler-0.9 http://www.cuil.com/twiceler/robot.html)"
90.59.89.253 - - [04/Apr/2009:23:49:28 +0200] "GET /unreleases/U03-MANUCHAOS%20-%20THE%20FLOOD/cover.jpg HTTP/1.1" 200 737117 "http://www.axesscode.com/~axess/mindphaser/viewtopic.php?t=12486&postdays=0&postorder=asc&start=1065" "Mozilla/4.0 (compatible; MSIE 7.0; Windows NT 6.0; GTB5; SLCC1; .NET CLR 2.0.50727; Media Center PC 5.0; .NET CLR 3.5.21022; .NET CLR 3.5.30729; .NET CLR 3.0.30618; Orange 8.0)"
90.59.89.253 - - [04/Apr/2009:23:55:52 +0200] "GET /unreleases/U03-MANUCHAOS%20-%20THE%20FLOOD/cover.jpg HTTP/1.1" 206 734492 "http://www.axesscode.com/~axess/mindphaser/viewtopic.php?t=12486&postdays=0&postorder=asc&start=1065" "Mozilla/4.0 (compatible; MSIE 7.0; Windows NT 6.0; GTB5; SLCC1; .NET CLR 2.0.50727; Media Center PC 5.0; .NET CLR 3.5.21022; .NET CLR 3.5.30729; .NET CLR 3.0.30618; Orange 8.0)"
208.36.144.9 - - [05/Apr/2009:01:00:53 +0200] "GET /unreleases/HARRY%20ONE%20-%20anime%20by%20charles%20saucisse/episode1.html HTTP/1.0" 404 260 "-" "Mozilla/5.0 (Twiceler-0.9 http://www.cuil.com/twiceler/robot.html)"
65.55.105.43 - - [05/Apr/2009:01:07:01 +0200] "GET /robots.txt HTTP/1.1" 404 208 "-" "msnbot/1.1 (+http://search.msn.com/msnbot.htm)"
65.55.105.43 - - [05/Apr/2009:01:07:02 +0200] "GET /index.php?herenow=unreleases/U01-ANIMOMOR HTTP/1.1" 200 2251 "-" "msnbot/1.1 (+http://search.msn.com/msnbot.htm)"
208.80.195.34 - - [05/Apr/2009:07:44:17 +0200] "GET / HTTP/1.0" 200 3748 "-" "Mozilla/4.0 (compatible; MSIE 7.0; Windows NT 5.1; FunWebProducts; snprtz|dialno; .NET CLR 2.0.50727; InfoPath.1)"
79.80.247.248 - - [05/Apr/2009:09:34:09 +0200] "GET /index.php?herenow=unreleases/x00-gorellaume%20radio HTTP/1.1" 200 4162 "-" "Mozilla/5.0 (Macintosh; U; Intel Mac OS X 10.5; fr; rv:1.9.0.8) Gecko/2009032608 Firefox/3.0.8"
79.80.247.248 - - [05/Apr/2009:09:34:09 +0200] "GET /unreleases/x00-gorellaume%20radio/cover.jpg HTTP/1.1" 200 82668 "http://unrelease.autiste.org/index.php?herenow=unreleases/x00-gorellaume%20radio" "Mozilla/5.0 (Macintosh; U; Intel Mac OS X 10.5; fr; rv:1.9.0.8) Gecko/2009032608 Firefox/3.0.8"
79.80.247.248 - - [05/Apr/2009:09:34:10 +0200] "GET /favicon.ico HTTP/1.1" 404 209 "-" "Mozilla/5.0 (Macintosh; U; Intel Mac OS X 10.5; fr; rv:1.9.0.8) Gecko/2009032608 Firefox/3.0.8"
79.80.247.248 - - [05/Apr/2009:09:34:13 +0200] "GET /favicon.ico HTTP/1.1" 404 209 "-" "Mozilla/5.0 (Macintosh; U; Intel Mac OS X 10.5; fr; rv:1.9.0.8) Gecko/2009032608 Firefox/3.0.8"
79.80.247.248 - - [05/Apr/2009:09:34:13 +0200] "GET /unreleases/x00-gorellaume%20radio/01.Gorellaume%20CountryRadio1%20(Cannibal%20Caniche%202008).mp3 HTTP/1.1" 200 136245120 "http://unrelease.autiste.org/index.php?herenow=unreleases/x00-gorellaume%20radio" "Mozilla/5.0 (Macintosh; U; Intel Mac OS X 10.5; fr; rv:1.9.0.8) Gecko/2009032608 Firefox/3.0.8"
72.30.79.90 - - [05/Apr/2009:10:04:04 +0200] "GET /robots.txt HTTP/1.0" 404 208 "-" "Mozilla/5.0 (compatible; Yahoo! Slurp; http://help.yahoo.com/help/us/ysearch/slurp)"
72.30.79.90 - - [05/Apr/2009:10:04:05 +0200] "GET /index.php?herenow=./unreleases/U00-5TFU-top5-2008 HTTP/1.0" 200 2227 "-" "Mozilla/5.0 (compatible; Yahoo! Slurp/3.0; http://help.yahoo.com/help/us/ysearch/slurp)"
79.80.247.248 - - [05/Apr/2009:10:05:05 +0200] "GET /unreleases/x00-gorellaume%20radio/03.Gorellaume%20Nomad%20Session%201%20Radio%20404%20(%20octobre%202008).mp3 HTTP/1.1" 200 88975200 "http://unrelease.autiste.org/index.php?herenow=unreleases/x00-gorellaume%20radio" "Mozilla/5.0 (Macintosh; U; Intel Mac OS X 10.5; fr; rv:1.9.0.8) Gecko/2009032608 Firefox/3.0.8"
72.30.79.90 - - [05/Apr/2009:12:11:18 +0200] "GET /index.php?herenow=unreleases/U01-ANIMOMOR HTTP/1.0" 200 2251 "-" "Mozilla/5.0 (compatible; Yahoo! Slurp/3.0; http://help.yahoo.com/help/us/ysearch/slurp)"
85.27.55.101 - - [05/Apr/2009:12:43:53 +0200] "GET /index.php?herenow=unreleases/x00-gorellaume%20radio HTTP/1.1" 200 4165 "-" "Mozilla/5.0 (Macintosh; U; Intel Mac OS X 10.5; fr; rv:1.9.0.8) Gecko/2009032608 Firefox/3.0.8"
85.27.55.101 - - [05/Apr/2009:12:43:53 +0200] "GET /unreleases/x00-gorellaume%20radio/cover.jpg HTTP/1.1" 200 82668 "http://unrelease.autiste.org/index.php?herenow=unreleases/x00-gorellaume%20radio" "Mozilla/5.0 (Macintosh; U; Intel Mac OS X 10.5; fr; rv:1.9.0.8) Gecko/2009032608 Firefox/3.0.8"
85.27.55.101 - - [05/Apr/2009:12:43:53 +0200] "GET /favicon.ico HTTP/1.1" 404 209 "-" "Mozilla/5.0 (Macintosh; U; Intel Mac OS X 10.5; fr; rv:1.9.0.8) Gecko/2009032608 Firefox/3.0.8"
85.27.55.101 - - [05/Apr/2009:12:43:56 +0200] "GET /favicon.ico HTTP/1.1" 404 209 "-" "Mozilla/5.0 (Macintosh; U; Intel Mac OS X 10.5; fr; rv:1.9.0.8) Gecko/2009032608 Firefox/3.0.8"
