65.55.105.27 - - [16/Apr/2009:18:33:53 +0200] "GET /index.php?herenow=unreleases/U04-IDIOT%20DIRTY%20MAN%20-%20INUTILE%20BEAT%20MUSIC HTTP/1.1" 200 4358 "-" "msnbot/1.1 (+http://search.msn.com/msnbot.htm)"
66.249.70.149 - - [16/Apr/2009:19:10:13 +0200] "GET /index.php?herenow=unreleases/U04-IDIOT%20DIRTY%20MAN%20-%20INUTILE%20BEAT%20MUSIC HTTP/1.1" 200 4357 "-" "Mozilla/5.0 (compatible; Googlebot/2.1; +http://www.google.com/bot.html)"
66.249.70.149 - - [16/Apr/2009:19:48:34 +0200] "GET /index.php?herenow=unreleases/U02-ERRUER-USED_TO_FAIL HTTP/1.1" 200 3368 "-" "Mozilla/5.0 (compatible; Googlebot/2.1; +http://www.google.com/bot.html)"
66.249.70.149 - - [16/Apr/2009:20:37:25 +0200] "GET /unreleases/x00-gorellaume%20radio/cover.jpg HTTP/1.1" 200 82668 "-" "Googlebot-Image/1.0"
65.55.105.40 - - [16/Apr/2009:20:47:30 +0200] "GET /robots.txt HTTP/1.1" 404 208 "-" "msnbot/1.1 (+http://search.msn.com/msnbot.htm)"
65.55.105.40 - - [16/Apr/2009:20:47:30 +0200] "GET /index.php?herenow=unreleases/U01-ANIMOMOR/makettes HTTP/1.1" 200 2298 "-" "msnbot/1.1 (+http://search.msn.com/msnbot.htm)"
65.55.105.40 - - [16/Apr/2009:21:31:11 +0200] "GET /index.php?herenow=unreleases/brouillons/LE%20MATIN%20DIARY HTTP/1.1" 200 2752 "-" "msnbot/1.1 (+http://search.msn.com/msnbot.htm)"
65.55.110.232 - - [16/Apr/2009:21:32:26 +0200] "GET /index.php?herenow=unreleases/brouillons/LE%20MATIN%20DIARY HTTP/1.0" 200 2750 "http://search.live.com/results.aspx?q=matin" "Mozilla/4.0 (compatible; MSIE 6.0; Windows NT 5.2; SV1; .NET CLR 1.1.4322)"
65.55.105.27 - - [16/Apr/2009:22:19:25 +0200] "GET /index.php?herenow=./unreleases/U01-ANIMOMOR HTTP/1.1" 200 2259 "-" "msnbot/1.1 (+http://search.msn.com/msnbot.htm)"
65.55.110.61 - - [16/Apr/2009:22:20:14 +0200] "GET /index.php?herenow=./unreleases/U01-ANIMOMOR HTTP/1.0" 200 2261 "http://search.live.com/results.aspx?q=unreleasable" "Mozilla/4.0 (compatible; MSIE 6.0; Windows NT 5.2; SV1; .NET CLR 1.1.4322)"
66.249.70.149 - - [16/Apr/2009:23:23:09 +0200] "GET /unreleases/U03-MANUCHAOS%20-%20THE%20FLOOD/cover.jpg HTTP/1.1" 200 737117 "-" "Googlebot-Image/1.0"
71.41.201.38 - - [16/Apr/2009:23:25:32 +0200] "GET /robots.txt HTTP/1.1" 404 208 "-" "MLBot (www.metadatalabs.com/mlbot)"
71.41.201.38 - - [16/Apr/2009:23:25:32 +0200] "GET /unreleases/le_matin_brouillons/ HTTP/1.1" 404 229 "-" "MLBot (www.metadatalabs.com/mlbot)"
82.99.30.7 - - [17/Apr/2009:04:28:20 +0200] "GET /index.php?herenow=unreleases/le_matin_brouillons/poubelle HTTP/1.0" 200 2108 "-" "Mozilla/4.0 (compatible; MSIE 6.0; Windows NT 5.1)"
65.55.105.29 - - [17/Apr/2009:06:39:55 +0200] "GET /robots.txt HTTP/1.1" 404 208 "-" "msnbot/1.1 (+http://search.msn.com/msnbot.htm)"
65.55.105.29 - - [17/Apr/2009:06:39:55 +0200] "GET /index.php?herenow=./unreleases/x00-gorellaume%20radio HTTP/1.1" 200 4194 "-" "msnbot/1.1 (+http://search.msn.com/msnbot.htm)"
81.252.58.157 - - [17/Apr/2009:11:44:53 +0200] "GET /unreleases/U04-IDIOT%20DIRTY%20MAN%20-%20INUTILE%20BEAT%20MUSIC/cover.jpg HTTP/1.1" 200 255288 "http://www.cannibalcaniche.com/forum/viewtopic.php?t=11371" "Mozilla/5.0 (Windows; U; Windows NT 5.1; fr; rv:1.9) Gecko/2008052906 Firefox/3.0"
64.17.2.164 - - [17/Apr/2009:15:19:35 +0200] "GET /robots.txt HTTP/1.1" 404 208 "-" "MLBot (www.metadatalabs.com/mlbot)"
64.17.2.164 - - [17/Apr/2009:15:19:35 +0200] "GET /unreleases/U02-ERRUER-USED_TO_FAIL/ HTTP/1.1" 200 3090 "-" "MLBot (www.metadatalabs.com/mlbot)"
64.17.2.164 - - [17/Apr/2009:15:27:25 +0200] "GET /unreleases/U02-ERRUER-USED_TO_FAIL/?sw_source=tas HTTP/1.1" 200 3090 "-" "MLBot (www.metadatalabs.com/mlbot)"
64.17.2.164 - - [17/Apr/2009:15:29:27 +0200] "GET /unreleases/U02-ERRUER-USED_TO_FAIL/?m=200903 HTTP/1.1" 200 3090 "-" "MLBot (www.metadatalabs.com/mlbot)"
64.17.2.164 - - [17/Apr/2009:15:30:58 +0200] "GET /unreleases/U02-ERRUER-USED_TO_FAIL/?c=pm HTTP/1.1" 200 3090 "-" "MLBot (www.metadatalabs.com/mlbot)"
64.17.2.164 - - [17/Apr/2009:15:36:30 +0200] "HEAD /unreleases/U02-ERRUER-USED_TO_FAIL/?sub=addfavbtn&add=http://videosolimpicos.com HTTP/1.1" 200 - "-" "MLBot (www.metadatalabs.com/mlbot)"
64.17.2.164 - - [17/Apr/2009:15:36:30 +0200] "GET /unreleases/U02-ERRUER-USED_TO_FAIL/?sub=addfavbtn&add=http://videosolimpicos.com HTTP/1.1" 200 3090 "-" "MLBot (www.metadatalabs.com/mlbot)"
64.17.2.164 - - [17/Apr/2009:15:38:10 +0200] "GET /unreleases/U02-ERRUER-USED_TO_FAIL/?B=6&A=580&Task=Click HTTP/1.1" 200 3090 "-" "MLBot (www.metadatalabs.com/mlbot)"
64.17.2.164 - - [17/Apr/2009:15:39:20 +0200] "GET /unreleases/U02-ERRUER-USED_TO_FAIL/?QBCBADGE08 HTTP/1.1" 200 3090 "-" "MLBot (www.metadatalabs.com/mlbot)"
65.55.105.26 - - [17/Apr/2009:16:17:46 +0200] "GET /robots.txt HTTP/1.1" 404 208 "-" "msnbot/1.1 (+http://search.msn.com/msnbot.htm)"
65.55.105.26 - - [17/Apr/2009:16:17:47 +0200] "GET /index.php?herenow=./unreleases/U00-5TFU-top5-2008 HTTP/1.1" 200 2224 "-" "msnbot/1.1 (+http://search.msn.com/msnbot.htm)"
82.239.232.143 - - [17/Apr/2009:17:07:15 +0200] "GET /index.php?herenow=unreleases/x00-gorellaume%20radio HTTP/1.1" 200 4164 "-" "Mozilla/5.0 (X11; U; Linux ppc; en-US; rv:1.9.0.8) Gecko/2009032711 Ubuntu/8.04 (hardy) Firefox/3.0.8"
82.239.232.143 - - [17/Apr/2009:17:07:16 +0200] "GET /unreleases/x00-gorellaume%20radio/cover.jpg HTTP/1.1" 200 82668 "http://unrelease.autiste.org/index.php?herenow=unreleases/x00-gorellaume%20radio" "Mozilla/5.0 (X11; U; Linux ppc; en-US; rv:1.9.0.8) Gecko/2009032711 Ubuntu/8.04 (hardy) Firefox/3.0.8"
82.239.232.143 - - [17/Apr/2009:17:07:18 +0200] "GET /favicon.ico HTTP/1.1" 404 209 "-" "Mozilla/5.0 (X11; U; Linux ppc; en-US; rv:1.9.0.8) Gecko/2009032711 Ubuntu/8.04 (hardy) Firefox/3.0.8"
82.239.232.143 - - [17/Apr/2009:17:07:21 +0200] "GET /favicon.ico HTTP/1.1" 404 209 "-" "Mozilla/5.0 (X11; U; Linux ppc; en-US; rv:1.9.0.8) Gecko/2009032711 Ubuntu/8.04 (hardy) Firefox/3.0.8"
82.239.232.143 - - [17/Apr/2009:17:08:20 +0200] "GET /index.php?herenow=unreleases/x00-gorellaume%20radio HTTP/1.1" 200 4165 "-" "Mozilla/5.0 (X11; U; Linux x86_64; en-US; rv:1.9.0.8) Gecko/2009032712 Ubuntu/8.10 (intrepid) Firefox/3.0.8"
82.239.232.143 - - [17/Apr/2009:17:08:21 +0200] "GET /unreleases/x00-gorellaume%20radio/cover.jpg HTTP/1.1" 200 82668 "http://unrelease.autiste.org/index.php?herenow=unreleases/x00-gorellaume%20radio" "Mozilla/5.0 (X11; U; Linux x86_64; en-US; rv:1.9.0.8) Gecko/2009032712 Ubuntu/8.10 (intrepid) Firefox/3.0.8"
82.239.232.143 - - [17/Apr/2009:17:08:23 +0200] "GET /favicon.ico HTTP/1.1" 404 209 "-" "Mozilla/5.0 (X11; U; Linux x86_64; en-US; rv:1.9.0.8) Gecko/2009032712 Ubuntu/8.10 (intrepid) Firefox/3.0.8"
82.239.232.143 - - [17/Apr/2009:17:08:26 +0200] "GET /favicon.ico HTTP/1.1" 404 209 "-" "Mozilla/5.0 (X11; U; Linux x86_64; en-US; rv:1.9.0.8) Gecko/2009032712 Ubuntu/8.10 (intrepid) Firefox/3.0.8"
82.239.232.143 - - [17/Apr/2009:17:08:45 +0200] "GET /index.php?herenow=unreleases/x00-gorellaume%20radio HTTP/1.1" 200 4165 "-" "Mozilla/5.0 (X11; U; Linux i686; fr; rv:1.9.0.8) Gecko/2009032711 Ubuntu/8.10 (intrepid) Firefox/3.0.8"
82.239.232.143 - - [17/Apr/2009:17:08:45 +0200] "GET /unreleases/x00-gorellaume%20radio/cover.jpg HTTP/1.1" 200 82668 "http://unrelease.autiste.org/index.php?herenow=unreleases/x00-gorellaume%20radio" "Mozilla/5.0 (X11; U; Linux i686; fr; rv:1.9.0.8) Gecko/2009032711 Ubuntu/8.10 (intrepid) Firefox/3.0.8"
82.239.232.143 - - [17/Apr/2009:17:08:46 +0200] "GET /favicon.ico HTTP/1.1" 404 209 "-" "Mozilla/5.0 (X11; U; Linux i686; fr; rv:1.9.0.8) Gecko/2009032711 Ubuntu/8.10 (intrepid) Firefox/3.0.8"
82.239.232.143 - - [17/Apr/2009:17:08:49 +0200] "GET /favicon.ico HTTP/1.1" 404 209 "-" "Mozilla/5.0 (X11; U; Linux i686; fr; rv:1.9.0.8) Gecko/2009032711 Ubuntu/8.10 (intrepid) Firefox/3.0.8"
82.239.232.143 - - [17/Apr/2009:17:08:56 +0200] "GET /unreleases/x00-gorellaume%20radio/01.Gorellaume%20CountryRadio1%20(Cannibal%20Caniche%202008).mp3 HTTP/1.1" 200 136245120 "http://unrelease.autiste.org/index.php?herenow=unreleases/x00-gorellaume%20radio" "Mozilla/5.0 (X11; U; Linux x86_64; en-US; rv:1.9.0.8) Gecko/2009032712 Ubuntu/8.10 (intrepid) Firefox/3.0.8"
82.239.232.143 - - [17/Apr/2009:17:08:58 +0200] "GET /unreleases/x00-gorellaume%20radio/01.Gorellaume%20CountryRadio1%20(Cannibal%20Caniche%202008).mp3 HTTP/1.1" 206 136245120 "-" "VLC media player - version 0.9.4 Grishenko - (c) 1996-2008 the VideoLAN team"
82.234.249.22 - - [17/Apr/2009:17:12:04 +0200] "GET /index.php?herenow=unreleases/x00-gorellaume%20radio HTTP/1.1" 200 4162 "-" "Mozilla/5.0 (X11; U; Linux i686; fr; rv:1.9.0.7) Gecko/2009032803 Iceweasel/3.0.6 (Debian-3.0.6-1)"
82.234.249.22 - - [17/Apr/2009:17:12:04 +0200] "GET /unreleases/x00-gorellaume%20radio/cover.jpg HTTP/1.1" 200 82668 "http://unrelease.autiste.org/index.php?herenow=unreleases/x00-gorellaume%20radio" "Mozilla/5.0 (X11; U; Linux i686; fr; rv:1.9.0.7) Gecko/2009032803 Iceweasel/3.0.6 (Debian-3.0.6-1)"
82.234.249.22 - - [17/Apr/2009:17:12:05 +0200] "GET /favicon.ico HTTP/1.1" 404 209 "-" "Mozilla/5.0 (X11; U; Linux i686; fr; rv:1.9.0.7) Gecko/2009032803 Iceweasel/3.0.6 (Debian-3.0.6-1)"
82.239.232.143 - - [17/Apr/2009:17:18:10 +0200] "GET /unreleases/x00-gorellaume%20radio/01.Gorellaume%20CountryRadio1%20(Cannibal%20Caniche%202008).mp3 HTTP/1.1" 206 136228736 "http://unrelease.autiste.org/index.php?herenow=unreleases/x00-gorellaume%20radio" "Mozilla/5.0 (X11; U; Linux x86_64; en-US; rv:1.9.0.8) Gecko/2009032712 Ubuntu/8.10 (intrepid) Firefox/3.0.8"
82.239.232.143 - - [17/Apr/2009:17:18:10 +0200] "GET /unreleases/x00-gorellaume%20radio/01.Gorellaume%20CountryRadio1%20(Cannibal%20Caniche%202008).mp3 HTTP/1.1" 206 136245120 "-" "VLC media player - version 0.9.4 Grishenko - (c) 1996-2008 the VideoLAN team"
82.239.232.143 - - [17/Apr/2009:17:17:03 +0200] "GET /unreleases/x00-gorellaume%20radio/01.Gorellaume%20CountryRadio1%20(Cannibal%20Caniche%202008).mp3 HTTP/1.1" 200 136245120 "http://unrelease.autiste.org/index.php?herenow=unreleases/x00-gorellaume%20radio" "Mozilla/5.0 (X11; U; Linux i686; fr; rv:1.9.0.8) Gecko/2009032711 Ubuntu/8.10 (intrepid) Firefox/3.0.8"
82.239.232.143 - - [17/Apr/2009:17:20:28 +0200] "GET /favicon.ico HTTP/1.1" 404 209 "-" "Mozilla/5.0 (X11; U; Linux i686; fr; rv:1.9.0.8) Gecko/2009032711 Ubuntu/8.10 (intrepid) Firefox/3.0.8"
82.239.232.143 - - [17/Apr/2009:18:48:46 +0200] "GET / HTTP/1.1" 200 3750 "-" "Mozilla/5.0 (X11; U; Linux i686; fr; rv:1.9.0.8) Gecko/2009032711 Ubuntu/8.10 (intrepid) Firefox/3.0.8"
90.6.32.193 - - [17/Apr/2009:18:53:43 +0200] "GET /index.php?herenow=unreleases/x00-gorellaume%20radio HTTP/1.1" 200 4163 "-" "Mozilla/5.0 (compatible; Konqueror/3.5; Linux) KHTML/3.5.10 (like Gecko) (Debian)"
90.6.32.193 - - [17/Apr/2009:18:53:49 +0200] "GET /index.php?herenow=unreleases/x00-gorellaume%20radio HTTP/1.1" 200 4166 "-" "Mozilla/5.0 (compatible; Konqueror/4.1; Linux) KHTML/4.1.4 (like Gecko)"
90.6.32.193 - - [17/Apr/2009:18:54:05 +0200] "GET /index.php?herenow=unreleases/x00-gorellaume%20radio HTTP/1.1" 200 4167 "-" "Mozilla/5.0 (X11; U; Linux i686; fr; rv:1.9.0.8) Gecko/2009032711 Ubuntu/8.10 (intrepid) Firefox/3.0.8"
90.6.32.193 - - [17/Apr/2009:18:54:05 +0200] "GET /unreleases/x00-gorellaume%20radio/cover.jpg HTTP/1.1" 200 82668 "http://unrelease.autiste.org/index.php?herenow=unreleases/x00-gorellaume%20radio" "Mozilla/5.0 (X11; U; Linux i686; fr; rv:1.9.0.8) Gecko/2009032711 Ubuntu/8.10 (intrepid) Firefox/3.0.8"
90.6.32.193 - - [17/Apr/2009:18:54:06 +0200] "GET /favicon.ico HTTP/1.1" 404 209 "-" "Mozilla/5.0 (X11; U; Linux i686; fr; rv:1.9.0.8) Gecko/2009032711 Ubuntu/8.10 (intrepid) Firefox/3.0.8"
90.6.32.193 - - [17/Apr/2009:18:54:09 +0200] "GET /favicon.ico HTTP/1.1" 404 209 "-" "Mozilla/5.0 (X11; U; Linux i686; fr; rv:1.9.0.8) Gecko/2009032711 Ubuntu/8.10 (intrepid) Firefox/3.0.8"
90.6.32.193 - - [17/Apr/2009:18:54:19 +0200] "GET /unreleases/x00-gorellaume%20radio/03.Gorellaume%20Nomad%20Session%201%20Radio%20404%20(%20octobre%202008).mp3 HTTP/1.1" 200 88975200 "http://unrelease.autiste.org/index.php?herenow=unreleases/x00-gorellaume%20radio" "Mozilla/5.0 (X11; U; Linux i686; fr; rv:1.9.0.8) Gecko/2009032711 Ubuntu/8.10 (intrepid) Firefox/3.0.8"
82.239.232.143 - - [17/Apr/2009:19:00:27 +0200] "GET /index.php?herenow=unreleases/x00-gorellaume%20radio HTTP/1.1" 200 4163 "-" "Mozilla/5.0 (X11; U; Linux i686; fr; rv:1.9.0.8) Gecko/2009032711 Ubuntu/8.10 (intrepid) Firefox/3.0.8"
82.239.232.143 - - [17/Apr/2009:19:00:27 +0200] "GET /unreleases/x00-gorellaume%20radio/cover.jpg HTTP/1.1" 200 82668 "http://unrelease.autiste.org/index.php?herenow=unreleases/x00-gorellaume%20radio" "Mozilla/5.0 (X11; U; Linux i686; fr; rv:1.9.0.8) Gecko/2009032711 Ubuntu/8.10 (intrepid) Firefox/3.0.8"
82.239.232.143 - - [17/Apr/2009:19:00:38 +0200] "GET /unreleases/x00-gorellaume%20radio/10.Gorellaume%20Nomad%20Session%208%20(%20mars%202009)%20radio%20404.mp3 HTTP/1.1" 200 68341760 "http://unrelease.autiste.org/index.php?herenow=unreleases/x00-gorellaume%20radio" "Mozilla/5.0 (X11; U; Linux i686; fr; rv:1.9.0.8) Gecko/2009032711 Ubuntu/8.10 (intrepid) Firefox/3.0.8"
90.6.32.193 - - [17/Apr/2009:19:04:20 +0200] "GET / HTTP/1.1" 200 3748 "-" "Mozilla/5.0 (X11; U; Linux i686; fr; rv:1.9.0.8) Gecko/2009032711 Ubuntu/8.10 (intrepid) Firefox/3.0.8"
66.249.70.149 - - [17/Apr/2009:19:44:25 +0200] "GET /robots.txt HTTP/1.1" 404 208 "-" "Mozilla/5.0 (compatible; Googlebot/2.1; +http://www.google.com/bot.html)"
66.249.70.149 - - [17/Apr/2009:19:44:25 +0200] "GET /unreleases/U03-MANUCHAOS%20-%20THE%20FLOOD/about.txt HTTP/1.1" 200 97 "-" "Mozilla/5.0 (compatible; Googlebot/2.1; +http://www.google.com/bot.html)"
90.6.32.193 - - [17/Apr/2009:18:54:19 +0200] "GET /unreleases/x00-gorellaume%20radio/03.Gorellaume%20Nomad%20Session%201%20Radio%20404%20(%20octobre%202008).mp3 HTTP/1.0" 200 88975200 "-" "xine/1.1.15"
82.239.232.143 - - [17/Apr/2009:20:07:32 +0200] "GET /unreleases/x00-gorellaume%20radio/09.Gorellaume%20Nomad%20Session%207%20special%20Gestlat%20Death%20Squad%20(%20mars%202009)%20radio%20404.mp3 HTTP/1.1" 200 73827840 "http://unrelease.autiste.org/index.php?herenow=unreleases/x00-gorellaume%20radio" "Mozilla/5.0 (X11; U; Linux i686; fr; rv:1.9.0.8) Gecko/2009032711 Ubuntu/8.10 (intrepid) Firefox/3.0.8"
65.55.105.39 - - [17/Apr/2009:20:09:53 +0200] "GET /robots.txt HTTP/1.1" 404 208 "-" "msnbot/1.1 (+http://search.msn.com/msnbot.htm)"
65.55.105.39 - - [17/Apr/2009:20:09:54 +0200] "GET /index.php?herenow=unreleases/brouillons/HARRY%20ONE%20-%20anime%20by%20charles%20saucisse HTTP/1.1" 200 2231 "-" "msnbot/1.1 (+http://search.msn.com/msnbot.htm)"
208.80.195.40 - - [17/Apr/2009:20:09:56 +0200] "GET / HTTP/1.0" 200 3747 "-" "Mozilla/4.0 (compatible; MSIE 7.0; Windows NT 5.1; ADVPLUGIN|K114|04|S-803287567|dial; snprtz|T13068600000224|2600#Service Pack 2#2#5#1)"
82.239.232.143 - - [17/Apr/2009:20:07:42 +0200] "GET /unreleases/x00-gorellaume%20radio/08.Gorellaume%20Nomad%20Session%206%20(%20fevrier%202009)%20radio%20404.mp3 HTTP/1.1" 200 73088160 "http://unrelease.autiste.org/index.php?herenow=unreleases/x00-gorellaume%20radio" "Mozilla/5.0 (X11; U; Linux i686; fr; rv:1.9.0.8) Gecko/2009032711 Ubuntu/8.10 (intrepid) Firefox/3.0.8"
82.64.103.57 - - [17/Apr/2009:20:52:58 +0200] "GET /unreleases/U01-ANIMOMOR/ANIMOR2-LORIE_09.mp3 HTTP/1.1" 200 2333046 "http://www.defcore.net/dewplayer.swf?son=http://unrelease.autiste.org/unreleases/U01-ANIMOMOR/ANIMOR2-LORIE_09.mp3&showtime=1" "Mozilla/4.0 (compatible; MSIE 7.0; Windows NT 5.1; InfoPath.2; .NET CLR 2.0.50727; .NET CLR 3.0.04506.30)"
66.249.70.149 - - [17/Apr/2009:21:47:26 +0200] "GET /index.php?herenow=unreleases/x00-gorellaume%20radio HTTP/1.1" 200 4166 "-" "Mozilla/5.0 (compatible; Googlebot/2.1; +http://www.google.com/bot.html)"
74.6.18.244 - - [17/Apr/2009:21:53:41 +0200] "GET /robots.txt HTTP/1.0" 404 208 "-" "Mozilla/5.0 (compatible; Yahoo! Slurp; http://help.yahoo.com/help/us/ysearch/slurp)"
74.6.18.244 - - [17/Apr/2009:21:53:42 +0200] "GET /index.php?herenow=unreleases/U03-MANUCHAOS%20-%20THE%20FLOOD HTTP/1.0" 200 4883 "-" "Mozilla/5.0 (compatible; Yahoo! Slurp/3.0; http://help.yahoo.com/help/us/ysearch/slurp)"
91.91.18.52 - - [17/Apr/2009:22:16:08 +0200] "GET /index.php?herenow=unreleases/x00-gorellaume HTTP/1.1" 200 2092 "-" "Mozilla/5.0 (Windows; U; Windows NT 6.0; fr; rv:1.9.0.8) Gecko/2009032609 Firefox/3.0.8"
91.91.18.52 - - [17/Apr/2009:22:16:08 +0200] "GET /favicon.ico HTTP/1.1" 404 209 "-" "Mozilla/5.0 (Windows; U; Windows NT 6.0; fr; rv:1.9.0.8) Gecko/2009032609 Firefox/3.0.8"
91.91.18.52 - - [17/Apr/2009:22:16:11 +0200] "GET /favicon.ico HTTP/1.1" 404 209 "-" "Mozilla/5.0 (Windows; U; Windows NT 6.0; fr; rv:1.9.0.8) Gecko/2009032609 Firefox/3.0.8"
91.91.18.52 - - [17/Apr/2009:22:16:19 +0200] "GET / HTTP/1.1" 200 3750 "http://unrelease.autiste.org/index.php?herenow=unreleases/x00-gorellaume" "Mozilla/5.0 (Windows; U; Windows NT 6.0; fr; rv:1.9.0.8) Gecko/2009032609 Firefox/3.0.8"
91.91.18.52 - - [17/Apr/2009:22:16:28 +0200] "GET /index.php?herenow=unreleases/U00-5TFU-top5-2008 HTTP/1.1" 200 2220 "http://unrelease.autiste.org/" "Mozilla/5.0 (Windows; U; Windows NT 6.0; fr; rv:1.9.0.8) Gecko/2009032609 Firefox/3.0.8"
82.239.232.143 - - [17/Apr/2009:22:13:12 +0200] "GET /unreleases/x00-gorellaume%20radio/02.Gorellaume%20CountryRadio2%20(Cannibal%20Caniche%202008).mp3 HTTP/1.1" 200 142127520 "http://unrelease.autiste.org/index.php?herenow=unreleases/x00-gorellaume%20radio" "Mozilla/5.0 (X11; U; Linux i686; fr; rv:1.9.0.8) Gecko/2009032711 Ubuntu/8.10 (intrepid) Firefox/3.0.8"
91.91.18.52 - - [17/Apr/2009:22:16:32 +0200] "GET /unreleases/U00-5TFU-top5-2008/staross%20-%20dowland%20-%20flow%20my%20tears.mp3 HTTP/1.1" 200 879252 "http://unrelease.autiste.org/index.php?herenow=unreleases/U00-5TFU-top5-2008" "Mozilla/5.0 (Windows; U; Windows NT 6.0; fr; rv:1.9.0.8) Gecko/2009032609 Firefox/3.0.8"
82.239.232.143 - - [17/Apr/2009:22:14:39 +0200] "GET /unreleases/x00-gorellaume%20radio/11.Papy%20Microgramm%20Radio%20Show%20(%20mai%202005%20).mp3 HTTP/1.1" 200 48530393 "http://unrelease.autiste.org/index.php?herenow=unreleases/x00-gorellaume%20radio" "Mozilla/5.0 (X11; U; Linux i686; fr; rv:1.9.0.8) Gecko/2009032711 Ubuntu/8.10 (intrepid) Firefox/3.0.8"
66.249.70.149 - - [17/Apr/2009:22:28:24 +0200] "GET /index.php?herenow=./unreleases/brouillons/poubelle HTTP/1.1" 200 2097 "-" "Mozilla/5.0 (compatible; Googlebot/2.1; +http://www.google.com/bot.html)"
74.6.18.244 - - [17/Apr/2009:22:37:18 +0200] "GET /unreleases/U03-MANUCHAOS%20-%20THE%20FLOOD/about.txt HTTP/1.0" 200 97 "-" "Mozilla/5.0 (compatible; Yahoo! Slurp/3.0; http://help.yahoo.com/help/us/ysearch/slurp)"
92.133.248.70 - - [17/Apr/2009:22:40:25 +0200] "GET / HTTP/1.1" 200 3748 "http://www.tarteflure.com/" "Mozilla/5.0 (X11; U; Linux i686; fr; rv:1.9.0.8) Gecko/2009032711 Ubuntu/8.04 (hardy) Firefox/3.0.8"
92.133.248.70 - - [17/Apr/2009:22:40:30 +0200] "GET /favicon.ico HTTP/1.1" 404 209 "-" "Mozilla/5.0 (X11; U; Linux i686; fr; rv:1.9.0.8) Gecko/2009032711 Ubuntu/8.04 (hardy) Firefox/3.0.8"
92.133.248.70 - - [17/Apr/2009:22:40:35 +0200] "GET /favicon.ico HTTP/1.1" 404 209 "-" "Mozilla/5.0 (X11; U; Linux i686; fr; rv:1.9.0.8) Gecko/2009032711 Ubuntu/8.04 (hardy) Firefox/3.0.8"
92.133.248.70 - - [17/Apr/2009:22:40:48 +0200] "GET /index.php?herenow=unreleases/U00-5TFU-top5-2008 HTTP/1.1" 200 2221 "http://unrelease.autiste.org/" "Mozilla/5.0 (X11; U; Linux i686; fr; rv:1.9.0.8) Gecko/2009032711 Ubuntu/8.04 (hardy) Firefox/3.0.8"
65.55.105.41 - - [17/Apr/2009:22:52:09 +0200] "GET /robots.txt HTTP/1.1" 404 208 "-" "msnbot/1.1 (+http://search.msn.com/msnbot.htm)"
65.55.105.41 - - [17/Apr/2009:22:52:12 +0200] "GET /index.php?herenow=./unreleases/U04-IDIOT%20DIRTY%20MAN%20-%20INUTILE%20BEAT%20MUSIC HTTP/1.1" 200 4390 "-" "msnbot/1.1 (+http://search.msn.com/msnbot.htm)"
65.55.109.172 - - [17/Apr/2009:22:54:13 +0200] "GET /index.php?herenow=./unreleases/U04-IDIOT%20DIRTY%20MAN%20-%20INUTILE%20BEAT%20MUSIC HTTP/1.0" 200 4389 "http://search.live.com/results.aspx?q=idiot" "Mozilla/4.0 (compatible; MSIE 6.0; Windows NT 5.2; SV1; .NET CLR 1.1.4322)"
74.6.18.244 - - [17/Apr/2009:23:07:43 +0200] "GET /index.php?herenow=./logs HTTP/1.0" 200 2166 "-" "Mozilla/5.0 (compatible; Yahoo! Slurp/3.0; http://help.yahoo.com/help/us/ysearch/slurp)"
82.239.232.143 - - [17/Apr/2009:23:40:19 +0200] "GET /index.php?herenow=unreleases/x00-gorellaume%20radio HTTP/1.1" 200 4165 "-" "Mozilla/5.0 (X11; U; Linux i686; fr; rv:1.9.0.8) Gecko/2009032711 Ubuntu/8.10 (intrepid) Firefox/3.0.8"
74.6.18.244 - - [17/Apr/2009:23:57:40 +0200] "GET / HTTP/1.0" 200 3747 "-" "Mozilla/5.0 (compatible; Yahoo! Slurp/3.0; http://help.yahoo.com/help/us/ysearch/slurp)"
74.6.18.244 - - [18/Apr/2009:00:04:53 +0200] "GET /logs/access.log HTTP/1.0" 200 518905 "-" "Mozilla/5.0 (compatible; Yahoo! Slurp/3.0; http://help.yahoo.com/help/us/ysearch/slurp)"
72.30.142.178 - - [18/Apr/2009:00:54:10 +0200] "GET /robots.txt HTTP/1.0" 404 208 "-" "Mozilla/5.0 (compatible; Yahoo! Slurp; http://help.yahoo.com/help/us/ysearch/slurp)"
72.30.142.178 - - [18/Apr/2009:00:54:10 +0200] "GET /index.php?herenow=./unreleases HTTP/1.0" 200 2736 "-" "Mozilla/5.0 (compatible; Yahoo! Slurp/3.0; http://help.yahoo.com/help/us/ysearch/slurp)"
82.239.232.143 - - [18/Apr/2009:01:42:55 +0200] "GET /index.php?herenow=unreleases/x00-gorellaume%20radio HTTP/1.1" 200 4166 "-" "Mozilla/5.0 (X11; U; Linux i686; fr; rv:1.9.0.8) Gecko/2009032711 Ubuntu/8.10 (intrepid) Firefox/3.0.8"
82.239.232.143 - - [18/Apr/2009:01:42:56 +0200] "GET /unreleases/x00-gorellaume%20radio/cover.jpg HTTP/1.1" 200 82668 "http://unrelease.autiste.org/index.php?herenow=unreleases/x00-gorellaume%20radio" "Mozilla/5.0 (X11; U; Linux i686; fr; rv:1.9.0.8) Gecko/2009032711 Ubuntu/8.10 (intrepid) Firefox/3.0.8"
82.239.232.143 - - [18/Apr/2009:01:42:56 +0200] "GET /favicon.ico HTTP/1.1" 404 209 "-" "Mozilla/5.0 (X11; U; Linux i686; fr; rv:1.9.0.8) Gecko/2009032711 Ubuntu/8.10 (intrepid) Firefox/3.0.8"
82.239.232.143 - - [18/Apr/2009:01:42:59 +0200] "GET /favicon.ico HTTP/1.1" 404 209 "-" "Mozilla/5.0 (X11; U; Linux i686; fr; rv:1.9.0.8) Gecko/2009032711 Ubuntu/8.10 (intrepid) Firefox/3.0.8"
65.55.105.37 - - [18/Apr/2009:02:37:18 +0200] "GET /robots.txt HTTP/1.1" 404 208 "-" "msnbot/1.1 (+http://search.msn.com/msnbot.htm)"
65.55.105.37 - - [18/Apr/2009:02:37:18 +0200] "GET /index.php?herenow=./logs HTTP/1.1" 200 2166 "-" "msnbot/1.1 (+http://search.msn.com/msnbot.htm)"
65.55.109.97 - - [18/Apr/2009:02:38:35 +0200] "GET /index.php?herenow=./logs HTTP/1.0" 200 2169 "http://search.live.com/results.aspx?q=unreleasable" "Mozilla/4.0 (compatible; MSIE 6.0; Windows NT 5.2; SV1; .NET CLR 1.1.4322)"
72.30.142.179 - - [18/Apr/2009:06:43:33 +0200] "GET /robots.txt HTTP/1.0" 404 208 "-" "Mozilla/5.0 (compatible; Yahoo! Slurp; http://help.yahoo.com/help/us/ysearch/slurp)"
72.30.142.179 - - [18/Apr/2009:06:43:34 +0200] "GET /index.php?herenow=unreleases/brouillons/LE%20MATIN%20DIARY/poubelle HTTP/1.0" 200 3060 "-" "Mozilla/5.0 (compatible; Yahoo! Slurp/3.0; http://help.yahoo.com/help/us/ysearch/slurp)"
83.141.149.36 - - [18/Apr/2009:10:21:23 +0200] "GET /unreleases/U01-ANIMOMOR/ANIMOR2-LORIE_09.mp3 HTTP/1.1" 200 2333046 "http://www.defcore.fr/dewplayer.swf?son=http://unrelease.autiste.org/unreleases/U01-ANIMOMOR/ANIMOR2-LORIE_09.mp3&showtime=1" "Mozilla/4.0 (compatible; MSIE 7.0; Windows NT 6.0; SLCC1; .NET CLR 2.0.50727; Media Center PC 5.0; .NET CLR 3.0.04506)"
82.224.155.5 - - [18/Apr/2009:13:58:41 +0200] "GET / HTTP/1.1" 200 3745 "-" "Mozilla/5.0 (Windows; U; Windows NT 5.1; fr; rv:1.9.0.8) Gecko/2009032609 Firefox/3.0.8"
82.224.155.5 - - [18/Apr/2009:13:58:42 +0200] "GET /favicon.ico HTTP/1.1" 404 209 "-" "Mozilla/5.0 (Windows; U; Windows NT 5.1; fr; rv:1.9.0.8) Gecko/2009032609 Firefox/3.0.8"
82.224.155.5 - - [18/Apr/2009:13:58:42 +0200] "GET /favicon.ico HTTP/1.1" 404 209 "-" "Mozilla/5.0 (Windows; U; Windows NT 5.1; fr; rv:1.9.0.8) Gecko/2009032609 Firefox/3.0.8"
82.224.155.5 - - [18/Apr/2009:13:58:44 +0200] "GET /index.php?herenow=./unreleases HTTP/1.1" 200 2739 "http://unrelease.autiste.org/" "Mozilla/5.0 (Windows; U; Windows NT 5.1; fr; rv:1.9.0.8) Gecko/2009032609 Firefox/3.0.8"
82.224.155.5 - - [18/Apr/2009:13:58:44 +0200] "GET /favicon.ico HTTP/1.1" 404 209 "-" "Mozilla/5.0 (Windows; U; Windows NT 5.1; fr; rv:1.9.0.8) Gecko/2009032609 Firefox/3.0.8"
82.224.155.5 - - [18/Apr/2009:13:58:44 +0200] "GET /favicon.ico HTTP/1.1" 404 209 "-" "Mozilla/5.0 (Windows; U; Windows NT 5.1; fr; rv:1.9.0.8) Gecko/2009032609 Firefox/3.0.8"
82.224.155.5 - - [18/Apr/2009:13:58:48 +0200] "GET /index.php?herenow=./unreleases/brouillons HTTP/1.1" 200 2636 "http://unrelease.autiste.org/index.php?herenow=./unreleases" "Mozilla/5.0 (Windows; U; Windows NT 5.1; fr; rv:1.9.0.8) Gecko/2009032609 Firefox/3.0.8"
82.224.155.5 - - [18/Apr/2009:13:58:48 +0200] "GET /unreleases/brouillons/cover.jpg HTTP/1.1" 200 18696 "http://unrelease.autiste.org/index.php?herenow=./unreleases/brouillons" "Mozilla/5.0 (Windows; U; Windows NT 5.1; fr; rv:1.9.0.8) Gecko/2009032609 Firefox/3.0.8"
82.224.155.5 - - [18/Apr/2009:13:58:48 +0200] "GET /favicon.ico HTTP/1.1" 404 209 "-" "Mozilla/5.0 (Windows; U; Windows NT 5.1; fr; rv:1.9.0.8) Gecko/2009032609 Firefox/3.0.8"
82.224.155.5 - - [18/Apr/2009:13:58:48 +0200] "GET /favicon.ico HTTP/1.1" 404 209 "-" "Mozilla/5.0 (Windows; U; Windows NT 5.1; fr; rv:1.9.0.8) Gecko/2009032609 Firefox/3.0.8"
82.224.155.5 - - [18/Apr/2009:13:58:50 +0200] "GET /index.php?herenow=./unreleases/brouillons/erruer%20live%20test HTTP/1.1" 200 2361 "http://unrelease.autiste.org/index.php?herenow=./unreleases/brouillons" "Mozilla/5.0 (Windows; U; Windows NT 5.1; fr; rv:1.9.0.8) Gecko/2009032609 Firefox/3.0.8"
82.224.155.5 - - [18/Apr/2009:13:58:51 +0200] "GET /favicon.ico HTTP/1.1" 404 209