64.17.2.164 - - [09/Apr/2009:22:09:14 +0200] "GET /index.php?herenow=./unreleases/U00-5TFU-top5-2008 HTTP/1.1" 200 2226 "-" "MLBot (www.metadatalabs.com/mlbot)"
174.129.80.7 - - [09/Apr/2009:22:43:24 +0200] "GET /robots.txt HTTP/1.0" 404 208 "-" "SimilarPages/Nutch-1.0-dev (SimilarPages Nutch Crawler; http://www.similarpages.com; info@similarpages.com)"
174.129.80.7 - - [09/Apr/2009:22:43:24 +0200] "GET /index.php?herenow=./unreleases/U01-ANIMOMOR HTTP/1.0" 200 2259 "-" "SimilarPages/Nutch-1.0-dev (SimilarPages Nutch Crawler; http://www.similarpages.com; info@similarpages.com)"
74.6.22.94 - - [09/Apr/2009:23:14:00 +0200] "GET /robots.txt HTTP/1.0" 404 208 "-" "Mozilla/5.0 (compatible; Yahoo! Slurp; http://help.yahoo.com/help/us/ysearch/slurp)"
74.6.22.94 - - [09/Apr/2009:23:14:02 +0200] "GET / HTTP/1.0" 200 3749 "-" "Mozilla/5.0 (compatible; Yahoo! Slurp/3.0; http://help.yahoo.com/help/us/ysearch/slurp)"
74.6.22.94 - - [10/Apr/2009:00:01:35 +0200] "GET /index.php?herenow=./unreleases/U01-ANIMOMOR HTTP/1.0" 200 2262 "-" "Mozilla/5.0 (compatible; Yahoo! Slurp/3.0; http://help.yahoo.com/help/us/ysearch/slurp)"
64.17.2.164 - - [10/Apr/2009:00:20:32 +0200] "GET /index.php?herenow=unreleases/U01-ANIMOMOR/makettes HTTP/1.1" 200 2297 "-" "MLBot (www.metadatalabs.com/mlbot)"
208.80.195.45 - - [10/Apr/2009:04:36:28 +0200] "GET / HTTP/1.0" 200 3745 "-" "Mozilla/4.0 (compatible; MSIE 6.0; America Online Browser 1.1; rev1.5; Windows NT 5.1; SV1; Avant Browser; .NET CLR 1.1.4322; .NET CLR 2.0.50727)"
85.0.207.242 - - [10/Apr/2009:11:36:25 +0200] "GET /unreleases/U04-IDIOT%20DIRTY%20MAN%20-%20INUTILE%20BEAT%20MUSIC/cover.jpg HTTP/1.1" 200 255288 "http://www.cannibalcaniche.com/forum/viewtopic.php?t=11371" "Mozilla/4.0 (compatible; MSIE 7.0; Windows NT 5.1; MyIE2; .NET CLR 2.0.50727)"
85.0.207.242 - - [10/Apr/2009:11:36:29 +0200] "GET /index.php?herenow=unreleases/U04-IDIOT%20DIRTY%20MAN%20-%20INUTILE%20BEAT%20MUSIC HTTP/1.1" 200 4354 "http://www.cannibalcaniche.com/forum/viewtopic.php?t=11371" "Mozilla/4.0 (compatible; MSIE 7.0; Windows NT 5.1; MyIE2; .NET CLR 2.0.50727)"
85.0.207.242 - - [10/Apr/2009:11:36:29 +0200] "GET /unreleases/U04-IDIOT%20DIRTY%20MAN%20-%20INUTILE%20BEAT%20MUSIC/cover.jpg HTTP/1.1" 304 - "http://unrelease.autiste.org/index.php?herenow=unreleases/U04-IDIOT%20DIRTY%20MAN%20-%20INUTILE%20BEAT%20MUSIC" "Mozilla/4.0 (compatible; MSIE 7.0; Windows NT 5.1; MyIE2; .NET CLR 2.0.50727)"
85.0.207.242 - - [10/Apr/2009:11:36:29 +0200] "GET /favicon.ico HTTP/1.1" 404 209 "-" "Mozilla/4.0 (compatible; MSIE 7.0; Windows NT 5.1; MyIE2; .NET CLR 2.0.50727)"
85.0.207.242 - - [10/Apr/2009:11:36:41 +0200] "GET /unreleases/U04-IDIOT%20DIRTY%20MAN%20-%20INUTILE%20BEAT%20MUSIC/01.Idiot%20Dirty%20Man%20-%20All%20My%20Circuits.mp3 HTTP/1.1" 200 3132673 "http://unrelease.autiste.org/index.php?herenow=unreleases/U04-IDIOT%20DIRTY%20MAN%20-%20INUTILE%20BEAT%20MUSIC" "Mozilla/4.0 (compatible; MSIE 7.0; Windows NT 5.1; MyIE2; .NET CLR 2.0.50727)"
85.0.207.242 - - [10/Apr/2009:11:37:34 +0200] "GET /unreleases/U04-IDIOT%20DIRTY%20MAN%20-%20INUTILE%20BEAT%20MUSIC/02.Idiot%20Dirty%20Man%20-%20Fuck%20You!.mp3 HTTP/1.1" 200 7199053 "http://unrelease.autiste.org/index.php?herenow=unreleases/U04-IDIOT%20DIRTY%20MAN%20-%20INUTILE%20BEAT%20MUSIC" "Mozilla/4.0 (compatible; MSIE 7.0; Windows NT 5.1; MyIE2; .NET CLR 2.0.50727)"
85.0.207.242 - - [10/Apr/2009:11:38:37 +0200] "GET / HTTP/1.1" 200 3748 "http://unrelease.autiste.org/index.php?herenow=unreleases/U04-IDIOT%20DIRTY%20MAN%20-%20INUTILE%20BEAT%20MUSIC" "Mozilla/4.0 (compatible; MSIE 7.0; Windows NT 5.1; MyIE2; .NET CLR 2.0.50727)"
85.0.207.242 - - [10/Apr/2009:11:38:38 +0200] "GET /favicon.ico HTTP/1.1" 404 209 "-" "Mozilla/4.0 (compatible; MSIE 7.0; Windows NT 5.1; MyIE2; .NET CLR 2.0.50727)"
85.0.207.242 - - [10/Apr/2009:11:38:30 +0200] "GET /unreleases/U04-IDIOT%20DIRTY%20MAN%20-%20INUTILE%20BEAT%20MUSIC/03.Idiot%20Dirty%20Man%20-%20LOL.mp3 HTTP/1.1" 200 6599693 "http://unrelease.autiste.org/index.php?herenow=unreleases/U04-IDIOT%20DIRTY%20MAN%20-%20INUTILE%20BEAT%20MUSIC" "Mozilla/4.0 (compatible; MSIE 7.0; Windows NT 5.1; MyIE2; .NET CLR 2.0.50727)"
74.6.22.94 - - [10/Apr/2009:21:20:40 +0200] "GET /robots.txt HTTP/1.0" 404 208 "-" "Mozilla/5.0 (compatible; Yahoo! Slurp; http://help.yahoo.com/help/us/ysearch/slurp)"
74.6.22.94 - - [10/Apr/2009:21:20:40 +0200] "GET /index.php?herenow=unreleases/U03-MANUCHAOS%20-%20THE%20FLOOD HTTP/1.0" 200 4884 "-" "Mozilla/5.0 (compatible; Yahoo! Slurp/3.0; http://help.yahoo.com/help/us/ysearch/slurp)"
66.249.70.149 - - [10/Apr/2009:22:32:27 +0200] "GET /robots.txt HTTP/1.1" 404 208 "-" "Mozilla/5.0 (compatible; Googlebot/2.1; +http://www.google.com/bot.html)"
66.249.70.149 - - [10/Apr/2009:22:32:27 +0200] "GET / HTTP/1.1" 200 3747 "-" "Mozilla/5.0 (compatible; Googlebot/2.1; +http://www.google.com/bot.html)"
74.6.22.94 - - [10/Apr/2009:22:34:03 +0200] "GET /unreleases/U03-MANUCHAOS%20-%20THE%20FLOOD/about.txt HTTP/1.0" 200 97 "-" "Mozilla/5.0 (compatible; Yahoo! Slurp/3.0; http://help.yahoo.com/help/us/ysearch/slurp)"
74.6.22.94 - - [10/Apr/2009:23:03:45 +0200] "GET /index.php?herenow=./logs HTTP/1.0" 200 2168 "-" "Mozilla/5.0 (compatible; Yahoo! Slurp/3.0; http://help.yahoo.com/help/us/ysearch/slurp)"
66.249.70.149 - - [10/Apr/2009:23:05:03 +0200] "GET /index.php?herenow=unreleases/brouillons/poubelle HTTP/1.1" 200 2090 "-" "Mozilla/5.0 (compatible; Googlebot/2.1; +http://www.google.com/bot.html)"
71.41.201.38 - - [11/Apr/2009:00:15:32 +0200] "GET /robots.txt HTTP/1.1" 404 208 "-" "MLBot (www.metadatalabs.com/mlbot)"
71.41.201.38 - - [11/Apr/2009:00:15:33 +0200] "GET /unreleases/U02-ERRUER-USED_TO_FAIL/ HTTP/1.1" 200 3090 "-" "MLBot (www.metadatalabs.com/mlbot)"
71.41.201.38 - - [11/Apr/2009:00:32:53 +0200] "GET /unreleases/U04-IDIOT%20DIRTY%20MAN%20-%20INUTILE%20BEAT%20MUSIC/ HTTP/1.1" 200 4252 "-" "MLBot (www.metadatalabs.com/mlbot)"
71.41.201.38 - - [11/Apr/2009:00:34:53 +0200] "GET /unreleases/U04-IDIOT%20DIRTY%20MAN%20-%20INUTILE%20BEAT%20MUSIC/?page=2&tag=fadia HTTP/1.1" 200 4252 "-" "MLBot (www.metadatalabs.com/mlbot)"
71.41.201.38 - - [11/Apr/2009:00:36:26 +0200] "GET /unreleases/U04-IDIOT%20DIRTY%20MAN%20-%20INUTILE%20BEAT%20MUSIC/?seller=NuEnergy HTTP/1.1" 200 4252 "-" "MLBot (www.metadatalabs.com/mlbot)"
71.41.201.38 - - [11/Apr/2009:00:37:38 +0200] "GET /unreleases/U04-IDIOT%20DIRTY%20MAN%20-%20INUTILE%20BEAT%20MUSIC/?id=13627&ref=4849 HTTP/1.1" 200 4252 "-" "MLBot (www.metadatalabs.com/mlbot)"
71.41.201.38 - - [11/Apr/2009:00:38:35 +0200] "GET /unreleases/U04-IDIOT%20DIRTY%20MAN%20-%20INUTILE%20BEAT%20MUSIC/?module=Search&q=Woods HTTP/1.1" 200 4252 "-" "MLBot (www.metadatalabs.com/mlbot)"
71.41.201.38 - - [11/Apr/2009:00:39:20 +0200] "GET /unreleases/U04-IDIOT%20DIRTY%20MAN%20-%20INUTILE%20BEAT%20MUSIC/?title=Niagarsk%C3%A9_vodop%C3%A1dy&action=edit HTTP/1.1" 200 4252 "-" "MLBot (www.metadatalabs.com/mlbot)"
71.41.201.38 - - [11/Apr/2009:00:39:57 +0200] "GET /unreleases/U04-IDIOT%20DIRTY%20MAN%20-%20INUTILE%20BEAT%20MUSIC/?ad=0&q=ahern HTTP/1.1" 200 4252 "-" "MLBot (www.metadatalabs.com/mlbot)"
71.41.201.38 - - [11/Apr/2009:00:40:27 +0200] "GET /unreleases/U04-IDIOT%20DIRTY%20MAN%20-%20INUTILE%20BEAT%20MUSIC/?blogID=5742206294277866799&widgetType=BlogList&widgetId=BlogList1&action=editWidget HTTP/1.1" 200 4252 "-" "MLBot (www.metadatalabs.com/mlbot)"
71.41.201.38 - - [11/Apr/2009:00:40:51 +0200] "GET /unreleases/U04-IDIOT%20DIRTY%20MAN%20-%20INUTILE%20BEAT%20MUSIC/?t=10472 HTTP/1.1" 200 4252 "-" "MLBot (www.metadatalabs.com/mlbot)"
71.41.201.38 - - [11/Apr/2009:00:41:36 +0200] "GET /unreleases/U04-IDIOT%20DIRTY%20MAN%20-%20INUTILE%20BEAT%20MUSIC/?feed=comments-rss2 HTTP/1.1" 200 4252 "-" "MLBot (www.metadatalabs.com/mlbot)"
71.41.201.38 - - [11/Apr/2009:00:41:55 +0200] "GET /unreleases/U04-IDIOT%20DIRTY%20MAN%20-%20INUTILE%20BEAT%20MUSIC/?id=13629&ref=4849 HTTP/1.1" 200 4252 "-" "MLBot (www.metadatalabs.com/mlbot)"
71.41.201.38 - - [11/Apr/2009:00:42:11 +0200] "GET /unreleases/U04-IDIOT%20DIRTY%20MAN%20-%20INUTILE%20BEAT%20MUSIC/?cmd=team_lookup&name=nerdnet HTTP/1.1" 200 4252 "-" "MLBot (www.metadatalabs.com/mlbot)"
71.41.201.38 - - [11/Apr/2009:00:42:25 +0200] "GET /unreleases/U04-IDIOT%20DIRTY%20MAN%20-%20INUTILE%20BEAT%20MUSIC/?p=326 HTTP/1.1" 200 4252 "-" "MLBot (www.metadatalabs.com/mlbot)"
71.41.201.38 - - [11/Apr/2009:00:42:45 +0200] "GET /unreleases/U04-IDIOT%20DIRTY%20MAN%20-%20INUTILE%20BEAT%20MUSIC/?id=13632&ref=4849 HTTP/1.1" 200 4252 "-" "MLBot (www.metadatalabs.com/mlbot)"
71.41.201.38 - - [11/Apr/2009:00:43:04 +0200] "HEAD /unreleases/U04-IDIOT%20DIRTY%20MAN%20-%20INUTILE%20BEAT%20MUSIC/?feedurl=http://www.thinkfuture.com/tfetc.xml HTTP/1.1" 200 - "-" "MLBot (www.metadatalabs.com/mlbot)"
71.41.201.38 - - [11/Apr/2009:00:43:04 +0200] "GET /unreleases/U04-IDIOT%20DIRTY%20MAN%20-%20INUTILE%20BEAT%20MUSIC/?feedurl=http://www.thinkfuture.com/tfetc.xml HTTP/1.1" 200 4252 "-" "MLBot (www.metadatalabs.com/mlbot)"
71.41.201.38 - - [11/Apr/2009:00:43:18 +0200] "GET /unreleases/U04-IDIOT%20DIRTY%20MAN%20-%20INUTILE%20BEAT%20MUSIC/?board=140.0 HTTP/1.1" 200 4252 "-" "MLBot (www.metadatalabs.com/mlbot)"
71.41.201.38 - - [11/Apr/2009:00:43:30 +0200] "GET /unreleases/U04-IDIOT%20DIRTY%20MAN%20-%20INUTILE%20BEAT%20MUSIC/?eteledyski24 HTTP/1.1" 200 4252 "-" "MLBot (www.metadatalabs.com/mlbot)"
71.41.201.38 - - [11/Apr/2009:00:44:01 +0200] "GET /unreleases/U04-IDIOT%20DIRTY%20MAN%20-%20INUTILE%20BEAT%20MUSIC/?D=A HTTP/1.1" 200 4252 "-" "MLBot (www.metadatalabs.com/mlbot)"
71.41.201.38 - - [11/Apr/2009:00:44:13 +0200] "GET /unreleases/U04-IDIOT%20DIRTY%20MAN%20-%20INUTILE%20BEAT%20MUSIC/?QBCBADGE08 HTTP/1.1" 200 4252 "-" "MLBot (www.metadatalabs.com/mlbot)"
66.249.70.149 - - [11/Apr/2009:01:01:38 +0200] "GET /index.php?herenow=unreleases/x00-gorellaume%20radio HTTP/1.1" 200 4163 "-" "Mozilla/5.0 (compatible; Googlebot/2.1; +http://www.google.com/bot.html)"
71.41.201.38 - - [11/Apr/2009:01:24:18 +0200] "GET /unreleases/U04-IDIOT%20DIRTY%20MAN%20-%20INUTILE%20BEAT%20MUSIC/?uri=referer HTTP/1.1" 200 4252 "-" "MLBot (www.metadatalabs.com/mlbot)"
71.41.201.38 - - [11/Apr/2009:02:59:07 +0200] "GET /unreleases/x00-gorellaume%20radio/ HTTP/1.1" 200 4186 "-" "MLBot (www.metadatalabs.com/mlbot)"
71.41.201.38 - - [11/Apr/2009:03:01:40 +0200] "GET /unreleases/x00-gorellaume%20radio/?o=rel&c=20 HTTP/1.1" 200 4186 "-" "MLBot (www.metadatalabs.com/mlbot)"
71.41.201.38 - - [11/Apr/2009:03:03:36 +0200] "GET /unreleases/x00-gorellaume%20radio/?m=200710 HTTP/1.1" 200 4186 "-" "MLBot (www.metadatalabs.com/mlbot)"
71.41.201.38 - - [11/Apr/2009:03:05:11 +0200] "GET /unreleases/x00-gorellaume%20radio/?size=728 HTTP/1.1" 200 4186 "-" "MLBot (www.metadatalabs.com/mlbot)"
71.41.201.38 - - [11/Apr/2009:03:06:19 +0200] "GET /unreleases/x00-gorellaume%20radio/?sku=kevinmichaelgray HTTP/1.1" 200 4186 "-" "MLBot (www.metadatalabs.com/mlbot)"
71.41.201.38 - - [11/Apr/2009:03:07:11 +0200] "GET /unreleases/x00-gorellaume%20radio/?D=A HTTP/1.1" 200 4186 "-" "MLBot (www.metadatalabs.com/mlbot)"
71.41.201.38 - - [11/Apr/2009:03:08:01 +0200] "GET /unreleases/x00-gorellaume%20radio/?t=saww-20&o=1&p=14&l=bn1&mode=videogames&browse=14210751&nou=1&fc1=C2EB07<1=_blank&lc1=FFFFFF&bg1=1A2433&f=ifr HTTP/1.1" 200 4186 "-" "MLBot (www.metadatalabs.com/mlbot)"
71.41.201.38 - - [11/Apr/2009:03:08:33 +0200] "GET /unreleases/x00-gorellaume%20radio/?tag=ft HTTP/1.1" 200 4186 "-" "MLBot (www.metadatalabs.com/mlbot)"
71.41.201.38 - - [11/Apr/2009:03:09:12 +0200] "GET /unreleases/x00-gorellaume%20radio/?uri=referer HTTP/1.1" 200 4186 "-" "MLBot (www.metadatalabs.com/mlbot)"
71.41.201.38 - - [11/Apr/2009:03:10:42 +0200] "HEAD /unreleases/x00-gorellaume%20radio/?exturl=http://carreviews.ws/2009/01/02/ferrari-550-maranell-or-ferrari-575-maranello.html&exttitle=Ferrari%20550%20Maranell%20Or%20Ferrari%20575%20Maranello HTTP/1.1" 200 - "-" "MLBot (www.metadatalabs.com/mlbot)"
71.41.201.38 - - [11/Apr/2009:03:10:42 +0200] "GET /unreleases/x00-gorellaume%20radio/?exturl=http://carreviews.ws/2009/01/02/ferrari-550-maranell-or-ferrari-575-maranello.html&exttitle=Ferrari%20550%20Maranell%20Or%20Ferrari%20575%20Maranello HTTP/1.1" 200 4186 "-" "MLBot (www.metadatalabs.com/mlbot)"
71.41.201.38 - - [11/Apr/2009:03:11:02 +0200] "GET /unreleases/x00-gorellaume%20radio/?page_id=2 HTTP/1.1" 200 4186 "-" "MLBot (www.metadatalabs.com/mlbot)"
65.55.105.43 - - [11/Apr/2009:03:44:58 +0200] "GET /robots.txt HTTP/1.1" 404 208 "-" "msnbot/1.1 (+http://search.msn.com/msnbot.htm)"
65.55.105.43 - - [11/Apr/2009:03:44:59 +0200] "GET /index.php?herenow=unreleases/U01-ANIMOMOR HTTP/1.1" 200 2253 "-" "msnbot/1.1 (+http://search.msn.com/msnbot.htm)"
65.55.110.173 - - [11/Apr/2009:03:50:48 +0200] "GET /index.php?herenow=unreleases/U01-ANIMOMOR HTTP/1.0" 200 2255 "http://search.live.com/results.aspx?q=unreleasable" "Mozilla/4.0 (compatible; MSIE 6.0; Windows NT 5.2; SV1; .NET CLR 1.1.4322)"
64.17.2.164 - - [11/Apr/2009:04:09:42 +0200] "GET /robots.txt HTTP/1.1" 404 208 "-" "MLBot (www.metadatalabs.com/mlbot)"
64.17.2.164 - - [11/Apr/2009:04:09:42 +0200] "GET /index.php?herenow=unreleases/le_matin_brouillons HTTP/1.1" 200 2097 "-" "MLBot (www.metadatalabs.com/mlbot)"
72.14.164.160 - - [11/Apr/2009:04:46:33 +0200] "GET /robots.txt HTTP/1.1" 404 208 "http://www.bdbrandprotect.com" "Mozilla/4.0+(compatible;+MSIE+6.0;+Windows+NT+5.1)"
72.14.164.160 - - [11/Apr/2009:04:46:33 +0200] "HEAD /unreleases/U03-MANUCHAOS%20-%20THE%20FLOOD/cover.jpg HTTP/1.1" 200 - "-" "BPImageWalker/2.0 (www.bdbrandprotect.com)"
72.14.164.160 - - [11/Apr/2009:04:46:33 +0200] "GET /unreleases/U03-MANUCHAOS%20-%20THE%20FLOOD/cover.jpg HTTP/1.1" 200 737117 "-" "BPImageWalker/2.0 (www.bdbrandprotect.com)"
71.41.201.38 - - [11/Apr/2009:04:50:07 +0200] "GET /index.php?herenow=unreleases/le_matin_brouillons/poubelle HTTP/1.1" 200 2106 "-" "MLBot (www.metadatalabs.com/mlbot)"
81.52.143.25 - - [11/Apr/2009:05:46:42 +0200] "HEAD / HTTP/1.1" 200 - "-" "Mozilla/4.0 (compatible; MSIE 4.01; Windows CE; PPC;; 240x320; SPV M700; OpVer 19.123.2.733) OrangeBot-Mobile 2008.0 (support.mobilesearch@orange-ftgroup.com)"
71.41.201.38 - - [11/Apr/2009:07:36:54 +0200] "GET /unreleases/U04-IDIOT%20DIRTY%20MAN%20-%20INUTILE%20BEAT%20MUSIC/?UserId=2773 HTTP/1.1" 200 4252 "-" "MLBot (www.metadatalabs.com/mlbot)"
71.41.201.38 - - [11/Apr/2009:07:37:09 +0200] "GET /unreleases/U04-IDIOT%20DIRTY%20MAN%20-%20INUTILE%20BEAT%20MUSIC/?www.movieberry.com/?partner=2321 HTTP/1.1" 200 4252 "-" "MLBot (www.metadatalabs.com/mlbot)"
71.41.201.38 - - [11/Apr/2009:07:37:18 +0200] "GET /unreleases/U04-IDIOT%20DIRTY%20MAN%20-%20INUTILE%20BEAT%20MUSIC/?dir=/music/groups/commie/ HTTP/1.1" 200 4252 "-" "MLBot (www.metadatalabs.com/mlbot)"
71.41.201.38 - - [11/Apr/2009:07:37:27 +0200] "GET /unreleases/U04-IDIOT%20DIRTY%20MAN%20-%20INUTILE%20BEAT%20MUSIC/?textonly=1 HTTP/1.1" 200 4252 "-" "MLBot (www.metadatalabs.com/mlbot)"
84.103.153.98 - - [11/Apr/2009:09:27:20 +0200] "GET / HTTP/1.1" 200 3748 "http://www.tarteflure.com/" "Mozilla/5.0 (Windows; U; Windows NT 6.0; fr; rv:1.9.0.8) Gecko/2009032609 Firefox/3.0.8 (.NET CLR 3.5.30729)"
84.103.153.98 - - [11/Apr/2009:09:27:21 +0200] "GET /favicon.ico HTTP/1.1" 404 209 "-" "Mozilla/5.0 (Windows; U; Windows NT 6.0; fr; rv:1.9.0.8) Gecko/2009032609 Firefox/3.0.8 (.NET CLR 3.5.30729)"
84.103.153.98 - - [11/Apr/2009:09:27:24 +0200] "GET /favicon.ico HTTP/1.1" 404 209 "-" "Mozilla/5.0 (Windows; U; Windows NT 6.0; fr; rv:1.9.0.8) Gecko/2009032609 Firefox/3.0.8 (.NET CLR 3.5.30729)"
84.103.153.98 - - [11/Apr/2009:09:27:25 +0200] "GET /index.php?herenow=unreleases/U00-5TFU-top5-2008 HTTP/1.1" 200 2218 "http://unrelease.autiste.org/" "Mozilla/5.0 (Windows; U; Windows NT 6.0; fr; rv:1.9.0.8) Gecko/2009032609 Firefox/3.0.8 (.NET CLR 3.5.30729)"
84.103.153.98 - - [11/Apr/2009:09:27:31 +0200] "GET /unreleases/U00-5TFU-top5-2008/staross%20-%20dowland%20-%20flow%20my%20tears.mp3 HTTP/1.1" 200 879252 "http://unrelease.autiste.org/index.php?herenow=unreleases/U00-5TFU-top5-2008" "Mozilla/5.0 (Windows; U; Windows NT 6.0; fr; rv:1.9.0.8) Gecko/2009032609 Firefox/3.0.8 (.NET CLR 3.5.30729)"
84.103.153.98 - - [11/Apr/2009:09:27:42 +0200] "GET /unreleases/U00-5TFU-top5-2008/staross%20-%20dowland%20-%20flow%20my%20tears.mp3 HTTP/1.1" 206 879252 "-" "VLC media player - version 0.9.8a Grishenko - (c) 1996-2008 the VideoLAN team"
82.226.68.97 - - [11/Apr/2009:09:55:10 +0200] "GET /index.php?herenow=unreleases/U03-MANUCHAOS%20-%20THE%20FLOOD HTTP/1.1" 200 4884 "http://www.myspace.com/osoelroto" "Mozilla/5.0 (Macintosh; U; Intel Mac OS X 10_4_11; fr) AppleWebKit/525.27.1 (KHTML, like Gecko) Version/3.2.1 Safari/525.27.1"
82.226.68.97 - - [11/Apr/2009:09:55:11 +0200] "GET /favicon.ico HTTP/1.1" 404 209 "http://unrelease.autiste.org/index.php?herenow=unreleases/U03-MANUCHAOS%20-%20THE%20FLOOD" "Mozilla/5.0 (Macintosh; U; Intel Mac OS X 10_4_11; fr) AppleWebKit/525.27.1 (KHTML, like Gecko) Version/3.2.1 Safari/525.27.1"
82.226.68.97 - - [11/Apr/2009:09:55:11 +0200] "GET /unreleases/U03-MANUCHAOS%20-%20THE%20FLOOD/cover.jpg HTTP/1.1" 200 737117 "http://unrelease.autiste.org/index.php?herenow=unreleases/U03-MANUCHAOS%20-%20THE%20FLOOD" "Mozilla/5.0 (Macintosh; U; Intel Mac OS X 10_4_11; fr) AppleWebKit/525.27.1 (KHTML, like Gecko) Version/3.2.1 Safari/525.27.1"
79.80.247.248 - - [11/Apr/2009:11:27:14 +0200] "GET /index.php?herenow=unreleases/x00-gorellaume%20radio HTTP/1.1" 200 4164 "-" "Mozilla/5.0 (Macintosh; U; Intel Mac OS X 10.5; fr; rv:1.9.0.8) Gecko/2009032608 Firefox/3.0.8"
79.80.247.248 - - [11/Apr/2009:11:27:15 +0200] "GET /unreleases/x00-gorellaume%20radio/cover.jpg HTTP/1.1" 200 82668 "http://unrelease.autiste.org/index.php?herenow=unreleases/x00-gorellaume%20radio" "Mozilla/5.0 (Macintosh; U; Intel Mac OS X 10.5; fr; rv:1.9.0.8) Gecko/2009032608 Firefox/3.0.8"
79.80.247.248 - - [11/Apr/2009:11:27:16 +0200] "GET /favicon.ico HTTP/1.1" 404 209 "-" "Mozilla/5.0 (Macintosh; U; Intel Mac OS X 10.5; fr; rv:1.9.0.8) Gecko/2009032608 Firefox/3.0.8"
79.80.247.248 - - [11/Apr/2009:11:27:19 +0200] "GET /favicon.ico HTTP/1.1" 404 209 "-" "Mozilla/5.0 (Macintosh; U; Intel Mac OS X 10.5; fr; rv:1.9.0.8) Gecko/2009032608 Firefox/3.0.8"
208.80.195.32 - - [11/Apr/2009:11:28:30 +0200] "GET / HTTP/1.0" 200 3749 "-" "Mozilla/4.0 (compatible; MSIE 7.0; Windows NT 5.1; YPC 3.2.0; ImageShack Toolbar 3.0.3; yplus 5.1.04b)"
79.80.247.248 - - [11/Apr/2009:11:27:35 +0200] "GET /unreleases/x00-gorellaume%20radio/05.Gorellaume%20Nomad%20Session%203%20special%20XMAS%20Radio%20404%20(%20decembre%202008).mp3 HTTP/1.1" 200 72478560 "http://unrelease.autiste.org/index.php?herenow=unreleases/x00-gorellaume%20radio" "Mozilla/5.0 (Macintosh; U; Intel Mac OS X 10.5; fr; rv:1.9.0.8) Gecko/2009032608 Firefox/3.0.8"
88.183.201.92 - - [11/Apr/2009:12:10:21 +0200] "GET /unreleases/U03-MANUCHAOS%20-%20THE%20FLOOD/cover.jpg HTTP/1.1" 200 737117 "http://www.bitumas.com/forum/viewtopic.php?f=6&t=5&sid=171110e43d2abe62d5f6cf5acf2c6f25" "Mozilla/5.0 (Macintosh; U; Intel Mac OS X; fr; rv:1.8.1.21) Gecko/20090327 Camino/1.6.7 (MultiLang) (like Firefox/2.0.0.21pre)"
88.183.201.92 - - [11/Apr/2009:12:10:22 +0200] "GET /unreleases/U03-MANUCHAOS%20-%20THE%20FLOOD/manuchaos-maq1_14_au_revoir_klaus.mp3 HTTP/1.1" 200 2515391 "-" "Mozilla/5.0 (Macintosh; U; Intel Mac OS X; fr; rv:1.8.1.21) Gecko/20090327 Camino/1.6.7 (MultiLang) (like Firefox/2.0.0.21pre)"
79.80.247.248 - - [11/Apr/2009:12:35:50 +0200] "GET /index.php?herenow=unreleases/x00-gorellaume%20radio HTTP/1.1" 200 4163 "-" "Mozilla/5.0 (Macintosh; U; Intel Mac OS X 10.5; fr; rv:1.9.0.8) Gecko/2009032608 Firefox/3.0.8"
79.80.247.248 - - [11/Apr/2009:12:35:50 +0200] "GET /unreleases/x00-gorellaume%20radio/cover.jpg HTTP/1.1" 200 82668 "http://unrelease.autiste.org/index.php?herenow=unreleases/x00-gorellaume%20radio" "Mozilla/5.0 (Macintosh; U; Intel Mac OS X 10.5; fr; rv:1.9.0.8) Gecko/2009032608 Firefox/3.0.8"
79.80.247.248 - - [11/Apr/2009:12:35:56 +0200] "GET /unreleases/x00-gorellaume%20radio/07.Gorellaume%20Nomad%20Session%205%20(%20fevrier%202009)%20radio%20404.mp3 HTTP/1.1" 200 72957660 "http://unrelease.autiste.org/index.php?herenow=unreleases/x00-gorellaume%20radio" "Mozilla/5.0 (Macintosh; U; Intel Mac OS X 10.5; fr; rv:1.9.0.8) Gecko/2009032608 Firefox/3.0.8"
77.202.14.179 - - [11/Apr/2009:15:58:09 +0200] "GET /unreleases/U01-ANIMOMOR/ANIMOR2-LORIE_09.mp3 HTTP/1.1" 200 2333046 "-" "Mozilla/5.0 (Windows; U; Windows NT 5.1; fr; rv:1.8.0.12) Gecko/20070508 Firefox/1.5.0.12"
65.55.105.36 - - [11/Apr/2009:16:16:15 +0200] "GET /robots.txt HTTP/1.1" 404 208 "-" "msnbot/1.1 (+http://search.msn.com/msnbot.htm)"
65.55.105.36 - - [11/Apr/2009:16:16:15 +0200] "GET /index.php?herenow=./unreleases HTTP/1.1" 200 2738 "-" "msnbot/1.1 (+http://search.msn.com/msnbot.htm)"
65.55.109.109 - - [11/Apr/2009:16:19:48 +0200] "GET /index.php?herenow=./unreleases HTTP/1.0" 200 2739 "http://search.live.com/results.aspx?q=unreleasable" "Mozilla/4.0 (compatible; MSIE 6.0; Windows NT 5.2; SV1; .NET CLR 1.1.4322)"
66.249.70.149 - - [11/Apr/2009:18:59:28 +0200] "GET /robots.txt HTTP/1.1" 404 208 "-" "Mozilla/5.0 (compatible; Googlebot/2.1; +http://www.google.com/bot.html)"
66.249.70.149 - - [11/Apr/2009:18:59:28 +0200] "GET /index.php?herenow=unreleases/U04-IDIOT%20DIRTY%20MAN%20-%20INUTILE%20BEAT%20MUSIC HTTP/1.1" 200 4356 "-" "Mozilla/5.0 (compatible; Googlebot/2.1; +http://www.google.com/bot.html)"
85.28.87.36 - - [11/Apr/2009:20:30:24 +0200] "GET /index.php?herenow=unreleases/X00-GORELLAUME%20RADIO HTTP/1.1" 200 2098 "-" "Mozilla/5.0 (Windows; U; Windows NT 6.0; fr; rv:1.9.0.8) Gecko/2009032609 Firefox/3.0.8"
85.28.87.36 - - [11/Apr/2009:20:30:27 +0200] "GET / HTTP/1.1" 200 3747 "http://unrelease.autiste.org/index.php?herenow=unreleases/X00-GORELLAUME%20RADIO" "Mozilla/5.0 (Windows; U; Windows NT 6.0; fr; rv:1.9.0.8) Gecko/2009032609 Firefox/3.0.8"
85.28.87.36 - - [11/Apr/2009:20:30:28 +0200] "GET /favicon.ico HTTP/1.1" 404 209 "-" "Mozilla/5.0 (Windows; U; Windows NT 6.0; fr; rv:1.9.0.8) Gecko/2009032609 Firefox/3.0.8"
85.28.87.36 - - [11/Apr/2009:20:30:28 +0200] "GET /favicon.ico HTTP/1.1" 404 209 "-" "Mozilla/5.0 (Windows; U; Windows NT 6.0; fr; rv:1.9.0.8) Gecko/2009032609 Firefox/3.0.8"
85.28.87.36 - - [11/Apr/2009:20:30:33 +0200] "GET /index.php?herenow=unreleases/U04-IDIOT%20DIRTY%20MAN%20-%20INUTILE%20BEAT%20MUSIC HTTP/1.1" 200 4358 "http://unrelease.autiste.org/" "Mozilla/5.0 (Windows; U; Windows NT 6.0; fr; rv:1.9.0.8) Gecko/2009032609 Firefox/3.0.8"
85.28.87.36 - - [11/Apr/2009:20:30:33 +0200] "GET /unreleases/U04-IDIOT%20DIRTY%20MAN%20-%20INUTILE%20BEAT%20MUSIC/cover.jpg HTTP/1.1" 200 255288 "http://unrelease.autiste.org/index.php?herenow=unreleases/U04-IDIOT%20DIRTY%20MAN%20-%20INUTILE%20BEAT%20MUSIC" "Mozilla/5.0 (Windows; U; Windows NT 6.0; fr; rv:1.9.0.8) Gecko/2009032609 Firefox/3.0.8"
85.28.87.36 - - [11/Apr/2009:20:30:44 +0200] "GET /unreleases/U04-IDIOT%20DIRTY%20MAN%20-%20INUTILE%20BEAT%20MUSIC/IBMBACKCOVERweb.jpg HTTP/1.1" 200 44140 "http://unrelease.autiste.org/index.php?herenow=unreleases/U04-IDIOT%20DIRTY%20MAN%20-%20INUTILE%20BEAT%20MUSIC" "Mozilla/5.0 (Windows; U; Windows NT 6.0; fr; rv:1.9.0.8) Gecko/2009032609 Firefox/3.0.8"
88.121.46.113 - - [11/Apr/2009:20:36:24 +0200] "GET /unreleases/U01-ANIMOMOR/ANIMOR2-LORIE_09.mp3 HTTP/1.1" 200 2333046 "http://www.defcore.net/dewplayer.swf?son=http://unrelease.autiste.org/unreleases/U01-ANIMOMOR/ANIMOR2-LORIE_09.mp3&showtime=1" "Mozilla/4.0 (compatible; MSIE 7.0; Windows NT 5.1; .NET CLR 1.1.4322; .NET CLR 2.0.50727)"
64.17.2.164 - - [11/Apr/2009:22:38:47 +0200] "GET /unreleases/U01-ANIMOMOR/makettes/ HTTP/1.1" 200 1121 "-" "MLBot (www.metadatalabs.com/mlbot)"
64.17.2.164 - - [11/Apr/2009:22:52:53 +0200] "GET /unreleases/U01-ANIMOMOR/makettes/?main_page=product_info&cPath=10_37&products_id=276 HTTP/1.1" 200 1121 "-" "MLBot (www.metadatalabs.com/mlbot)"
64.17.2.164 - - [11/Apr/2009:22:54:48 +0200] "GET /unreleases/U01-ANIMOMOR/makettes/?q=Restaurants%20Where%20to%20eat&sa=Search&client=pub-1460822523989159&forid=1&channel=6943072422&ie=ISO-8859-1&oe=ISO-8859-1&cof=GALT: HTTP/1.1" 200 1121 "-" "MLBot (www.metadatalabs.com/mlbot)"
64.17.2.164 - - [11/Apr/2009:22:56:17 +0200] "GET /unreleases/U01-ANIMOMOR/makettes/?wd=RealPlayer&cl=3 HTTP/1.1" 200 1121 "-" "MLBot (www.metadatalabs.com/mlbot)"
64.17.2.164 - - [11/Apr/2009:22:57:25 +0200] "GET /unreleases/U01-ANIMOMOR/makettes/?5 HTTP/1.1" 200 1121 "-" "MLBot (www.metadatalabs.com/mlbot)"
89.2.250.17 - - [12/Apr/2009:01:52:08 +0200] "GET /unreleases/U04-IDIOT%20DIRTY%20MAN%20-%20INUTILE%20BEAT%20MUSIC/cover.jpg HTTP/1.1" 200 255288 "http://cannibalcaniche.com/forum/viewtopic.php?t=11371" "Mozilla/5.0 (Windows; U; Windows NT 6.0; fr; rv:1.9.0.8) Gecko/2009032609 Firefox/3.0.8 (.NET CLR 3.5.30729)"
72.30.87.82 - - [12/Apr/2009:05:25:00 +0200] "GET /robots.txt HTTP/1.0" 404 208 "-" "Mozilla/5.0 (compatible; Yahoo! Slurp; http://help.yahoo.com/help/us/ysearch/slurp)"
72.30.87.82 - - [12/Apr/2009:05:25:01 +0200] "GET /index.php?herenow=./unreleases/U04-IDIOT%20DIRTY%20MAN%20-%20INUTILE%20BEAT%20MUSIC HTTP/1.0" 200 4388 "-" "Mozilla/5.0 (compatible; Yahoo! Slurp/3.0; http://help.yahoo.com/help/us/ysearch/slurp)"
88.191.88.79 - - [12/Apr/2009:06:41:57 +0200] "GET /robots.txt HTTP/1.0" 404 208 "http://unrelease.autiste.org/" "Mozilla/4.0 (compatible; MSIE 6.0; Windows NT 5.1)"
84.103.153.98 - - [12/Apr/2009:06:55:55 +0200] "GET / HTTP/1.1" 200 3750 "http://www.tarteflure.com/" "Mozilla/5.0 (Windows; U; Windows NT 6.0; fr; rv:1.9.0.8) Gecko/2009032609 Firefox/3.0.8 (.NET CLR 3.5.30729)"
84.103.153.98 - - [12/Apr/2009:06:55:55 +0200] "GET /favicon.ico HTTP/1.1" 404 209 "-" "Mozilla/5.0 (Windows; U; Windows NT 6.0; fr; rv:1.9.0.8) Gecko/2009032609 Firefox/3.0.8 (.NET CLR 3.5.30729)"
84.103.153.98 - - [12/Apr/2009:06:55:58 +0200] "GET /favicon.ico HTTP/1.1" 404 209 "-" "Mozilla/5.0 (Windows; U; Windows NT 6.0; fr; rv:1.9.0.8) Gecko/2009032609 Firefox/3.0.8 (.NET CLR 3.5.30729)"
84.103.153.98 - - [12/Apr/2009:06:56:08 +0200] "GET /index.php?herenow=./unreleases HTTP/1.1" 200 2740 "http://unrelease.autiste.org/" "Mozilla/5.0 (Windows; U; Windows NT 6.0; fr; rv:1.9.0.8) Gecko/2009032609 Firefox/3.0.8 (.NET CLR 3.5.30729)"
84.103.153.98 - - [12/Apr/2009:06:56:10 +0200] "GET /index.php?herenow=./unreleases/U03-MANUCHAOS%20-%20THE%20FLOOD HTTP/1.1" 200 4934 "http://unrelease.autiste.org/index.php?herenow=./unreleases" "Mozilla/5.0 (Windows; U; Windows NT 6.0; fr; rv:1.9.0.8) Gecko/2009032609 Firefox/3.0.8 (.NET CLR 3.5.30729)"
84.103.153.98 - - [12/Apr/2009:06:56:10 +0200] "GET /unreleases/U03-MANUCHAOS%20-%20THE%20FLOOD/cover.jpg HTTP/1.1" 200 737117 "http://unrelease.autiste.org/index.php?herenow=./unreleases/U03-MANUCHAOS%20-%20THE%20FLOOD" "Mozilla/5.0 (Windows; U; Windows NT 6.0; fr; rv:1.9.0.8) Gecko/2009032609 Firefox/3.0.8 (.NET CLR 3.5.30729)"
84.103.153.98 - - [12/Apr/2009:06:56:16 +0200] "GET /unreleases/U03-MANUCHAOS%20-%20THE%20FLOOD/about.txt HTTP/1.1" 200 97 "http://unrelease.autiste.org/index.php?herenow=./unreleases/U03-MANUCHAOS%20-%20THE%20FLOOD" "Mozilla/5.0 (Windows; U; Windows NT 6.0; fr; rv:1.9.0.8) Gecko/2009032609 Firefox/3.0.8 (.NET CLR 3.5.30729)"
84.103.153.98 - - [12/Apr/2009:06:56:23 +0200] "GET /unreleases/U03-MANUCHAOS%20-%20THE%20FLOOD/manuchaos-maq1_01_floode.mp3 HTTP/1.1" 200 1077942 "http://unrelease.autiste.org/index.php?herenow=./unreleases/U03-MANUCHAOS%20-%20THE%20FLOOD" "Mozilla/5.0 (Windows; U; Windows NT 6.0; fr; rv:1.9.0.8) Gecko/2009032609 Firefox/3.0.8 (.NET CLR 3.5.30729)"
84.103.153.98 - - [12/Apr/2009:06:56:24 +0200] "GET /unreleases/U03-MANUCHAOS%20-%20THE%20FLOOD/manuchaos-maq1_01_floode.mp3 HTTP/1.1" 206 1077942 "-" "VLC media player - version 0.9.8a Grishenko - (c) 1996-2008 the VideoLAN team"
84.103.153.98 - - [12/Apr/2009:06:57:18 +0200] "GET /unreleases/U03-MANUCHAOS%20-%20THE%20FLOOD/cover2.jpg HTTP/1.1" 200 686687 "http://unrelease.autiste.org/index.php?herenow=./unreleases/U03-MANUCHAOS%20-%20THE%20FLOOD" "Mozilla/5.0 (Windows; U; Windows NT 6.0; fr; rv:1.9.0.8) Gecko/2009032609 Firefox/3.0.8 (.NET CLR 3.5.30729)"
84.103.153.98 - - [12/Apr/2009:06:57:30 +0200] "GET / HTTP/1.1" 200 3749 "http://unrelease.autiste.org/index.php?herenow=./unreleases/U03-MANUCHAOS%20-%20THE%20FLOOD" "Mozilla/5.0 (Windows; U; Windows NT 6.0; fr; rv:1.9.0.8) Gecko/2009032609 Firefox/3.0.8 (.NET CLR 3.5.30729)"
84.103.153.98 - - [12/Apr/2009:06:57:33 +0200] "GET /index.php?herenow=unreleases/U02-ERRUER-USED_TO_FAIL HTTP/1.1" 200 3367 "http://unrelease.autiste.org/" "Mozilla/5.0 (Windows; U; Windows NT 6.0; fr; rv:1.9.0.8) Gecko/2009032609 Firefox/3.0.8 (.NET CLR 3.5.30729)"
84.103.153.98 - - [12/Apr/2009:06:57:51 +0200] "GET /unreleases/U02-ERRUER-USED_TO_FAIL/erreur&overlfow-la_belgique_n%27existe_pas.mp3 HTTP/1.1" 200 7317945 "http://unrelease.autiste.org/index.php?herenow=unreleases/U02-ERRUER-USED_TO_FAIL" "Mozilla/5.0 (Windows; U; Windows NT 6.0; fr; rv:1.9.0.8) Gecko/2009032609 Firefox/3.0.8 (.NET CLR 3.5.30729)"
84.103.153.98 - - [12/Apr/2009:06:57:51 +0200] "GET /unreleases/U02-ERRUER-USED_TO_FAIL/erreur&overlfow-la_belgique_n%27existe_pas.mp3 HTTP/1.1" 206 7317945 "-" "VLC media player - version 0.9.8a Grishenko - (c) 1996-2008 the VideoLAN team"
84.103.153.98 - - [12/Apr/2009:06:57:59 +0200] "GET /unreleases/U02-ERRUER-USED_TO_FAIL/erreur-la_vie_continue.mp3 HTTP/1.1" 200 6082458 "http://unrelease.autiste.org/index.php?herenow=unreleases/U02-ERRUER-USED_TO_FAIL" "Mozilla/5.0 (Windows; U; Windows NT 6.0; fr; rv:1.9.0.8) Gecko/2009032609 Firefox/3.0.8 (.NET CLR 3.5.30729)"
84.103.153.98 - - [12/Apr/2009:06:58:00 +0200] "GET /unreleases/U02-ERRUER-USED_TO_FAIL/erreur-la_vie_continue.mp3 HTTP/1.1" 206 6082458 "-" "VLC media player - version 0.9.8a Grishenko - (c) 1996-2008 the VideoLAN team"
84.103.153.98 - - [12/Apr/2009:06:58:16 +0200] "GET / HTTP/1.1" 200 3745 "http://unrelease.autiste.org/index.php?herenow=unreleases/U02-ERRUER-USED_TO_FAIL" "Mozilla/5.0 (Windows; U; Windows NT 6.0; fr; rv:1.9.0.8) Gecko/2009032609 Firefox/3.0.8 (.NET CLR 3.5.30729)"
84.103.153.98 - - [12/Apr/2009:06:58:20 +0200] "GET /index.php?herenow=./logs HTTP/1.1" 200 2167 "http://unrelease.autiste.org/" "Mozilla/5.0 (Windows; U; Windows NT 6.0; fr; rv:1.9.0.8) Gecko/2009032609 Firefox/3.0.8 (.NET CLR 3.5.30729)"
84.103.153.98 - - [12/Apr/2009:06:58:22 +0200] "GET /logs/error.log HTTP/1.1" 200 55523 "http://unrelease.autiste.org/index.php?herenow=./logs" "Mozilla/5.0 (Windows; U; Windows NT 6.0; fr; rv:1.9.0.8) Gecko/2009032609 Firefox/3.0.8 (.NET CLR 3.5.30729)"
84.103.153.98 - - [12/Apr/2009:06:58:38 +0200] "GET / HTTP/1.1" 200 3746 "http://unrelease.autiste.org/index.php?herenow=./logs" "Mozilla/5.0 (Windows; U; Windows NT 6.0; fr; rv:1.9.0.8) Gecko/2009032609 Firefox/3.0.8 (.NET CLR 3.5.30729)"
84.103.153.98 - - [12/Apr/2009:06:58:45 +0200] "GET /index.php?herenow=unreleases/U04-IDIOT%20DIRTY%20MAN%20-%20INUTILE%20BEAT%20MUSIC HTTP/1.1" 200 4358 "http://unrelease.autiste.org/" "Mozilla/5.0 (Windows; U; Windows NT 6.0; fr; rv:1.9.0.8) Gecko/2009032609 Firefox/3.0.8 (.NET CLR 3.5.30729)"
84.103.153.98 - - [12/Apr/2009:06:58:46 +0200] "GET /unreleases/U04-IDIOT%20DIRTY%20MAN%20-%20INUTILE%20BEAT%20MUSIC/cover.jpg HTTP/1.1" 200 255288 "http://unrelease.autiste.org/index.php?herenow=unreleases/U04-IDIOT%20DIRTY%20MAN%20-%20INUTILE%20BEAT%20MUSIC" "Mozilla/5.0 (Windows; U; Windows NT 6.0; fr; rv:1.9.0.8) Gecko/2009032609 Firefox/3.0.8 (.NET CLR 3.5.30729)"
84.103.153.98 - - [12/Apr/2009:06:58:49 +0200] "GET /unreleases/U04-IDIOT%20DIRTY%20MAN%20-%20INUTILE%20BEAT%20MUSIC/IBMBACKCOVERweb.jpg HTTP/1.1" 200 44140 "http://unrelease.autiste.org/index.php?herenow=unreleases/U04-IDIOT%20DIRTY%20MAN%20-%20INUTILE%20BEAT%20MUSIC" "Mozilla/5.0 (Windows; U; Windows NT 6.0; fr; rv:1.9.0.8) Gecko/2009032609 Firefox/3.0.8 (.NET CLR 3.5.30729)"
84.103.153.98 - - [12/Apr/2009:06:59:47 +0200] "GET /unreleases/U04-IDIOT%20DIRTY%20MAN%20-%20INUTILE%20BEAT%20MUSIC/08.Idiot%20Dirty%20Man%20-%20If%20you%20fucking%20stop%20talking%20to%20me%20you%20won%27t%20have%20to%20hear%20.mp3 HTTP/1.1" 200 6699917 "http://unrelease.autiste.org/index.php?herenow=unreleases/U04-IDIOT%20DIRTY%20MAN%20-%20INUTILE%20BEAT%20MUSIC" "Mozilla/5.0 (Windows; U; Windows NT 6.0; fr; rv:1.9.0.8) Gecko/2009032609 Firefox/3.0.8 (.NET CLR 3.5.30729)"
84.103.153.98 - - [12/Apr/2009:06:59:48 +0200] "GET /unreleases/U04-IDIOT%20DIRTY%20MAN%20-%20INUTILE%20BEAT%20MUSIC/08.Idiot%20Dirty%20Man%20-%20If%20you%20fucking%20stop%20talking%20to%20me%20you%20won%27t%20have%20to%20hear%20.mp3 HTTP/1.1" 206 6699917 "-" "VLC media player - version 0.9.8a Grishenko - (c) 1996-2008 the VideoLAN team"
64.17.2.164 - - [12/Apr/2009:07:02:07 +0200] "GET /robots.txt HTTP/1.1" 404 208 "-" "MLBot (www.metadatalabs.com/mlbot)"
64.17.2.164 - - [12/Apr/2009:07:02:07 +0200] "GET /unreleases/U01-ANIMOMOR/makettes/?t=domowall-20&o=1&p=13&l=st1&mode=music&search=Black%20Crowes%20-%20Three%20Snakes&fc1=000000<1=&lc1=3366FF&bg1=FFFFFF&f=ifr HTTP/1.1" 200 1121 "-" "MLBot (www.metadatalabs.com/mlbot)"
64.17.2.164 - - [12/Apr/2009:07:02:55 +0200] "GET /unreleases/U01-ANIMOMOR/makettes/?n=ae659f9c&cb=INSERT_RANDOM_NUMBER_HERE HTTP/1.1" 200 1121 "-" "MLBot (www.metadatalabs.com/mlbot)"
64.17.2.164 - - [12/Apr/2009:07:03:29 +0200] "GET /unreleases/U01-ANIMOMOR/makettes/?band_id=2153 HTTP/1.1" 200 1121 "-" "MLBot (www.metadatalabs.com/mlbot)"
64.17.2.164 - - [12/Apr/2009:07:04:03 +0200] "GET /unreleases/U01-ANIMOMOR/makettes/?type=related&tag=Rama%20MAA%20SPB%20Ramadasu%20Ramdoss%20Padalani%20Undi%20Deepika%20Uppuluri HTTP/1.1" 200 1121 "-" "MLBot (www.metadatalabs.com/mlbot)"
64.17.2.164 - - [12/Apr/2009:07:04:28 +0200] "GET /unreleases/U01-ANIMOMOR/makettes/?video_id=_cQk4o5CnkQ HTTP/1.1" 200 1121 "-" "MLBot (www.metadatalabs.com/mlbot)"
64.17.2.164 - - [12/Apr/2009:07:04:50 +0200] "GET /unreleases/U01-ANIMOMOR/makettes/?o=rel&c=10 HTTP/1.1" 200 1121 "-" "MLBot (www.metadatalabs.com/mlbot)"
64.17.2.164 - - [12/Apr/2009:07:05:10 +0200] "GET /unreleases/U01-ANIMOMOR/makettes/?id=kif_8-zkryI&ext=flv HTTP/1.1" 200 1121 "-" "MLBot (www.metadatalabs.com/mlbot)"
64.17.2.164 - - [12/Apr/2009:07:05:27 +0200] "GET /unreleases/U01-ANIMOMOR/makettes/?content=girls HTTP/1.1" 200 1121 "-" "MLBot (www.metadatalabs.com/mlbot)"
66.249.70.149 - - [12/Apr/2009:07:35:33 +0200] "GET /robots.txt HTTP/1.1" 404 208 "-" "Mozilla/5.0 (compatible; Googlebot/2.1; +http://www.google.com/bot.html)"
66.249.70.149 - - [12/Apr/2009:07:35:34 +0200] "GET /index.php?herenow=unreleases/U02-ERRUER-USED_TO_FAIL HTTP/1.1" 200 3368 "-" "Mozilla/5.0 (compatible; Googlebot/2.1; +http://www.google.com/bot.html)"
66.249.70.149 - - [12/Apr/2009:07:59:37 +0200] "GET /index.php?herenow=unreleases/brouillons HTTP/1.1" 200 2623 "-" "Mozilla/5.0 (compatible; Googlebot/2.1; +http://www.google.com/bot.html)"
72.30.87.82 - - [12/Apr/2009:08:18:11 +0200] "GET /index.php?herenow=unreleases/brouillons/erruer%20live%20test HTTP/1.0" 200 2204 "-" "Mozilla/5.0 (compatible; Yahoo! Slurp/3.0; http://help.yahoo.com/help/us/ysearch/slurp)"
91.205.124.3 - - [12/Apr/2009:09:48:38 +0200] "GET /robots.txt HTTP/1.1" 404 208 "-" "Yanga WorldSearch Bot v1.1/beta (http://www.yanga.co.uk/)"
91.205.124.3 - - [12/Apr/2009:09:48:38 +0200] "GET / HTTP/1.1" 200 3745 "-" "Yanga WorldSearch Bot v1.1/beta (http://www.yanga.co.uk/)"
79.80.247.248 - - [12/Apr/2009:09:53:18 +0200] "GET /index.php?herenow=unreleases/x00-gorellaume%20radio HTTP/1.1" 200 4161 "-" "Mozilla/5.0 (Macintosh; U; Intel Mac OS X 10.5; fr; rv:1.9.0.8) Gecko/2009032608 Firefox/3.0.8"
79.80.247.248 - - [12/Apr/2009:09:53:19 +0200] "GET /unreleases/x00-gorellaume%20radio/cover.jpg HTTP/1.1" 200 82668 "http://unrelease.autiste.org/index.php?herenow=unreleases/x00-gorellaume%20radio" "Mozilla/5.0 (Macintosh; U; Intel Mac OS X 10.5; fr; rv:1.9.0.8) Gecko/2009032608 Firefox/3.0.8"
79.80.247.248 - - [12/Apr/2009:09:53:20 +0200] "GET /favicon.ico HTTP/1.1" 404 209 "-" "Mozilla/5.0 (Macintosh; U; Intel Mac OS X 10.5; fr; rv:1.9.0.8) Gecko/2009032608 Firefox/3.0.8"
79.80.247.248 - - [12/Apr/2009:09:53:23 +0200] "GET /favicon.ico HTTP/1.1" 404 209 "-" "Mozilla/5.0 (Macintosh; U; Intel Mac OS X 10.5; fr; rv:1.9.0.8) Gecko/2009032608 Firefox/3.0.8"
79.80.247.248 - - [12/Apr/2009:09:53:33 +0200] "GET /unreleases/x00-gorellaume%20radio/01.Gorellaume%20CountryRadio1%20(Cannibal%20Caniche%202008).mp3 HTTP/1.1" 200 136245120 "http://unrelease.autiste.org/index.php?herenow=unreleases/x00-gorellaume%20radio" "Mozilla/5.0 (Macintosh; U; Intel Mac OS X 10.5; fr; rv:1.9.0.8) Gecko/2009032608 Firefox/3.0.8"
79.80.247.248 - - [12/Apr/2009:11:23:16 +0200] "GET /index.php?herenow=unreleases/x00-gorellaume%20radio HTTP/1.1" 200 4164 "-" "Mozilla/5.0 (Macintosh; U; Intel Mac OS X 10.5; fr; rv:1.9.0.8) Gecko/2009032608 Firefox/3.0.8"
79.80.247.248 - - [12/Apr/2009:11:23:20 +0200] "GET /favicon.ico HTTP/1.1" 404 209 "-" "Mozilla/5.0 (Macintosh; U; Intel Mac OS X 10.5; fr; rv:1.9.0.8) Gecko/2009032608 Firefox/3.0.8"
79.80.247.248 - - [12/Apr/2009:11:23:31 +0200] "GET /unreleases/x00-gorellaume%20radio/01.Gorellaume%20CountryRadio1%20(Cannibal%20Caniche%202008).mp3 HTTP/1.1" 200 136245120 "http://unrelease.autiste.org/index.php?herenow=unreleases/x00-gorellaume%20radio" "Mozilla/5.0 (Macintosh; U; Intel Mac OS X 10.5; fr; rv:1.9.0.8) Gecko/2009032608 Firefox/3.0.8"
66.249.70.149 - - [12/Apr/2009:12:13:08 +0200] "GET /index.php?herenow=./unreleases HTTP/1.1" 200 2739 "-" "Mozilla/5.0 (compatible; Googlebot/2.1; +http://www.google.com/bot.html)"
66.249.70.149 - - [12/Apr/2009:14:30:04 +0200] "GET /index.php?herenow=./unreleases/U04-IDIOT%20DIRTY%20MAN%20-%20INUTILE%20BEAT%20MUSIC HTTP/1.1" 200 4388 "-" "Mozilla/5.0 (compatible; Googlebot/2.1; +http://www.google.com/bot.html)"
66.249.70.149 - - [12/Apr/2009:14:30:04 +0200] "GET /index.php?herenow=./unreleases/U02-ERRUER-USED_TO_FAIL HTTP/1.1" 200 3389 "-" "Mozilla/5.0 (compatible; Googlebot/2.1; +http://www.google.com/bot.html)"
66.249.70.149 - - [12/Apr/2009:14:35:09 +0200] "GET /index.php?herenow=./unreleases/x00-gorellaume%20radio HTTP/1.1" 200 4191 "-" "Mozilla/5.0 (compatible; Googlebot/2.1; +http://www.google.com/bot.html)"
66.249.70.149 - - [12/Apr/2009:15:02:47 +0200] "GET /index.php?herenow=unreleases/brouillons/JLP_images HTTP/1.1" 200 2243 "-" "Mozilla/5.0 (compatible; Googlebot/2.1; +http://www.google.com/bot.html)"
79.80.247.248 - - [12/Apr/2009:15:37:16 +0200] "GET /index.php?herenow=unreleases/x00-gorellaume%20radio HTTP/1.1" 200 4164 "-" "Mozilla/5.0 (Macintosh; U; Intel Mac OS X 10.5; fr; rv:1.9.0.8) Gecko/2009032608 Firefox/3.0.8"
79.80.247.248 - - [12/Apr/2009:15:37:16 +0200] "GET /unreleases/x00-gorellaume%20radio/cover.jpg HTTP/1.1" 200 82668 "http://unrelease.autiste.org/index.php?herenow=unreleases/x00-gorellaume%20radio" "Mozilla/5.0 (Macintosh; U; Intel Mac OS X 10.5; fr; rv:1.9.0.8) Gecko/2009032608 Firefox/3.0.8"
79.80.247.248 - - [12/Apr/2009:15:37:20 +0200] "GET /unreleases/x00-gorellaume%20radio/11.Papy%20Microgramm%20Radio%20Show%20(%20mai%202005%20).mp3 HTTP/1.1" 200 48530393 "http://unrelease.autiste.org/index.php?herenow=unreleases/x00-gorellaume%20radio" "Mozilla/5.0 (Macintosh; U; Intel Mac OS X 10.5; fr; rv:1.9.0.8) Gecko/2009032608 Firefox/3.0.8"
64.17.2.164 - - [12/Apr/2009:16:09:09 +0200] "GET /unreleases/le_matin_brouillons/ HTTP/1.1" 404 229 "-" "MLBot (www.metadatalabs.com/mlbot)"
79.82.2.239 - - [12/Apr/2009:17:11:00 +0200] "GET /unreleases/U04-IDIOT%20DIRTY%20MAN%20-%20INUTILE%20BEAT%20MUSIC/cover.jpg HTTP/1.1" 200 255288 "http://www.cannibalcaniche.com/forum/viewtopic.php?t=11371" "Mozilla/5.0 (Windows; U; Windows NT 6.0; fr; rv:1.9.0.7) Gecko/2009021910 Firefox/3.0.7"
208.80.195.32 - - [12/Apr/2009:17:59:46 +0200] "GET / HTTP/1.0" 200 3747 "-" "Mozilla/4.0 (compatible; MSIE 7.0; Windows NT 5.1; CDSource=v3.12a.00; SU 3.005; (R1 1.1); .NET CLR 1.1.4322; .NET CLR 2.0.50727; .NET CLR 3.0.04506.30)"
72.30.79.91 - - [12/Apr/2009:23:33:24 +0200] "GET /robots.txt HTTP/1.0" 404 208 "-" "Mozilla/5.0 (compatible; Yahoo! Slurp; http://help.yahoo.com/help/us/ysearch/slurp)"
72.30.79.91 - - [12/Apr/2009:23:33:24 +0200] "GET / HTTP/1.0" 200 3747 "-" "Mozilla/5.0 (compatible; Yahoo! Slurp/3.0; http://help.yahoo.com/help/us/ysearch/slurp)"
81.50.157.127 - - [13/Apr/2009:02:09:04 +0200] "GET / HTTP/1.1" 200 3749 "http://www.tarteflure.com/" "Mozilla/5.0 (Windows; U; Windows NT 6.0; fr; rv:1.9) Gecko/2008052906 Firefox/3.0"
81.50.157.127 - - [13/Apr/2009:02:09:04 +0200] "GET /favicon.ico HTTP/1.1" 404 209 "-" "Mozilla/5.0 (Windows; U; Windows NT 6.0; fr; rv:1.9) Gecko/2008052906 Firefox/3.0"
81.50.157.127 - - [13/Apr/2009:02:09:07 +0200] "GET /favicon.ico HTTP/1.1" 404 209 "-" "Mozilla/5.0 (Windows; U; Windows NT 6.0; fr; rv:1.9) Gecko/2008052906 Firefox/3.0"
93.158.148.31 - - [13/Apr/2009:03:21:52 +0200] "GET /robots.txt HTTP/1.1" 404 208 "-" "Yandex/1.01.001 (compatible; Win16; I)"
93.158.148.31 - - [13/Apr/2009:03:21:54 +0200] "GET / HTTP/1.1" 200 3746 "-" "Yandex/1.01.001 (compatible; Win16; I)"
72.30.79.91 - - [13/Apr/2009:09:10:21 +0200] "GET /robots.txt HTTP/1.0" 404 208 "-" "Mozilla/5.0 (compatible; Yahoo! Slurp; http://help.yahoo.com/help/us/ysearch/slurp)"
72.30.79.91 - - [13/Apr/2009:09:10:21 +0200] "GET /index.php?herenow=unreleases/U01-ANIMOMOR/makettes HTTP/1.0" 200 2298 "-" "Mozilla/5.0 (compatible; Yahoo! Slurp/3.0; http://help.yahoo.com/help/us/ysearch/slurp)"
89.2.250.17 - - [13/Apr/2009:10:57:57 +0200] "GET / HTTP/1.1" 200 3748 "-" "Mozilla/5.0 (Windows; U; Windows NT 6.0; fr; rv:1.9.0.8) Gecko/2009032609 Firefox/3.0.8 (.NET CLR 3.5.30729)"
89.2.250.17 - - [13/Apr/2009:10:57:58 +0200] "GET /favicon.ico HTTP/1.1" 404 209 "-" "Mozilla/5.0 (Windows; U; Windows NT 6.0; fr; rv:1.9.0.8) Gecko/2009032609 Firefox/3.0.8 (.NET CLR 3.5.30729)"
89.2.250.17 - - [13/Apr/2009:10:58:02 +0200] "GET /index.php?herenow=unreleases/U04-IDIOT%20DIRTY%20MAN%20-%20INUTILE%20BEAT%20MUSIC HTTP/1.1" 200 4357 "http://unrelease.autiste.org/" "Mozilla/5.0 (Windows; U; Windows NT 6.0; fr; rv:1.9.0.8) Gecko/2009032609 Firefox/3.0.8 (.NET CLR 3.5.30729)"
89.2.250.17 - - [13/Apr/2009:10:58:02 +0200] "GET /unreleases/U04-IDIOT%20DIRTY%20MAN%20-%20INUTILE%20BEAT%20MUSIC/cover.jpg HTTP/1.1" 200 255288 "http://unrelease.autiste.org/index.php?herenow=unreleases/U04-IDIOT%20DIRTY%20MAN%20-%20INUTILE%20BEAT%20MUSIC" "Mozilla/5.0 (Windows; U; Windows NT 6.0; fr; rv:1.9.0.8) Gecko/2009032609 Firefox/3.0.8 (.NET CLR 3.5.30729)"
89.2.250.17 - - [13/Apr/2009:10:58:06 +0200] "GET / HTTP/1.1" 200 3745 "http://unrelease.autiste.org/index.php?herenow=unreleases/U04-IDIOT%20DIRTY%20MAN%20-%20INUTILE%20BEAT%20MUSIC" "Mozilla/5.0 (Windows; U; Windows NT 6.0; fr; rv:1.9.0.8) Gecko/2009032609 Firefox/3.0.8 (.NET CLR 3.5.30729)"
89.2.250.17 - - [13/Apr/2009:10:58:09 +0200] "GET /index.php?herenow=unreleases/U01-ANIMOMOR HTTP/1.1" 200 2254 "http://unrelease.autiste.org/" "Mozilla/5.0 (Windows; U; Windows NT 6.0; fr; rv:1.9.0.8) Gecko/2009032609 Firefox/3.0.8 (.NET CLR 3.5.30729)"
89.2.250.17 - - [13/Apr/2009:10:58:11 +0200] "GET /unreleases/U01-ANIMOMOR/ANIMOR2-LORIE_09.mp3 HTTP/1.1" 200 2333046 "http://unrelease.autiste.org/index.php?herenow=unreleases/U01-ANIMOMOR" "Mozilla/5.0 (Windows; U; Windows NT 6.0; fr; rv:1.9.0.8) Gecko/2009032609 Firefox/3.0.8 (.NET CLR 3.5.30729)"
89.2.250.17 - - [13/Apr/2009:11:00:47 +0200] "GET /favicon.ico HTTP/1.1" 404 209 "-" "Mozilla/5.0 (Windows; U; Windows NT 6.0; fr; rv:1.9.0.8) Gecko/2009032609 Firefox/3.0.8 (.NET CLR 3.5.30729)"
81.48.154.75 - - [13/Apr/2009:13:10:30 +0200] "GET / HTTP/1.1" 200 3744 "http://www.tarteflure.com/" "Mozilla/5.0 (Windows; U; Windows NT 5.1; fr; rv:1.9.0.8) Gecko/2009032609 Firefox/3.0.8"
81.48.154.75 - - [13/Apr/2009:13:10:30 +0200] "GET /favicon.ico HTTP/1.1" 404 209 "-" "Mozilla/5.0 (Windows; U; Windows NT 5.1; fr; rv:1.9.0.8) Gecko/2009032609 Firefox/3.0.8"
81.48.154.75 - - [13/Apr/2009:13:10:39 +0200] "GET /index.php?herenow=unreleases/U00-5TFU-top5-2008 HTTP/1.1" 200 2222 "http://unrelease.autiste.org/" "Mozilla/5.0 (Windows; U; Windows NT 5.1; fr; rv:1.9.0.8) Gecko/2009032609 Firefox/3.0.8"
81.48.154.75 - - [13/Apr/2009:13:10:46 +0200] "GET /unreleases/U00-5TFU-top5-2008/staross%20-%20dowland%20-%20flow%20my%20tears.mp3 HTTP/1.1" 200 879252 "http://unrelease.autiste.org/index.php?herenow=unreleases/U00-5TFU-top5-2008" "Mozilla/5.0 (Windows; U; Windows NT 5.1; fr; rv:1.9.0.8) Gecko/2009032609 Firefox/3.0.8"
81.48.154.75 - - [13/Apr/2009:13:11:16 +0200] "GET /index.php?herenow=unreleases/U02-ERRUER-USED_TO_FAIL HTTP/1.1" 200 3367 "http://unrelease.autiste.org/" "Mozilla/5.0 (Windows; U; Windows NT 5.1; fr; rv:1.9.0.8) Gecko/2009032609 Firefox/3.0.8"
81.48.154.75 - - [13/Apr/2009:13:11:18 +0200] "GET /unreleases/U02-ERRUER-USED_TO_FAIL/erreur-la_vie_continue.mp3 HTTP/1.1" 200 6082458 "http://unrelease.autiste.org/index.php?herenow=unreleases/U02-ERRUER-USED_TO_FAIL" "Mozilla/5.0 (Windows; U; Windows NT 5.1; fr; rv:1.9.0.8) Gecko/2009032609 Firefox/3.0.8"
88.187.8.70 - - [13/Apr/2009:14:24:21 +0200] "GET / HTTP/1.1" 200 3749 "http://www.tarteflure.com/" "Mozilla/5.0 (Windows; U; Windows NT 5.1; fr; rv:1.9.0.6) Gecko/2009011913 Firefox/3.0.6"
88.187.8.70 - - [13/Apr/2009:14:24:21 +0200] "GET /favicon.ico HTTP/1.1" 404 209 "-" "Mozilla/5.0 (Windows; U; Windows NT 5.1; fr; rv:1.9.0.6) Gecko/2009011913 Firefox/3.0.6"
88.187.8.70 - - [13/Apr/2009:14:24:24 +0200] "GET /favicon.ico HTTP/1.1" 404 209 "-" "Mozilla/5.0 (Windows; U; Windows NT 5.1; fr; rv:1.9.0.6) Gecko/2009011913 Firefox/3.0.6"
88.187.8.70 - - [13/Apr/2009:14:24:32 +0200] "GET /index.php?herenow=unreleases/U04-IDIOT%20DIRTY%20MAN%20-%20INUTILE%20BEAT%20MUSIC HTTP/1.1" 200 4356 "http://unrelease.autiste.org/" "Mozilla/5.0 (Windows; U; Windows NT 5.1; fr; rv:1.9.0.6) Gecko/2009011913 Firefox/3.0.6"
88.187.8.70 - - [13/Apr/2009:14:24:32 +0200] "GET /unreleases/U04-IDIOT%20DIRTY%20MAN%20-%20INUTILE%20BEAT%20MUSIC/cover.jpg HTTP/1.1" 200 255288 "http://unrelease.autiste.org/index.php?herenow=unreleases/U04-IDIOT%20DIRTY%20MAN%20-%20INUTILE%20BEAT%20MUSIC" "Mozilla/5.0 (Windows; U; Windows NT 5.1; fr; rv:1.9.0.6) Gecko/2009011913 Firefox/3.0.6"
85.27.55.101 - - [13/Apr/2009:16:24:09 +0200] "GET /index.php?herenow=unreleases/x00-gorellaume%20radio HTTP/1.1" 200 4164 "-" "Mozilla/5.0 (Macintosh; U; Intel Mac OS X 10.5; fr; rv:1.9.0.8) Gecko/2009032608 Firefox/3.0.8"
85.27.55.101 - - [13/Apr/2009:16:24:09 +0200] "GET /unreleases/x00-gorellaume%20radio/cover.jpg HTTP/1.1" 200 82668 "http://unrelease.autiste.org/index.php?herenow=unreleases/x00-gorellaume%20radio" "Mozilla/5.0 (Macintosh; U; Intel Mac OS X 10.5; fr; rv:1.9.0.8) Gecko/2009032608 Firefox/3.0.8"
85.27.55.101 - - [13/Apr/2009:16:24:10 +0200] "GET /favicon.ico HTTP/1.1" 404 209 "-" "Mozilla/5.0 (Macintosh; U; Intel Mac OS X 10.5; fr; rv:1.9.0.8) Gecko/2009032608 Firefox/3.0.8"
85.27.55.101 - - [13/Apr/2009:16:24:13 +0200] "GET /favicon.ico HTTP/1.1" 404 209 "-" "Mozilla/5.0 (Macintosh; U; Intel Mac OS X 10.5; fr; rv:1.9.0.8) Gecko/2009032608 Firefox/3.0.8"
85.168.31.184 - - [13/Apr/2009:17:37:13 +0200] "GET /unreleases/U04-IDIOT%20DIRTY%20MAN%20-%20INUTILE%20BEAT%20MUSIC/cover.jpg HTTP/1.1" 200 255288 "http://www.cannibalcaniche.com/forum/viewtopic.php?t=11371" "Mozilla/5.0 (Macintosh; U; Intel Mac OS X 10_5_4; fr-fr) AppleWebKit/525.18 (KHTML, like Gecko) Version/3.1.2 Safari/525.20.1"
66.249.70.149 - - [13/Apr/2009:20:17:38 +0200] "GET /robots.txt HTTP/1.1" 404 208 "-" "Mozilla/5.0 (compatible; Googlebot/2.1; +http://www.google.com/bot.html)"
66.249.70.149 - - [13/Apr/2009:20:17:38 +0200] "GET /index.php?herenow=unreleases/brouillons/avril HTTP/1.1" 200 2095 "-" "Mozilla/5.0 (compatible; Googlebot/2.1; +http://www.google.com/bot.html)"
65.55.105.40 - - [13/Apr/2009:21:19:48 +0200] "GET /robots.txt HTTP/1.1" 404 208 "-" "msnbot/1.1 (+http://search.msn.com/msnbot.htm)"
65.55.105.40 - - [13/Apr/2009:21:19:48 +0200] "GET /index.php?herenow=unreleases/brouillons HTTP/1.1" 200 2623 "-" "msnbot/1.1 (+http://search.msn.com/msnbot.htm)"
91.205.124.3 - - [13/Apr/2009:22:08:36 +0200] "GET /robots.txt HTTP/1.1" 404 208 "-" "Yanga WorldSearch Bot v1.1/beta (http://www.yanga.co.uk/)"
91.205.124.3 - - [13/Apr/2009:22:08:37 +0200] "GET / HTTP/1.1" 200 3748 "-" "Yanga WorldSearch Bot v1.1/beta (http://www.yanga.co.uk/)"
82.226.215.209 - - [14/Apr/2009:00:36:21 +0200] "GET /index.php?herenow=unreleases/U03-MANUCHAOS%20-%20THE%20FLOOD HTTP/1.1" 200 4881 "http://www.myspace.com/osoelroto" "Mozilla/5.0 (Macintosh; U; Intel Mac OS X 10_5_6; fr-fr) AppleWebKit/525.27.1 (KHTML, like Gecko) Version/3.2.1 Safari/525.27.1"
82.226.215.209 - - [14/Apr/2009:00:36:21 +0200] "GET /favicon.ico HTTP/1.1" 404 209 "http://unrelease.autiste.org/index.php?herenow=unreleases/U03-MANUCHAOS%20-%20THE%20FLOOD" "Mozilla/5.0 (Macintosh; U; Intel Mac OS X 10_5_6; fr-fr) AppleWebKit/525.27.1 (KHTML, like Gecko) Version/3.2.1 Safari/525.27.1"
82.226.215.209 - - [14/Apr/2009:00:36:21 +0200] "GET /unreleases/U03-MANUCHAOS%20-%20THE%20FLOOD/cover.jpg HTTP/1.1" 200 737117 "http://unrelease.autiste.org/index.php?herenow=unreleases/U03-MANUCHAOS%20-%20THE%20FLOOD" "Mozilla/5.0 (Macintosh; U; Intel Mac OS X 10_5_6; fr-fr) AppleWebKit/525.27.1 (KHTML, like Gecko) Version/3.2.1 Safari/525.27.1"
208.80.195.27 - - [14/Apr/2009:01:35:03 +0200] "GET / HTTP/1.0" 200 3747 "-" "Mozilla/4.0 (compatible; MSIE 6.0; Windows 98; iebar; acc=vonner; FreeprodTB; (vonner); (none); .NET CLR 1.1.4322)"
66.249.70.149 - - [14/Apr/2009:02:06:25 +0200] "GET /index.php?herenow=./logs HTTP/1.1" 200 2165 "-" "Mozilla/5.0 (compatible; Googlebot/2.1; +http://www.google.com/bot.html)"
66.249.70.149 - - [14/Apr/2009:02:06:39 +0200] "GET /index.php?herenow=./unreleases HTTP/1.1" 200 2737 "-" "Mozilla/5.0 (compatible; Googlebot/2.1; +http://www.google.com/bot.html)"
